-- -------------------------------------------
START TRANSACTION;
SET SQL_QUOTE_SHOW_CREATE = 1;
-- -------------------------------------------
-- -------------------------------------------
-- START BACKUP
-- -------------------------------------------
-- -------------------------------------------
-- TABLE `access_actions`
-- -------------------------------------------
CREATE TABLE IF NOT EXISTS `access_actions` (
  `Action_ID` int(11) NOT NULL AUTO_INCREMENT,
  `Sub_Module_ID` int(11) NOT NULL,
  `Controller_ID` int(11) NOT NULL,
  `Action_Name` varchar(60) NOT NULL,
  `Display_Name` varchar(150) NOT NULL,
  `Order` int(3) NOT NULL,
  `Show_In_Menu` tinyint(1) NOT NULL,
  PRIMARY KEY (`Action_ID`),
  KEY `Sub_Module_ID` (`Sub_Module_ID`),
  KEY `Controller_ID` (`Controller_ID`),
  CONSTRAINT `access_actions_ibfk_1` FOREIGN KEY (`Sub_Module_ID`) REFERENCES `access_sub_modules` (`Sub_Module_ID`) ON UPDATE CASCADE,
  CONSTRAINT `access_actions_ibfk_2` FOREIGN KEY (`Controller_ID`) REFERENCES `access_controllers` (`Controller_ID`) ON UPDATE CASCADE
) ENGINE=InnoDB  DEFAULT CHARSET=latin1;

-- -------------------------------------------
-- TABLE `access_controllers`
-- -------------------------------------------
CREATE TABLE IF NOT EXISTS `access_controllers` (
  `Controller_ID` int(11) NOT NULL AUTO_INCREMENT,
  `Controller_Name` varchar(100) NOT NULL,
  PRIMARY KEY (`Controller_ID`)
) ENGINE=InnoDB  DEFAULT CHARSET=latin1;

-- -------------------------------------------
-- TABLE `access_main_modules`
-- -------------------------------------------
CREATE TABLE IF NOT EXISTS `access_main_modules` (
  `Main_Module_ID` int(11) NOT NULL AUTO_INCREMENT,
  `Main_Module` varchar(100) NOT NULL,
  `Order` int(2) NOT NULL,
  `Icon` varchar(50) NOT NULL,
  PRIMARY KEY (`Main_Module_ID`)
) ENGINE=InnoDB  DEFAULT CHARSET=latin1;

-- -------------------------------------------
-- TABLE `access_permission`
-- -------------------------------------------
CREATE TABLE IF NOT EXISTS `access_permission` (
  `Permission_ID` int(11) NOT NULL AUTO_INCREMENT,
  `Action_ID` int(11) NOT NULL,
  `Role_ID` int(11) NOT NULL,
  `Status` tinyint(1) NOT NULL,
  `Allocated_By` int(11) NOT NULL,
  `Allocated_Date` datetime NOT NULL,
  `Deallocated_By` int(11) DEFAULT NULL,
  `Deallocated_Date` datetime DEFAULT NULL,
  PRIMARY KEY (`Permission_ID`),
  KEY `Action_ID` (`Action_ID`),
  KEY `Role_ID` (`Role_ID`),
  KEY `Status` (`Status`),
  KEY `Allocated_By` (`Allocated_By`),
  KEY `Deallocated_By` (`Deallocated_By`),
  CONSTRAINT `access_permission_ibfk_1` FOREIGN KEY (`Action_ID`) REFERENCES `access_actions` (`Action_ID`) ON UPDATE CASCADE,
  CONSTRAINT `access_permission_ibfk_2` FOREIGN KEY (`Role_ID`) REFERENCES `ma_role` (`Role_ID`) ON UPDATE CASCADE,
  CONSTRAINT `access_permission_ibfk_3` FOREIGN KEY (`Allocated_By`) REFERENCES `tbl_users` (`id`) ON UPDATE CASCADE,
  CONSTRAINT `access_permission_ibfk_4` FOREIGN KEY (`Deallocated_By`) REFERENCES `tbl_users` (`id`) ON UPDATE CASCADE
) ENGINE=InnoDB  DEFAULT CHARSET=latin1;

-- -------------------------------------------
-- TABLE `access_sub_modules`
-- -------------------------------------------
CREATE TABLE IF NOT EXISTS `access_sub_modules` (
  `Sub_Module_ID` int(11) NOT NULL AUTO_INCREMENT,
  `Main_Module_ID` int(11) NOT NULL,
  `Sub_Module` varchar(100) NOT NULL,
  `Order` int(2) NOT NULL,
  `Show_In_Menu` tinyint(1) NOT NULL DEFAULT 1,
  PRIMARY KEY (`Sub_Module_ID`),
  KEY `Main_Module_ID` (`Main_Module_ID`),
  CONSTRAINT `access_sub_modules_ibfk_1` FOREIGN KEY (`Main_Module_ID`) REFERENCES `access_main_modules` (`Main_Module_ID`) ON UPDATE CASCADE
) ENGINE=InnoDB  DEFAULT CHARSET=latin1;

-- -------------------------------------------
-- TABLE `change_log`
-- -------------------------------------------
CREATE TABLE IF NOT EXISTS `change_log` (
  `Change_ID` int(255) NOT NULL AUTO_INCREMENT,
  `Record_Data` text NOT NULL,
  `Table_Name` varchar(50) NOT NULL,
  `Done_By` int(11) NOT NULL,
  `Done_Date` datetime NOT NULL,
  `Class_Name` varchar(100) NOT NULL,
  `Restore` tinyint(4) DEFAULT NULL,
  `Type` tinyint(1) NOT NULL,
  `Changes` text NOT NULL,
  PRIMARY KEY (`Change_ID`)
) ENGINE=InnoDB  DEFAULT CHARSET=latin1;

-- -------------------------------------------
-- TABLE `item_details`
-- -------------------------------------------
CREATE TABLE IF NOT EXISTS `item_details` (
  `Item_ID` int(11) NOT NULL AUTO_INCREMENT,
  `Reference_No` int(10) DEFAULT NULL,
  `System_Ref_No` int(10) NOT NULL,
  `Patient_Name` varchar(500) NOT NULL,
  `Received_Date` date NOT NULL,
  `BHT_No` varchar(15) DEFAULT NULL,
  `Age` int(3) NOT NULL,
  `First_Surgery_Date` date NOT NULL,
  `Sterilized_Status` tinyint(4) DEFAULT 0,
  `Sterilize_Date` date DEFAULT NULL,
  `Hospital_ID` int(11) NOT NULL,
  `Ward` varchar(10) NOT NULL,
  `Guardian_Name` varchar(500) NOT NULL,
  `Guardian_NIC` varchar(15) NOT NULL,
  `Address` text NOT NULL,
  `Received_By` int(11) NOT NULL,
  `Mobile_No` varchar(10) DEFAULT NULL,
  `Land_Phone_No` varchar(10) DEFAULT NULL,
  `Comments` text DEFAULT NULL,
  `Item_Status` int(11) NOT NULL,
  `Ordered_Status` tinyint(1) NOT NULL DEFAULT 0,
  `Ordered_Date` date DEFAULT NULL,
  `Issued_Status` tinyint(1) NOT NULL DEFAULT 0,
  `Issue_Date` date DEFAULT NULL,
  `Issue_Remark` text DEFAULT NULL,
  `Release_Status` tinyint(1) NOT NULL DEFAULT 0,
  `Release_Reason_ID` int(11) DEFAULT NULL,
  `Release_Date` date DEFAULT NULL,
  `Renew_Status` tinyint(1) DEFAULT NULL,
  `Renew_Date` date DEFAULT NULL,
  `Added_By` int(11) NOT NULL,
  `Added_Date` datetime NOT NULL,
  `Edited_By` int(11) DEFAULT NULL,
  `Edited_Date` datetime DEFAULT NULL,
  `Changed_Log` text DEFAULT NULL,
  PRIMARY KEY (`Item_ID`),
  UNIQUE KEY `System_Ref_No` (`System_Ref_No`),
  KEY `Hospital_ID` (`Hospital_ID`),
  KEY `Received_By` (`Received_By`),
  KEY `Issue_Reason` (`Release_Reason_ID`),
  KEY `Item_Status` (`Item_Status`),
  CONSTRAINT `item_details_ibfk_1` FOREIGN KEY (`Hospital_ID`) REFERENCES `ma_hospital` (`Hospital_ID`) ON UPDATE CASCADE,
  CONSTRAINT `item_details_ibfk_2` FOREIGN KEY (`Received_By`) REFERENCES `tbl_users` (`id`) ON UPDATE CASCADE,
  CONSTRAINT `item_details_ibfk_3` FOREIGN KEY (`Release_Reason_ID`) REFERENCES `ma_release_reason` (`Reason_ID`) ON UPDATE CASCADE,
  CONSTRAINT `item_details_ibfk_4` FOREIGN KEY (`Item_Status`) REFERENCES `ma_status` (`Status_ID`) ON UPDATE CASCADE
) ENGINE=InnoDB  DEFAULT CHARSET=latin1;

-- -------------------------------------------
-- TABLE `item_payments`
-- -------------------------------------------
CREATE TABLE IF NOT EXISTS `item_payments` (
  `Item_ID` int(11) NOT NULL,
  `Status_ID` int(2) NOT NULL,
  `Date` date NOT NULL,
  `Amount` decimal(10,2) NOT NULL,
  `Receipt_No` int(10) DEFAULT NULL,
  `Added_By` int(11) NOT NULL,
  `Added_Date` datetime NOT NULL,
  PRIMARY KEY (`Item_ID`,`Status_ID`),
  KEY `Status_ID` (`Status_ID`),
  CONSTRAINT `item_payments_ibfk_1` FOREIGN KEY (`Item_ID`) REFERENCES `item_details` (`Item_ID`) ON DELETE CASCADE ON UPDATE CASCADE,
  CONSTRAINT `item_payments_ibfk_2` FOREIGN KEY (`Status_ID`) REFERENCES `ma_status` (`Status_ID`) ON UPDATE CASCADE
) ENGINE=InnoDB DEFAULT CHARSET=latin1;

-- -------------------------------------------
-- TABLE `ma_hospital`
-- -------------------------------------------
CREATE TABLE IF NOT EXISTS `ma_hospital` (
  `Hospital_ID` int(11) NOT NULL AUTO_INCREMENT,
  `Hospital_Name` varchar(200) NOT NULL,
  `Short_Name` varchar(50) NOT NULL,
  `Added_By` int(11) NOT NULL,
  `Added_Date` datetime NOT NULL,
  `Edited_By` int(11) DEFAULT NULL,
  `Edited_Date` datetime DEFAULT NULL,
  PRIMARY KEY (`Hospital_ID`)
) ENGINE=InnoDB  DEFAULT CHARSET=latin1;

-- -------------------------------------------
-- TABLE `ma_params`
-- -------------------------------------------
CREATE TABLE IF NOT EXISTS `ma_params` (
  `Parameter_ID` int(11) NOT NULL AUTO_INCREMENT,
  `Parameter` varchar(200) NOT NULL,
  `Editable` tinyint(1) NOT NULL DEFAULT 0,
  `Has_Multi` tinyint(1) DEFAULT 0,
  PRIMARY KEY (`Parameter_ID`)
) ENGINE=InnoDB  DEFAULT CHARSET=latin1;

-- -------------------------------------------
-- TABLE `ma_params_details`
-- -------------------------------------------
CREATE TABLE IF NOT EXISTS `ma_params_details` (
  `Param_Details_ID` int(11) NOT NULL AUTO_INCREMENT,
  `Param_ID` int(11) NOT NULL,
  `Value` text CHARACTER SET utf8 COLLATE utf8_unicode_ci NOT NULL,
  PRIMARY KEY (`Param_Details_ID`),
  KEY `Param_ID` (`Param_ID`),
  CONSTRAINT `ma_params_details_ibfk_1` FOREIGN KEY (`Param_ID`) REFERENCES `ma_params` (`Parameter_ID`) ON DELETE CASCADE ON UPDATE CASCADE
) ENGINE=InnoDB  DEFAULT CHARSET=latin1;

-- -------------------------------------------
-- TABLE `ma_release_reason`
-- -------------------------------------------
CREATE TABLE IF NOT EXISTS `ma_release_reason` (
  `Reason_ID` int(11) NOT NULL AUTO_INCREMENT,
  `Release_Reason` varchar(255) NOT NULL,
  `Type` varchar(100) DEFAULT NULL,
  PRIMARY KEY (`Reason_ID`)
) ENGINE=InnoDB  DEFAULT CHARSET=latin1;

-- -------------------------------------------
-- TABLE `ma_role`
-- -------------------------------------------
CREATE TABLE IF NOT EXISTS `ma_role` (
  `Role_ID` int(11) NOT NULL AUTO_INCREMENT,
  `Role` varchar(200) NOT NULL,
  `Added_By` int(11) NOT NULL,
  `Added_Date` datetime NOT NULL,
  `Edited_By` int(11) DEFAULT NULL,
  `Edited_Date` datetime DEFAULT NULL,
  `Change_Log` text DEFAULT NULL,
  PRIMARY KEY (`Role_ID`),
  KEY `Added_By` (`Added_By`),
  KEY `Edited_By` (`Edited_By`),
  CONSTRAINT `ma_role_ibfk_1` FOREIGN KEY (`Added_By`) REFERENCES `tbl_users` (`id`) ON UPDATE CASCADE,
  CONSTRAINT `ma_role_ibfk_2` FOREIGN KEY (`Edited_By`) REFERENCES `tbl_users` (`id`) ON UPDATE CASCADE
) ENGINE=InnoDB  DEFAULT CHARSET=latin1;

-- -------------------------------------------
-- TABLE `ma_status`
-- -------------------------------------------
CREATE TABLE IF NOT EXISTS `ma_status` (
  `Status_ID` int(11) NOT NULL AUTO_INCREMENT,
  `Status` varchar(150) NOT NULL,
  `Has_Payment` tinyint(1) NOT NULL DEFAULT 0,
  `Display_Order` int(2) NOT NULL,
  PRIMARY KEY (`Status_ID`)
) ENGINE=InnoDB  DEFAULT CHARSET=latin1;

-- -------------------------------------------
-- TABLE `tbl_profiles`
-- -------------------------------------------
CREATE TABLE IF NOT EXISTS `tbl_profiles` (
  `user_id` int(11) NOT NULL AUTO_INCREMENT,
  `last_name` varchar(50) NOT NULL DEFAULT '',
  `first_name` varchar(50) NOT NULL DEFAULT '',
  PRIMARY KEY (`user_id`),
  CONSTRAINT `user_profile_id` FOREIGN KEY (`user_id`) REFERENCES `tbl_users` (`id`) ON DELETE CASCADE
) ENGINE=InnoDB  DEFAULT CHARSET=utf8;

-- -------------------------------------------
-- TABLE `tbl_profiles_fields`
-- -------------------------------------------
CREATE TABLE IF NOT EXISTS `tbl_profiles_fields` (
  `id` int(10) NOT NULL AUTO_INCREMENT,
  `varname` varchar(50) NOT NULL,
  `title` varchar(255) NOT NULL,
  `field_type` varchar(50) NOT NULL,
  `field_size` varchar(15) NOT NULL DEFAULT '0',
  `field_size_min` varchar(15) NOT NULL DEFAULT '0',
  `required` int(1) NOT NULL DEFAULT 0,
  `match` varchar(255) NOT NULL DEFAULT '',
  `range` varchar(255) NOT NULL DEFAULT '',
  `error_message` varchar(255) NOT NULL DEFAULT '',
  `other_validator` varchar(5000) NOT NULL DEFAULT '',
  `default` varchar(255) NOT NULL DEFAULT '',
  `widget` varchar(255) NOT NULL DEFAULT '',
  `widgetparams` varchar(5000) NOT NULL DEFAULT '',
  `position` int(3) NOT NULL DEFAULT 0,
  `visible` int(1) NOT NULL DEFAULT 0,
  PRIMARY KEY (`id`),
  KEY `varname` (`varname`,`widget`,`visible`)
) ENGINE=InnoDB  DEFAULT CHARSET=utf8;

-- -------------------------------------------
-- TABLE `tbl_users`
-- -------------------------------------------
CREATE TABLE IF NOT EXISTS `tbl_users` (
  `id` int(11) NOT NULL AUTO_INCREMENT,
  `username` varchar(20) NOT NULL,
  `password` varchar(128) NOT NULL,
  `email` varchar(128) NOT NULL,
  `activkey` varchar(128) NOT NULL DEFAULT '',
  `create_at` datetime NOT NULL,
  `lastvisit_at` timestamp NOT NULL DEFAULT '0000-00-00 00:00:00',
  `superuser` int(1) NOT NULL DEFAULT 0,
  `status` int(1) NOT NULL DEFAULT 0,
  `Role_ID` int(11) NOT NULL,
  PRIMARY KEY (`id`),
  UNIQUE KEY `username` (`username`),
  UNIQUE KEY `email` (`email`),
  KEY `status` (`status`),
  KEY `superuser` (`superuser`),
  KEY `Role_ID` (`Role_ID`)
) ENGINE=InnoDB  DEFAULT CHARSET=utf8;

-- -------------------------------------------
-- TABLE DATA access_actions
-- -------------------------------------------
INSERT INTO `access_actions` (`Action_ID`,`Sub_Module_ID`,`Controller_ID`,`Action_Name`,`Display_Name`,`Order`,`Show_In_Menu`) VALUES
('1','1','1','create','Set Access Permission','1','1');
INSERT INTO `access_actions` (`Action_ID`,`Sub_Module_ID`,`Controller_ID`,`Action_Name`,`Display_Name`,`Order`,`Show_In_Menu`) VALUES
('2','2','2','create','Add New User','1','1');
INSERT INTO `access_actions` (`Action_ID`,`Sub_Module_ID`,`Controller_ID`,`Action_Name`,`Display_Name`,`Order`,`Show_In_Menu`) VALUES
('3','3','3','create','Add New Bone Flap Details','1','1');
INSERT INTO `access_actions` (`Action_ID`,`Sub_Module_ID`,`Controller_ID`,`Action_Name`,`Display_Name`,`Order`,`Show_In_Menu`) VALUES
('4','3','3','admin','Bone Flap Registry','2','1');
INSERT INTO `access_actions` (`Action_ID`,`Sub_Module_ID`,`Controller_ID`,`Action_Name`,`Display_Name`,`Order`,`Show_In_Menu`) VALUES
('5','3','3','adminOrder','Order Bone Flap','3','1');
INSERT INTO `access_actions` (`Action_ID`,`Sub_Module_ID`,`Controller_ID`,`Action_Name`,`Display_Name`,`Order`,`Show_In_Menu`) VALUES
('6','3','3','adminSterilize','Sterilize Bone Flap','4','1');
INSERT INTO `access_actions` (`Action_ID`,`Sub_Module_ID`,`Controller_ID`,`Action_Name`,`Display_Name`,`Order`,`Show_In_Menu`) VALUES
('7','3','3','adminIssue','Issue Bone Flap for Surgery','6','1');
INSERT INTO `access_actions` (`Action_ID`,`Sub_Module_ID`,`Controller_ID`,`Action_Name`,`Display_Name`,`Order`,`Show_In_Menu`) VALUES
('8','3','3','adminRenew','Renew Bone Flap','7','1');
INSERT INTO `access_actions` (`Action_ID`,`Sub_Module_ID`,`Controller_ID`,`Action_Name`,`Display_Name`,`Order`,`Show_In_Menu`) VALUES
('9','3','3','printNotes','Print Notes','17','0');
INSERT INTO `access_actions` (`Action_ID`,`Sub_Module_ID`,`Controller_ID`,`Action_Name`,`Display_Name`,`Order`,`Show_In_Menu`) VALUES
('10','3','3','noteReceiving','Print Receiving Note','18','0');
INSERT INTO `access_actions` (`Action_ID`,`Sub_Module_ID`,`Controller_ID`,`Action_Name`,`Display_Name`,`Order`,`Show_In_Menu`) VALUES
('11','3','3','noteIdentification','Print Identification Label','19','0');
INSERT INTO `access_actions` (`Action_ID`,`Sub_Module_ID`,`Controller_ID`,`Action_Name`,`Display_Name`,`Order`,`Show_In_Menu`) VALUES
('12','3','3','noteRenewal','Print Renewal Note','20','0');
INSERT INTO `access_actions` (`Action_ID`,`Sub_Module_ID`,`Controller_ID`,`Action_Name`,`Display_Name`,`Order`,`Show_In_Menu`) VALUES
('13','2','2','view','View User Details','5','0');
INSERT INTO `access_actions` (`Action_ID`,`Sub_Module_ID`,`Controller_ID`,`Action_Name`,`Display_Name`,`Order`,`Show_In_Menu`) VALUES
('14','3','3','adminRelease','Release/Discard Bone Flap','6','1');
INSERT INTO `access_actions` (`Action_ID`,`Sub_Module_ID`,`Controller_ID`,`Action_Name`,`Display_Name`,`Order`,`Show_In_Menu`) VALUES
('15','4','4','chargesReport','Charges Report','1','1');
INSERT INTO `access_actions` (`Action_ID`,`Sub_Module_ID`,`Controller_ID`,`Action_Name`,`Display_Name`,`Order`,`Show_In_Menu`) VALUES
('16','5','5','admin','Manage Hospital Details','1','1');
INSERT INTO `access_actions` (`Action_ID`,`Sub_Module_ID`,`Controller_ID`,`Action_Name`,`Display_Name`,`Order`,`Show_In_Menu`) VALUES
('17','5','5','create','Add New Hospital Details','2','0');
INSERT INTO `access_actions` (`Action_ID`,`Sub_Module_ID`,`Controller_ID`,`Action_Name`,`Display_Name`,`Order`,`Show_In_Menu`) VALUES
('18','5','5','update','Edit Hospital Details','3','0');
INSERT INTO `access_actions` (`Action_ID`,`Sub_Module_ID`,`Controller_ID`,`Action_Name`,`Display_Name`,`Order`,`Show_In_Menu`) VALUES
('19','5','5','view','View Hospital Details','4','0');
INSERT INTO `access_actions` (`Action_ID`,`Sub_Module_ID`,`Controller_ID`,`Action_Name`,`Display_Name`,`Order`,`Show_In_Menu`) VALUES
('20','5','5','delete','Delete Hospital Details','5','0');
INSERT INTO `access_actions` (`Action_ID`,`Sub_Module_ID`,`Controller_ID`,`Action_Name`,`Display_Name`,`Order`,`Show_In_Menu`) VALUES
('21','3','3','saveBoneFlapSterilizeMultiple','Sterilize Multiple Bone Flap','5','0');
INSERT INTO `access_actions` (`Action_ID`,`Sub_Module_ID`,`Controller_ID`,`Action_Name`,`Display_Name`,`Order`,`Show_In_Menu`) VALUES
('22','3','3','GatePass','Print Gate Pass','21','0');
INSERT INTO `access_actions` (`Action_ID`,`Sub_Module_ID`,`Controller_ID`,`Action_Name`,`Display_Name`,`Order`,`Show_In_Menu`) VALUES
('23','6','6','index','Manage Backups','1','1');
INSERT INTO `access_actions` (`Action_ID`,`Sub_Module_ID`,`Controller_ID`,`Action_Name`,`Display_Name`,`Order`,`Show_In_Menu`) VALUES
('24','6','6','download','Download Backups','2','0');
INSERT INTO `access_actions` (`Action_ID`,`Sub_Module_ID`,`Controller_ID`,`Action_Name`,`Display_Name`,`Order`,`Show_In_Menu`) VALUES
('25','6','6','create','Create Backups','3','0');
INSERT INTO `access_actions` (`Action_ID`,`Sub_Module_ID`,`Controller_ID`,`Action_Name`,`Display_Name`,`Order`,`Show_In_Menu`) VALUES
('26','6','6','delete','Delete Backups','4','0');



-- -------------------------------------------
-- TABLE DATA access_controllers
-- -------------------------------------------
INSERT INTO `access_controllers` (`Controller_ID`,`Controller_Name`) VALUES
('1','access/AccessPermission');
INSERT INTO `access_controllers` (`Controller_ID`,`Controller_Name`) VALUES
('2','user/admin');
INSERT INTO `access_controllers` (`Controller_ID`,`Controller_Name`) VALUES
('3','ItemDetails');
INSERT INTO `access_controllers` (`Controller_ID`,`Controller_Name`) VALUES
('4','Report');
INSERT INTO `access_controllers` (`Controller_ID`,`Controller_Name`) VALUES
('5','MaHospital');
INSERT INTO `access_controllers` (`Controller_ID`,`Controller_Name`) VALUES
('6','backup/default');



-- -------------------------------------------
-- TABLE DATA access_main_modules
-- -------------------------------------------
INSERT INTO `access_main_modules` (`Main_Module_ID`,`Main_Module`,`Order`,`Icon`) VALUES
('1','Configuration','2','fa-gears');
INSERT INTO `access_main_modules` (`Main_Module_ID`,`Main_Module`,`Order`,`Icon`) VALUES
('2','Bone Flap Details','1','fa-edit');
INSERT INTO `access_main_modules` (`Main_Module_ID`,`Main_Module`,`Order`,`Icon`) VALUES
('3','Report','3','fa-file');



-- -------------------------------------------
-- TABLE DATA access_permission
-- -------------------------------------------
INSERT INTO `access_permission` (`Permission_ID`,`Action_ID`,`Role_ID`,`Status`,`Allocated_By`,`Allocated_Date`,`Deallocated_By`,`Deallocated_Date`) VALUES
('1','1','1','1','1','2019-02-17 11:22:29','1','2019-03-11 03:01:18');
INSERT INTO `access_permission` (`Permission_ID`,`Action_ID`,`Role_ID`,`Status`,`Allocated_By`,`Allocated_Date`,`Deallocated_By`,`Deallocated_Date`) VALUES
('2','2','1','1','1','2019-02-17 18:28:36','1','2019-03-11 03:02:49');
INSERT INTO `access_permission` (`Permission_ID`,`Action_ID`,`Role_ID`,`Status`,`Allocated_By`,`Allocated_Date`,`Deallocated_By`,`Deallocated_Date`) VALUES
('3','3','1','1','1','2019-02-24 10:37:24','','');
INSERT INTO `access_permission` (`Permission_ID`,`Action_ID`,`Role_ID`,`Status`,`Allocated_By`,`Allocated_Date`,`Deallocated_By`,`Deallocated_Date`) VALUES
('4','4','1','1','1','2019-02-24 10:37:24','','');
INSERT INTO `access_permission` (`Permission_ID`,`Action_ID`,`Role_ID`,`Status`,`Allocated_By`,`Allocated_Date`,`Deallocated_By`,`Deallocated_Date`) VALUES
('5','5','1','1','1','2019-02-24 11:23:44','','');
INSERT INTO `access_permission` (`Permission_ID`,`Action_ID`,`Role_ID`,`Status`,`Allocated_By`,`Allocated_Date`,`Deallocated_By`,`Deallocated_Date`) VALUES
('6','6','1','1','1','2019-02-26 01:19:37','','');
INSERT INTO `access_permission` (`Permission_ID`,`Action_ID`,`Role_ID`,`Status`,`Allocated_By`,`Allocated_Date`,`Deallocated_By`,`Deallocated_Date`) VALUES
('7','7','1','1','1','2019-03-02 17:30:58','','');
INSERT INTO `access_permission` (`Permission_ID`,`Action_ID`,`Role_ID`,`Status`,`Allocated_By`,`Allocated_Date`,`Deallocated_By`,`Deallocated_Date`) VALUES
('8','8','1','1','1','2019-03-03 01:55:01','','');
INSERT INTO `access_permission` (`Permission_ID`,`Action_ID`,`Role_ID`,`Status`,`Allocated_By`,`Allocated_Date`,`Deallocated_By`,`Deallocated_Date`) VALUES
('9','9','1','1','1','2019-03-03 13:06:55','','');
INSERT INTO `access_permission` (`Permission_ID`,`Action_ID`,`Role_ID`,`Status`,`Allocated_By`,`Allocated_Date`,`Deallocated_By`,`Deallocated_Date`) VALUES
('10','10','1','1','1','2019-03-03 13:33:32','','');
INSERT INTO `access_permission` (`Permission_ID`,`Action_ID`,`Role_ID`,`Status`,`Allocated_By`,`Allocated_Date`,`Deallocated_By`,`Deallocated_Date`) VALUES
('11','11','1','1','1','2019-03-03 17:49:54','','');
INSERT INTO `access_permission` (`Permission_ID`,`Action_ID`,`Role_ID`,`Status`,`Allocated_By`,`Allocated_Date`,`Deallocated_By`,`Deallocated_Date`) VALUES
('12','12','1','1','1','2019-03-07 12:03:47','','');
INSERT INTO `access_permission` (`Permission_ID`,`Action_ID`,`Role_ID`,`Status`,`Allocated_By`,`Allocated_Date`,`Deallocated_By`,`Deallocated_Date`) VALUES
('13','13','1','1','1','2019-03-07 18:16:08','','');
INSERT INTO `access_permission` (`Permission_ID`,`Action_ID`,`Role_ID`,`Status`,`Allocated_By`,`Allocated_Date`,`Deallocated_By`,`Deallocated_Date`) VALUES
('14','14','1','1','1','2019-03-10 22:04:34','','');
INSERT INTO `access_permission` (`Permission_ID`,`Action_ID`,`Role_ID`,`Status`,`Allocated_By`,`Allocated_Date`,`Deallocated_By`,`Deallocated_Date`) VALUES
('15','15','1','1','1','2019-03-11 02:06:44','','');
INSERT INTO `access_permission` (`Permission_ID`,`Action_ID`,`Role_ID`,`Status`,`Allocated_By`,`Allocated_Date`,`Deallocated_By`,`Deallocated_Date`) VALUES
('16','16','1','1','1','2019-03-25 09:03:30','','');
INSERT INTO `access_permission` (`Permission_ID`,`Action_ID`,`Role_ID`,`Status`,`Allocated_By`,`Allocated_Date`,`Deallocated_By`,`Deallocated_Date`) VALUES
('17','17','1','1','1','2019-03-25 09:03:30','','');
INSERT INTO `access_permission` (`Permission_ID`,`Action_ID`,`Role_ID`,`Status`,`Allocated_By`,`Allocated_Date`,`Deallocated_By`,`Deallocated_Date`) VALUES
('18','18','1','1','1','2019-03-25 09:03:30','','');
INSERT INTO `access_permission` (`Permission_ID`,`Action_ID`,`Role_ID`,`Status`,`Allocated_By`,`Allocated_Date`,`Deallocated_By`,`Deallocated_Date`) VALUES
('19','16','2','1','1','2019-03-25 01:46:07','','');
INSERT INTO `access_permission` (`Permission_ID`,`Action_ID`,`Role_ID`,`Status`,`Allocated_By`,`Allocated_Date`,`Deallocated_By`,`Deallocated_Date`) VALUES
('20','17','2','1','1','2019-03-25 01:46:07','','');
INSERT INTO `access_permission` (`Permission_ID`,`Action_ID`,`Role_ID`,`Status`,`Allocated_By`,`Allocated_Date`,`Deallocated_By`,`Deallocated_Date`) VALUES
('21','18','2','1','1','2019-03-25 01:46:07','','');
INSERT INTO `access_permission` (`Permission_ID`,`Action_ID`,`Role_ID`,`Status`,`Allocated_By`,`Allocated_Date`,`Deallocated_By`,`Deallocated_Date`) VALUES
('22','19','2','1','1','2019-03-25 01:46:07','','');
INSERT INTO `access_permission` (`Permission_ID`,`Action_ID`,`Role_ID`,`Status`,`Allocated_By`,`Allocated_Date`,`Deallocated_By`,`Deallocated_Date`) VALUES
('23','20','2','1','1','2019-03-25 01:46:07','','');
INSERT INTO `access_permission` (`Permission_ID`,`Action_ID`,`Role_ID`,`Status`,`Allocated_By`,`Allocated_Date`,`Deallocated_By`,`Deallocated_Date`) VALUES
('24','3','2','1','1','2019-03-25 01:46:26','','');
INSERT INTO `access_permission` (`Permission_ID`,`Action_ID`,`Role_ID`,`Status`,`Allocated_By`,`Allocated_Date`,`Deallocated_By`,`Deallocated_Date`) VALUES
('25','4','2','1','1','2019-03-25 01:46:26','','');
INSERT INTO `access_permission` (`Permission_ID`,`Action_ID`,`Role_ID`,`Status`,`Allocated_By`,`Allocated_Date`,`Deallocated_By`,`Deallocated_Date`) VALUES
('26','5','2','1','1','2019-03-25 01:46:26','','');
INSERT INTO `access_permission` (`Permission_ID`,`Action_ID`,`Role_ID`,`Status`,`Allocated_By`,`Allocated_Date`,`Deallocated_By`,`Deallocated_Date`) VALUES
('27','6','2','1','1','2019-03-25 01:46:26','','');
INSERT INTO `access_permission` (`Permission_ID`,`Action_ID`,`Role_ID`,`Status`,`Allocated_By`,`Allocated_Date`,`Deallocated_By`,`Deallocated_Date`) VALUES
('28','7','2','1','1','2019-03-25 01:46:26','','');
INSERT INTO `access_permission` (`Permission_ID`,`Action_ID`,`Role_ID`,`Status`,`Allocated_By`,`Allocated_Date`,`Deallocated_By`,`Deallocated_Date`) VALUES
('29','14','2','1','1','2019-03-25 01:46:26','','');
INSERT INTO `access_permission` (`Permission_ID`,`Action_ID`,`Role_ID`,`Status`,`Allocated_By`,`Allocated_Date`,`Deallocated_By`,`Deallocated_Date`) VALUES
('30','8','2','1','1','2019-03-25 01:46:26','','');
INSERT INTO `access_permission` (`Permission_ID`,`Action_ID`,`Role_ID`,`Status`,`Allocated_By`,`Allocated_Date`,`Deallocated_By`,`Deallocated_Date`) VALUES
('31','9','2','1','1','2019-03-25 01:46:26','','');
INSERT INTO `access_permission` (`Permission_ID`,`Action_ID`,`Role_ID`,`Status`,`Allocated_By`,`Allocated_Date`,`Deallocated_By`,`Deallocated_Date`) VALUES
('32','10','2','1','1','2019-03-25 01:46:26','','');
INSERT INTO `access_permission` (`Permission_ID`,`Action_ID`,`Role_ID`,`Status`,`Allocated_By`,`Allocated_Date`,`Deallocated_By`,`Deallocated_Date`) VALUES
('33','11','2','1','1','2019-03-25 01:46:26','','');
INSERT INTO `access_permission` (`Permission_ID`,`Action_ID`,`Role_ID`,`Status`,`Allocated_By`,`Allocated_Date`,`Deallocated_By`,`Deallocated_Date`) VALUES
('34','12','2','1','1','2019-03-25 01:46:26','','');
INSERT INTO `access_permission` (`Permission_ID`,`Action_ID`,`Role_ID`,`Status`,`Allocated_By`,`Allocated_Date`,`Deallocated_By`,`Deallocated_Date`) VALUES
('35','15','2','1','1','2019-03-25 01:46:36','','');
INSERT INTO `access_permission` (`Permission_ID`,`Action_ID`,`Role_ID`,`Status`,`Allocated_By`,`Allocated_Date`,`Deallocated_By`,`Deallocated_Date`) VALUES
('36','3','3','1','1','2019-03-25 01:46:54','','');
INSERT INTO `access_permission` (`Permission_ID`,`Action_ID`,`Role_ID`,`Status`,`Allocated_By`,`Allocated_Date`,`Deallocated_By`,`Deallocated_Date`) VALUES
('37','4','3','1','1','2019-03-25 01:46:54','','');
INSERT INTO `access_permission` (`Permission_ID`,`Action_ID`,`Role_ID`,`Status`,`Allocated_By`,`Allocated_Date`,`Deallocated_By`,`Deallocated_Date`) VALUES
('38','5','3','1','1','2019-03-25 01:46:54','','');
INSERT INTO `access_permission` (`Permission_ID`,`Action_ID`,`Role_ID`,`Status`,`Allocated_By`,`Allocated_Date`,`Deallocated_By`,`Deallocated_Date`) VALUES
('39','6','3','1','1','2019-03-25 01:46:54','','');
INSERT INTO `access_permission` (`Permission_ID`,`Action_ID`,`Role_ID`,`Status`,`Allocated_By`,`Allocated_Date`,`Deallocated_By`,`Deallocated_Date`) VALUES
('40','7','3','1','1','2019-03-25 01:46:54','','');
INSERT INTO `access_permission` (`Permission_ID`,`Action_ID`,`Role_ID`,`Status`,`Allocated_By`,`Allocated_Date`,`Deallocated_By`,`Deallocated_Date`) VALUES
('41','14','3','1','1','2019-03-25 01:46:54','','');
INSERT INTO `access_permission` (`Permission_ID`,`Action_ID`,`Role_ID`,`Status`,`Allocated_By`,`Allocated_Date`,`Deallocated_By`,`Deallocated_Date`) VALUES
('42','8','3','1','1','2019-03-25 01:46:54','','');
INSERT INTO `access_permission` (`Permission_ID`,`Action_ID`,`Role_ID`,`Status`,`Allocated_By`,`Allocated_Date`,`Deallocated_By`,`Deallocated_Date`) VALUES
('43','9','3','1','1','2019-03-25 01:46:54','','');
INSERT INTO `access_permission` (`Permission_ID`,`Action_ID`,`Role_ID`,`Status`,`Allocated_By`,`Allocated_Date`,`Deallocated_By`,`Deallocated_Date`) VALUES
('44','10','3','1','1','2019-03-25 01:46:54','','');
INSERT INTO `access_permission` (`Permission_ID`,`Action_ID`,`Role_ID`,`Status`,`Allocated_By`,`Allocated_Date`,`Deallocated_By`,`Deallocated_Date`) VALUES
('45','11','3','1','1','2019-03-25 01:46:54','','');
INSERT INTO `access_permission` (`Permission_ID`,`Action_ID`,`Role_ID`,`Status`,`Allocated_By`,`Allocated_Date`,`Deallocated_By`,`Deallocated_Date`) VALUES
('46','12','3','1','1','2019-03-25 01:46:54','','');
INSERT INTO `access_permission` (`Permission_ID`,`Action_ID`,`Role_ID`,`Status`,`Allocated_By`,`Allocated_Date`,`Deallocated_By`,`Deallocated_Date`) VALUES
('47','21','2','1','1','2019-04-01 02:36:28','','');
INSERT INTO `access_permission` (`Permission_ID`,`Action_ID`,`Role_ID`,`Status`,`Allocated_By`,`Allocated_Date`,`Deallocated_By`,`Deallocated_Date`) VALUES
('48','21','1','1','1','2019-04-09 10:35:00','','');
INSERT INTO `access_permission` (`Permission_ID`,`Action_ID`,`Role_ID`,`Status`,`Allocated_By`,`Allocated_Date`,`Deallocated_By`,`Deallocated_Date`) VALUES
('49','22','1','1','1','2019-04-09 10:35:00','','');
INSERT INTO `access_permission` (`Permission_ID`,`Action_ID`,`Role_ID`,`Status`,`Allocated_By`,`Allocated_Date`,`Deallocated_By`,`Deallocated_Date`) VALUES
('50','22','2','1','1','2019-04-09 10:35:09','','');
INSERT INTO `access_permission` (`Permission_ID`,`Action_ID`,`Role_ID`,`Status`,`Allocated_By`,`Allocated_Date`,`Deallocated_By`,`Deallocated_Date`) VALUES
('51','21','3','1','1','2019-04-09 10:35:22','','');
INSERT INTO `access_permission` (`Permission_ID`,`Action_ID`,`Role_ID`,`Status`,`Allocated_By`,`Allocated_Date`,`Deallocated_By`,`Deallocated_Date`) VALUES
('52','22','3','1','1','2019-04-09 10:35:22','','');
INSERT INTO `access_permission` (`Permission_ID`,`Action_ID`,`Role_ID`,`Status`,`Allocated_By`,`Allocated_Date`,`Deallocated_By`,`Deallocated_Date`) VALUES
('53','23','1','1','1','2019-04-21 20:24:53','','');
INSERT INTO `access_permission` (`Permission_ID`,`Action_ID`,`Role_ID`,`Status`,`Allocated_By`,`Allocated_Date`,`Deallocated_By`,`Deallocated_Date`) VALUES
('54','24','1','1','1','2019-04-21 20:24:53','','');
INSERT INTO `access_permission` (`Permission_ID`,`Action_ID`,`Role_ID`,`Status`,`Allocated_By`,`Allocated_Date`,`Deallocated_By`,`Deallocated_Date`) VALUES
('55','25','1','1','1','2019-04-21 20:24:53','','');
INSERT INTO `access_permission` (`Permission_ID`,`Action_ID`,`Role_ID`,`Status`,`Allocated_By`,`Allocated_Date`,`Deallocated_By`,`Deallocated_Date`) VALUES
('56','26','1','1','1','2019-04-21 20:24:53','','');
INSERT INTO `access_permission` (`Permission_ID`,`Action_ID`,`Role_ID`,`Status`,`Allocated_By`,`Allocated_Date`,`Deallocated_By`,`Deallocated_Date`) VALUES
('57','23','2','1','1','2019-04-21 20:25:11','','');
INSERT INTO `access_permission` (`Permission_ID`,`Action_ID`,`Role_ID`,`Status`,`Allocated_By`,`Allocated_Date`,`Deallocated_By`,`Deallocated_Date`) VALUES
('58','24','2','1','1','2019-04-21 20:25:11','','');
INSERT INTO `access_permission` (`Permission_ID`,`Action_ID`,`Role_ID`,`Status`,`Allocated_By`,`Allocated_Date`,`Deallocated_By`,`Deallocated_Date`) VALUES
('59','25','2','1','1','2019-04-21 20:25:11','','');
INSERT INTO `access_permission` (`Permission_ID`,`Action_ID`,`Role_ID`,`Status`,`Allocated_By`,`Allocated_Date`,`Deallocated_By`,`Deallocated_Date`) VALUES
('60','26','2','1','1','2019-04-21 20:25:11','','');



-- -------------------------------------------
-- TABLE DATA access_sub_modules
-- -------------------------------------------
INSERT INTO `access_sub_modules` (`Sub_Module_ID`,`Main_Module_ID`,`Sub_Module`,`Order`,`Show_In_Menu`) VALUES
('1','1','Access Permission','1','0');
INSERT INTO `access_sub_modules` (`Sub_Module_ID`,`Main_Module_ID`,`Sub_Module`,`Order`,`Show_In_Menu`) VALUES
('2','1','User Management','2','1');
INSERT INTO `access_sub_modules` (`Sub_Module_ID`,`Main_Module_ID`,`Sub_Module`,`Order`,`Show_In_Menu`) VALUES
('3','2','Bone Flap Details','1','0');
INSERT INTO `access_sub_modules` (`Sub_Module_ID`,`Main_Module_ID`,`Sub_Module`,`Order`,`Show_In_Menu`) VALUES
('4','3','Report','6','0');
INSERT INTO `access_sub_modules` (`Sub_Module_ID`,`Main_Module_ID`,`Sub_Module`,`Order`,`Show_In_Menu`) VALUES
('5','1','Master Details','5','1');
INSERT INTO `access_sub_modules` (`Sub_Module_ID`,`Main_Module_ID`,`Sub_Module`,`Order`,`Show_In_Menu`) VALUES
('6','1','Backup','4','1');



-- -------------------------------------------
-- TABLE DATA change_log
-- -------------------------------------------
INSERT INTO `change_log` (`Change_ID`,`Record_Data`,`Table_Name`,`Done_By`,`Done_Date`,`Class_Name`,`Restore`,`Type`,`Changes`) VALUES
('1','{\"id\":\"1\",\"username\":\"admin\",\"email\":\"webmaster1@example.co\",\"create_at\":\"2019-02-16 12:25:25\",\"lastvisit_at\":\"2019-03-25 10:55:26\",\"superuser\":\"1\",\"status\":\"1\",\"Role_ID\":\"1\",\"password\":\"0192023a7bbd73250516f069df18b500\",\"activkey\":\"c15b2fca6de77e6032c9fb34d53db2d1\"}','tbl_users','1','2019-03-25 01:25:26','User','','2','Last visit changed to 2019-03-24 11:59:32 => 2019-03-25 10:55:26 <br/>');
INSERT INTO `change_log` (`Change_ID`,`Record_Data`,`Table_Name`,`Done_By`,`Done_Date`,`Class_Name`,`Restore`,`Type`,`Changes`) VALUES
('2','{\"id\":\"2\",\"username\":\"admin\",\"email\":\"demo@example.com\",\"create_at\":\"2019-02-16 12:25:25\",\"lastvisit_at\":\"2019-03-25 11:17:23\",\"superuser\":\"0\",\"status\":\"1\",\"Role_ID\":\"1\",\"password\":\"0192023a7bbd73250516f069df18b500\",\"activkey\":\"099f825543f7850cc038b90aaff39fac\"}','tbl_users','2','2019-03-25 01:47:23','User','','2','Last visit changed to 0000-00-00 00:00:00 => 2019-03-25 11:17:23 <br/>');
INSERT INTO `change_log` (`Change_ID`,`Record_Data`,`Table_Name`,`Done_By`,`Done_Date`,`Class_Name`,`Restore`,`Type`,`Changes`) VALUES
('3','{\"id\":\"1\",\"username\":\"superAdmin\",\"email\":\"webmaster@example.co\",\"create_at\":\"2019-02-16 12:25:25\",\"lastvisit_at\":\"2019-03-25 11:21:53\",\"superuser\":\"1\",\"status\":\"1\",\"Role_ID\":\"1\",\"password\":\"0192023a7bbd73250516f069df18b500\",\"activkey\":\"c15b2fca6de77e6032c9fb34d53db2d1\"}','tbl_users','1','2019-03-25 01:51:53','User','','2','Last visit changed to 2019-03-25 10:55:26 => 2019-03-25 11:21:53 <br/>');
INSERT INTO `change_log` (`Change_ID`,`Record_Data`,`Table_Name`,`Done_By`,`Done_Date`,`Class_Name`,`Restore`,`Type`,`Changes`) VALUES
('4','{\"id\":\"2\",\"username\":\"admin\",\"email\":\"demo@example.com\",\"create_at\":\"2019-02-16 12:25:25\",\"lastvisit_at\":\"2019-03-25 11:17:23\",\"superuser\":\"0\",\"status\":\"1\",\"Role_ID\":\"2\",\"password\":\"0192023a7bbd73250516f069df18b500\",\"activkey\":\"099f825543f7850cc038b90aaff39fac\"}','tbl_users','1','2019-03-25 01:52:26','User','','2','Role changed to 1 => 2 <br/>');
INSERT INTO `change_log` (`Change_ID`,`Record_Data`,`Table_Name`,`Done_By`,`Done_Date`,`Class_Name`,`Restore`,`Type`,`Changes`) VALUES
('5','{\"id\":\"3\",\"username\":\"lahiru\",\"email\":\"elilfer@yahoo.com\",\"create_at\":\"2019-03-07 07:44:46\",\"lastvisit_at\":\"0000-00-00 00:00:00\",\"superuser\":\"0\",\"status\":\"0\",\"Role_ID\":\"3\",\"password\":\"2619ebb53f52d3a7b93bab08a93d1228\",\"activkey\":\"c0ebf25a5a6e200f94111ea694a4478b\"}','tbl_users','1','2019-03-25 01:52:57','User','','2','Role changed to 1 => 3 <br/>');
INSERT INTO `change_log` (`Change_ID`,`Record_Data`,`Table_Name`,`Done_By`,`Done_Date`,`Class_Name`,`Restore`,`Type`,`Changes`) VALUES
('6','{\"id\":\"4\",\"username\":\"sampath\",\"email\":\"sampath@gmail.com\",\"create_at\":\"2019-03-10 17:30:48\",\"lastvisit_at\":\"2019-03-10 23:58:51\",\"superuser\":\"0\",\"status\":\"1\",\"Role_ID\":\"3\",\"password\":\"c19a9475b9074c31d6e071a9f4222fe6\",\"activkey\":\"fc58a31c8c32271741825a36577d74d7\"}','tbl_users','1','2019-03-25 01:53:20','User','','2','Role changed to 1 => 3 <br/>');
INSERT INTO `change_log` (`Change_ID`,`Record_Data`,`Table_Name`,`Done_By`,`Done_Date`,`Class_Name`,`Restore`,`Type`,`Changes`) VALUES
('7','{\"id\":\"2\",\"username\":\"admin\",\"email\":\"demo@example.com\",\"create_at\":\"2019-02-16 12:25:25\",\"lastvisit_at\":\"2019-03-25 11:17:23\",\"superuser\":\"0\",\"status\":\"1\",\"Role_ID\":\"2\",\"password\":\"be137a85775380a9ab05ae0d00cca90e\",\"activkey\":\"67392ce422aadb3847eb6fd00febadc1\"}','tbl_users','2','2019-03-25 01:54:49','User','','2','Password changed to 0192023a7bbd73250516f069df18b500 => be137a85775380a9ab05ae0d00cca90e <br/>activation key changed to 099f825543f7850cc038b90aaff39fac => 67392ce422aadb3847eb6fd00febadc1 <br/>');
INSERT INTO `change_log` (`Change_ID`,`Record_Data`,`Table_Name`,`Done_By`,`Done_Date`,`Class_Name`,`Restore`,`Type`,`Changes`) VALUES
('8','{\"id\":\"2\",\"username\":\"admin\",\"email\":\"demo@example.com\",\"create_at\":\"2019-02-16 12:25:25\",\"lastvisit_at\":\"2019-03-25 11:25:10\",\"superuser\":\"0\",\"status\":\"1\",\"Role_ID\":\"2\",\"password\":\"be137a85775380a9ab05ae0d00cca90e\",\"activkey\":\"67392ce422aadb3847eb6fd00febadc1\"}','tbl_users','2','2019-03-25 01:55:10','User','','2','Last visit changed to 2019-03-25 11:17:23 => 2019-03-25 11:25:10 <br/>');
INSERT INTO `change_log` (`Change_ID`,`Record_Data`,`Table_Name`,`Done_By`,`Done_Date`,`Class_Name`,`Restore`,`Type`,`Changes`) VALUES
('9','{\"id\":\"2\",\"username\":\"admin\",\"email\":\"demo@example.com\",\"create_at\":\"2019-02-16 12:25:25\",\"lastvisit_at\":\"2019-03-25 13:32:35\",\"superuser\":\"0\",\"status\":\"1\",\"Role_ID\":\"2\",\"password\":\"be137a85775380a9ab05ae0d00cca90e\",\"activkey\":\"67392ce422aadb3847eb6fd00febadc1\"}','tbl_users','2','2019-03-25 04:02:35','User','','2','Last visit changed to 2019-03-25 11:25:10 => 2019-03-25 13:32:35 <br/>');
INSERT INTO `change_log` (`Change_ID`,`Record_Data`,`Table_Name`,`Done_By`,`Done_Date`,`Class_Name`,`Restore`,`Type`,`Changes`) VALUES
('10','{\"id\":\"2\",\"username\":\"admin\",\"email\":\"demo@example.com\",\"create_at\":\"2019-02-16 12:25:25\",\"lastvisit_at\":\"2019-03-25 15:28:21\",\"superuser\":\"0\",\"status\":\"1\",\"Role_ID\":\"2\",\"password\":\"be137a85775380a9ab05ae0d00cca90e\",\"activkey\":\"67392ce422aadb3847eb6fd00febadc1\"}','tbl_users','2','2019-03-25 05:58:21','User','','2','Last visit changed to 2019-03-25 13:32:35 => 2019-03-25 15:28:21 <br/>');
INSERT INTO `change_log` (`Change_ID`,`Record_Data`,`Table_Name`,`Done_By`,`Done_Date`,`Class_Name`,`Restore`,`Type`,`Changes`) VALUES
('11','{\"id\":\"2\",\"username\":\"admin\",\"email\":\"demo@example.com\",\"create_at\":\"2019-02-16 12:25:25\",\"lastvisit_at\":\"2019-03-25 15:35:06\",\"superuser\":\"0\",\"status\":\"1\",\"Role_ID\":\"2\",\"password\":\"be137a85775380a9ab05ae0d00cca90e\",\"activkey\":\"67392ce422aadb3847eb6fd00febadc1\"}','tbl_users','2','2019-03-25 06:05:06','User','','2','Last visit changed to 2019-03-25 15:28:21 => 2019-03-25 15:35:06 <br/>');
INSERT INTO `change_log` (`Change_ID`,`Record_Data`,`Table_Name`,`Done_By`,`Done_Date`,`Class_Name`,`Restore`,`Type`,`Changes`) VALUES
('12','{\"Hospital_ID\":\"4\",\"Hospital_Name\":\"Sri Jayawardanapura General Hospital\",\"Short_Name\":\"Jayawardanapura \",\"Added_By\":\"2\",\"Added_Date\":\"2019-03-25 06:08:58\",\"Edited_By\":\"2\",\"Edited_Date\":\"2019-03-25 06:09:21\"}','ma_hospital','2','2019-03-25 06:09:21','MaHospital','','2','Edited By changed to  => 2 <br/>Edited Date changed to  => 2019-03-25 06:09:21 <br/>');
INSERT INTO `change_log` (`Change_ID`,`Record_Data`,`Table_Name`,`Done_By`,`Done_Date`,`Class_Name`,`Restore`,`Type`,`Changes`) VALUES
('13','{\"id\":\"2\",\"username\":\"admin\",\"email\":\"demo@example.com\",\"create_at\":\"2019-02-16 12:25:25\",\"lastvisit_at\":\"2019-03-25 16:06:58\",\"superuser\":\"0\",\"status\":\"1\",\"Role_ID\":\"2\",\"password\":\"be137a85775380a9ab05ae0d00cca90e\",\"activkey\":\"67392ce422aadb3847eb6fd00febadc1\"}','tbl_users','2','2019-03-25 06:36:58','User','','2','Last visit changed to 2019-03-25 15:35:06 => 2019-03-25 16:06:58 <br/>');
INSERT INTO `change_log` (`Change_ID`,`Record_Data`,`Table_Name`,`Done_By`,`Done_Date`,`Class_Name`,`Restore`,`Type`,`Changes`) VALUES
('14','{\"id\":\"2\",\"username\":\"admin\",\"email\":\"demo@example.com\",\"create_at\":\"2019-02-16 12:25:25\",\"lastvisit_at\":\"2019-03-25 16:08:34\",\"superuser\":\"0\",\"status\":\"1\",\"Role_ID\":\"2\",\"password\":\"be137a85775380a9ab05ae0d00cca90e\",\"activkey\":\"67392ce422aadb3847eb6fd00febadc1\"}','tbl_users','2','2019-03-25 06:38:34','User','','2','Last visit changed to 2019-03-25 16:06:58 => 2019-03-25 16:08:34 <br/>');
INSERT INTO `change_log` (`Change_ID`,`Record_Data`,`Table_Name`,`Done_By`,`Done_Date`,`Class_Name`,`Restore`,`Type`,`Changes`) VALUES
('15','{\"id\":\"2\",\"username\":\"admin\",\"email\":\"demo@example.com\",\"create_at\":\"2019-02-16 12:25:25\",\"lastvisit_at\":\"2019-03-26 08:54:54\",\"superuser\":\"0\",\"status\":\"1\",\"Role_ID\":\"2\",\"password\":\"be137a85775380a9ab05ae0d00cca90e\",\"activkey\":\"67392ce422aadb3847eb6fd00febadc1\"}','tbl_users','2','2019-03-25 23:24:54','User','','2','Last visit changed to 2019-03-25 16:08:34 => 2019-03-26 08:54:54 <br/>');
INSERT INTO `change_log` (`Change_ID`,`Record_Data`,`Table_Name`,`Done_By`,`Done_Date`,`Class_Name`,`Restore`,`Type`,`Changes`) VALUES
('16','{\"Hospital_ID\":\"1\",\"Hospital_Name\":\"National Hospital of Sri Lanka\",\"Short_Name\":\"NHSL Colombo\",\"Added_By\":\"1\",\"Added_Date\":\"2019-02-27 13:33:00\",\"Edited_By\":\"2\",\"Edited_Date\":\"2019-03-25 23:47:10\"}','ma_hospital','2','2019-03-25 23:47:10','MaHospital','','2','Short Name changed to NHSL => NHSL Colombo <br/>Edited By changed to  => 2 <br/>Edited Date changed to  => 2019-03-25 23:47:10 <br/>');
INSERT INTO `change_log` (`Change_ID`,`Record_Data`,`Table_Name`,`Done_By`,`Done_Date`,`Class_Name`,`Restore`,`Type`,`Changes`) VALUES
('17','{\"Item_ID\":\"1\",\"Reference_No\":\"1701\",\"System_Ref_No\":\"1701\",\"Patient_Name\":\"Mr. Kawinda Wijesinghe\",\"Received_Date\":\"2019-03-25\",\"BHT_No\":\"S\\/027904\\/18\",\"Age\":\"27\",\"First_Surgery_Date\":\"2018-10-31\",\"Sterilized_Status\":\"0\",\"Sterilize_Date\":null,\"Hospital_ID\":\"1\",\"Ward\":\"NTC\\/ETU\",\"Guardian_Name\":\"Mr. Hasitha Himanjalee Katugampola\",\"Guardian_NIC\":\"096367001262\",\"Address\":\"240\\/D,  Ahalaje Road, Neelammahara, Boralesgamuwa\",\"Received_By\":\"2\",\"Mobile_No\":\"0714292673\",\"Land_Phone_No\":\"0712729623\",\"Comments\":\"Motor Cycle Accident\",\"Item_Status\":\"1\",\"Ordered_Status\":\"0\",\"Ordered_Date\":null,\"Issued_Status\":\"0\",\"Issue_Date\":null,\"Issue_Remark\":null,\"Release_Status\":\"0\",\"Release_Reason_ID\":null,\"Release_Date\":null,\"Renew_Status\":null,\"Renew_Date\":null,\"Added_By\":\"2\",\"Added_Date\":\"2019-03-26 00:00:41\",\"Edited_By\":\"2\",\"Edited_Date\":\"2019-03-26 00:09:25\",\"Changed_Log\":\" <br\\/> 2019-03-26 00:09:25: by Demo Demonstrator <br\\/> <br\\/>\"}','item_details','2','2019-03-26 00:09:25','ItemDetails','','2','Edited By changed to  => 2 <br/>Edited Date changed to  => 2019-03-26 00:09:25 <br/>Changed Log changed to  =>  <br/> 2019-03-26 00:09:25: by Demo Demonstrator <br/> <br/> <br/>');
INSERT INTO `change_log` (`Change_ID`,`Record_Data`,`Table_Name`,`Done_By`,`Done_Date`,`Class_Name`,`Restore`,`Type`,`Changes`) VALUES
('18','{\"id\":\"2\",\"username\":\"admin\",\"email\":\"demo@example.com\",\"create_at\":\"2019-02-16 12:25:25\",\"lastvisit_at\":\"2019-03-26 12:14:39\",\"superuser\":\"0\",\"status\":\"1\",\"Role_ID\":\"2\",\"password\":\"be137a85775380a9ab05ae0d00cca90e\",\"activkey\":\"67392ce422aadb3847eb6fd00febadc1\"}','tbl_users','2','2019-03-26 02:44:39','User','','2','Last visit changed to 2019-03-26 08:54:54 => 2019-03-26 12:14:39 <br/>');
INSERT INTO `change_log` (`Change_ID`,`Record_Data`,`Table_Name`,`Done_By`,`Done_Date`,`Class_Name`,`Restore`,`Type`,`Changes`) VALUES
('19','{\"Hospital_ID\":\"1\",\"Hospital_Name\":\"National Hospital of Sri Lanka\",\"Short_Name\":\"NHSL\",\"Added_By\":\"1\",\"Added_Date\":\"2019-02-27 13:33:00\",\"Edited_By\":\"2\",\"Edited_Date\":\"2019-03-26 02:45:36\"}','ma_hospital','2','2019-03-26 02:45:36','MaHospital','','2','Short Name changed to NHSL Colombo => NHSL <br/>Edited Date changed to 2019-03-25 23:47:10 => 2019-03-26 02:45:36 <br/>');
INSERT INTO `change_log` (`Change_ID`,`Record_Data`,`Table_Name`,`Done_By`,`Done_Date`,`Class_Name`,`Restore`,`Type`,`Changes`) VALUES
('20','{\"Item_ID\":\"1\",\"Reference_No\":\"1701\",\"System_Ref_No\":\"1701\",\"Patient_Name\":\"Mr. Kawinda Wijesinghe\",\"Received_Date\":\"2019-03-25\",\"BHT_No\":\"S\\/027904\\/18\",\"Age\":\"27\",\"First_Surgery_Date\":\"2018-10-31\",\"Sterilized_Status\":\"1\",\"Sterilize_Date\":\"2019-03-13\",\"Hospital_ID\":\"1\",\"Ward\":\"NTC\\/ETU\",\"Guardian_Name\":\"Mr. Hasitha Himanjalee Katugampola\",\"Guardian_NIC\":\"096367001262\",\"Address\":\"240\\/D,  Ahalaje Road, Neelammahara, Boralesgamuwa\",\"Received_By\":\"2\",\"Mobile_No\":\"0714292673\",\"Land_Phone_No\":\"0712729623\",\"Comments\":\"Motor Cycle Accident\",\"Item_Status\":\"6\",\"Ordered_Status\":\"0\",\"Ordered_Date\":null,\"Issued_Status\":\"0\",\"Issue_Date\":null,\"Issue_Remark\":null,\"Release_Status\":\"0\",\"Release_Reason_ID\":null,\"Release_Date\":null,\"Renew_Status\":null,\"Renew_Date\":null,\"Added_By\":\"2\",\"Added_Date\":\"2019-03-26 00:00:41\",\"Edited_By\":\"2\",\"Edited_Date\":\"2019-03-26 02:50:34\",\"Changed_Log\":\" <br\\/> 2019-03-26 00:09:25: by Demo Demonstrator <br\\/> <br\\/> <br\\/> 2019-03-26 02:50:34: by Demo Demonstrator <br\\/>  &nbsp;&nbsp; Sterilize  Date changed  =>  -> 2019-03-13 <br\\/><br\\/>\"}','item_details','2','2019-03-26 02:50:34','ItemDetails','','2','Sterilized Status changed to 0 => 1 <br/>Sterilize  Date changed to  => 2019-03-13 <br/>Item  Status changed to 1 => 6 <br/>Edited Date changed to 2019-03-26 00:09:25 => 2019-03-26 02:50:34 <br/>Changed Log changed to  <br/> 2019-03-26 00:09:25: by Demo Demonstrator <br/> <br/> =>  <br/> 2019-03-26 00:09:25: by Demo Demonstrator <br/> <br/> <br/> 2019-03-26 02:50:34: by Demo Demonstrator <br/>  &nbsp;&nbsp; Sterilize  Date changed  =>  -> 2019-03-13 <br/><br/> <br/>');
INSERT INTO `change_log` (`Change_ID`,`Record_Data`,`Table_Name`,`Done_By`,`Done_Date`,`Class_Name`,`Restore`,`Type`,`Changes`) VALUES
('21','{\"id\":\"2\",\"username\":\"admin\",\"email\":\"demo@example.com\",\"create_at\":\"2019-02-16 12:25:25\",\"lastvisit_at\":\"2019-03-26 12:29:57\",\"superuser\":\"0\",\"status\":\"1\",\"Role_ID\":\"2\",\"password\":\"be137a85775380a9ab05ae0d00cca90e\",\"activkey\":\"67392ce422aadb3847eb6fd00febadc1\"}','tbl_users','2','2019-03-26 02:59:57','User','','2','Last visit changed to 2019-03-26 12:14:39 => 2019-03-26 12:29:57 <br/>');
INSERT INTO `change_log` (`Change_ID`,`Record_Data`,`Table_Name`,`Done_By`,`Done_Date`,`Class_Name`,`Restore`,`Type`,`Changes`) VALUES
('22','{\"Item_ID\":\"1\",\"Reference_No\":\"1701\",\"System_Ref_No\":\"1701\",\"Patient_Name\":\"Mr. Kawinda Wijesinghe\",\"Received_Date\":\"2019-03-25\",\"BHT_No\":\"S\\/027904\\/18\",\"Age\":\"27\",\"First_Surgery_Date\":\"2018-10-31\",\"Sterilized_Status\":\"1\",\"Sterilize_Date\":\"2019-03-13\",\"Hospital_ID\":\"1\",\"Ward\":\"NTC\\/ETU\",\"Guardian_Name\":\"Mr. Hasitha Himanjalee Katugampola\",\"Guardian_NIC\":\"096367001262\",\"Address\":\"240\\/D,  Ahalaje Road, Neelammahara, Boralesgamuwa\",\"Received_By\":\"2\",\"Mobile_No\":\"0714292673\",\"Land_Phone_No\":\"0712729623\",\"Comments\":\"Motor Cycle Accident\",\"Item_Status\":\"5\",\"Ordered_Status\":\"1\",\"Ordered_Date\":\"2019-03-30\",\"Issued_Status\":\"0\",\"Issue_Date\":null,\"Issue_Remark\":null,\"Release_Status\":\"0\",\"Release_Reason_ID\":null,\"Release_Date\":null,\"Renew_Status\":null,\"Renew_Date\":null,\"Added_By\":\"2\",\"Added_Date\":\"2019-03-26 00:00:41\",\"Edited_By\":\"2\",\"Edited_Date\":\"2019-03-26 03:13:21\",\"Changed_Log\":\" <br\\/> 2019-03-26 00:09:25: by Demo Demonstrator <br\\/> <br\\/> <br\\/> 2019-03-26 02:50:34: by Demo Demonstrator <br\\/>  &nbsp;&nbsp; Sterilize  Date changed  =>  -> 2019-03-13 <br\\/><br\\/> <br\\/> 2019-03-26 03:13:21: by Demo Demonstrator <br\\/>  &nbsp;&nbsp; Order Date changed  =>  -> 2019-03-30 <br\\/><br\\/>\"}','item_details','2','2019-03-26 03:13:21','ItemDetails','','2','Item  Status changed to 6 => 5 <br/>Order Status changed to 0 => 1 <br/>Order Date changed to  => 2019-03-30 <br/>Edited Date changed to 2019-03-26 02:50:34 => 2019-03-26 03:13:21 <br/>Changed Log changed to  <br/> 2019-03-26 00:09:25: by Demo Demonstrator <br/> <br/> <br/> 2019-03-26 02:50:34: by Demo Demonstrator <br/>  &nbsp;&nbsp; Sterilize  Date changed  =>  -> 2019-03-13 <br/><br/> =>  <br/> 2019-03-26 00:09:25: by Demo Demonstrator <br/> <br/> <br/> 2019-03-26 02:50:34: by Demo Demonstrator <br/>  &nbsp;&nbsp; Sterilize  Date changed  =>  -> 2019-03-13 <br/><br/> <br/> 2019-03-26 03:13:21: by Demo Demonstrator <br/>  &nbsp;&nbsp; Order Date changed  =>  -> 2019-03-30 <br/><br/> <br/>');
INSERT INTO `change_log` (`Change_ID`,`Record_Data`,`Table_Name`,`Done_By`,`Done_Date`,`Class_Name`,`Restore`,`Type`,`Changes`) VALUES
('23','{\"id\":\"2\",\"username\":\"admin\",\"email\":\"demo@example.com\",\"create_at\":\"2019-02-16 12:25:25\",\"lastvisit_at\":\"2019-03-26 15:18:03\",\"superuser\":\"0\",\"status\":\"1\",\"Role_ID\":\"2\",\"password\":\"be137a85775380a9ab05ae0d00cca90e\",\"activkey\":\"67392ce422aadb3847eb6fd00febadc1\"}','tbl_users','2','2019-03-26 05:48:03','User','','2','Last visit changed to 2019-03-26 12:29:57 => 2019-03-26 15:18:03 <br/>');
INSERT INTO `change_log` (`Change_ID`,`Record_Data`,`Table_Name`,`Done_By`,`Done_Date`,`Class_Name`,`Restore`,`Type`,`Changes`) VALUES
('24','{\"id\":\"2\",\"username\":\"admin\",\"email\":\"demo@example.com\",\"create_at\":\"2019-02-16 12:25:25\",\"lastvisit_at\":\"2019-03-26 21:11:23\",\"superuser\":\"0\",\"status\":\"1\",\"Role_ID\":\"2\",\"password\":\"be137a85775380a9ab05ae0d00cca90e\",\"activkey\":\"67392ce422aadb3847eb6fd00febadc1\"}','tbl_users','2','2019-03-26 11:41:23','User','','2','Last visit changed to 2019-03-26 15:18:03 => 2019-03-26 21:11:23 <br/>');
INSERT INTO `change_log` (`Change_ID`,`Record_Data`,`Table_Name`,`Done_By`,`Done_Date`,`Class_Name`,`Restore`,`Type`,`Changes`) VALUES
('25','{\"id\":\"2\",\"username\":\"admin\",\"email\":\"demo@example.com\",\"create_at\":\"2019-02-16 12:25:25\",\"lastvisit_at\":\"2019-03-27 15:15:56\",\"superuser\":\"0\",\"status\":\"1\",\"Role_ID\":\"2\",\"password\":\"be137a85775380a9ab05ae0d00cca90e\",\"activkey\":\"67392ce422aadb3847eb6fd00febadc1\"}','tbl_users','2','2019-03-27 05:45:56','User','','2','Last visit changed to 2019-03-26 21:11:23 => 2019-03-27 15:15:56 <br/>');
INSERT INTO `change_log` (`Change_ID`,`Record_Data`,`Table_Name`,`Done_By`,`Done_Date`,`Class_Name`,`Restore`,`Type`,`Changes`) VALUES
('26','{\"id\":\"2\",\"username\":\"admin\",\"email\":\"demo@example.com\",\"create_at\":\"2019-02-16 12:25:25\",\"lastvisit_at\":\"2019-03-27 18:00:35\",\"superuser\":\"0\",\"status\":\"1\",\"Role_ID\":\"2\",\"password\":\"be137a85775380a9ab05ae0d00cca90e\",\"activkey\":\"67392ce422aadb3847eb6fd00febadc1\"}','tbl_users','2','2019-03-27 08:30:35','User','','2','Last visit changed to 2019-03-27 15:15:56 => 2019-03-27 18:00:35 <br/>');
INSERT INTO `change_log` (`Change_ID`,`Record_Data`,`Table_Name`,`Done_By`,`Done_Date`,`Class_Name`,`Restore`,`Type`,`Changes`) VALUES
('27','{\"id\":\"2\",\"username\":\"admin\",\"email\":\"demo@example.com\",\"create_at\":\"2019-02-16 12:25:25\",\"lastvisit_at\":\"2019-03-29 08:53:45\",\"superuser\":\"0\",\"status\":\"1\",\"Role_ID\":\"2\",\"password\":\"be137a85775380a9ab05ae0d00cca90e\",\"activkey\":\"67392ce422aadb3847eb6fd00febadc1\"}','tbl_users','2','2019-03-28 23:23:45','User','','2','Last visit changed to 2019-03-27 18:00:35 => 2019-03-29 08:53:45 <br/>');
INSERT INTO `change_log` (`Change_ID`,`Record_Data`,`Table_Name`,`Done_By`,`Done_Date`,`Class_Name`,`Restore`,`Type`,`Changes`) VALUES
('28','{\"Item_ID\":\"2\",\"Reference_No\":\"999\",\"System_Ref_No\":\"1702\",\"Patient_Name\":\"Hemaka\",\"Received_Date\":\"2019-03-28\",\"BHT_No\":\"54566\",\"Age\":\"55\",\"First_Surgery_Date\":\"2018-03-30\",\"Sterilized_Status\":\"0\",\"Sterilize_Date\":null,\"Hospital_ID\":\"2\",\"Ward\":\"9B\",\"Guardian_Name\":\"Mr. Hasitha Himanjalee Katugampola\",\"Guardian_NIC\":\"096367001262\",\"Address\":\" vscvsavsfvas\",\"Received_By\":\"2\",\"Mobile_No\":\"0714292673\",\"Land_Phone_No\":\"0712729623\",\"Comments\":\";ioufANJJUIUP;\'\",\"Item_Status\":\"5\",\"Ordered_Status\":\"1\",\"Ordered_Date\":\"2019-05-25\",\"Issued_Status\":\"0\",\"Issue_Date\":null,\"Issue_Remark\":null,\"Release_Status\":\"0\",\"Release_Reason_ID\":null,\"Release_Date\":null,\"Renew_Status\":null,\"Renew_Date\":null,\"Added_By\":\"2\",\"Added_Date\":\"2019-03-28 23:55:04\",\"Edited_By\":\"2\",\"Edited_Date\":\"2019-03-28 23:56:46\",\"Changed_Log\":\" <br\\/> 2019-03-28 23:56:46: by Demo Demonstrator <br\\/>  &nbsp;&nbsp; Order Date changed  =>  -> 2019-05-25 <br\\/><br\\/>\"}','item_details','2','2019-03-28 23:56:46','ItemDetails','','2','Item  Status changed to 1 => 5 <br/>Order Status changed to 0 => 1 <br/>Order Date changed to  => 2019-05-25 <br/>Edited By changed to  => 2 <br/>Edited Date changed to  => 2019-03-28 23:56:46 <br/>Changed Log changed to  =>  <br/> 2019-03-28 23:56:46: by Demo Demonstrator <br/>  &nbsp;&nbsp; Order Date changed  =>  -> 2019-05-25 <br/><br/> <br/>');
INSERT INTO `change_log` (`Change_ID`,`Record_Data`,`Table_Name`,`Done_By`,`Done_Date`,`Class_Name`,`Restore`,`Type`,`Changes`) VALUES
('29','{\"Item_ID\":\"2\",\"Reference_No\":\"999\",\"System_Ref_No\":\"1702\",\"Patient_Name\":\"Hemaka\",\"Received_Date\":\"2019-03-28\",\"BHT_No\":\"54566\",\"Age\":\"55\",\"First_Surgery_Date\":\"2018-03-30\",\"Sterilized_Status\":\"1\",\"Sterilize_Date\":\"2019-03-28\",\"Hospital_ID\":\"2\",\"Ward\":\"9B\",\"Guardian_Name\":\"Mr. Hasitha Himanjalee Katugampola\",\"Guardian_NIC\":\"096367001262\",\"Address\":\" vscvsavsfvas\",\"Received_By\":\"2\",\"Mobile_No\":\"0714292673\",\"Land_Phone_No\":\"0712729623\",\"Comments\":\";ioufANJJUIUP;\'\",\"Item_Status\":\"6\",\"Ordered_Status\":\"1\",\"Ordered_Date\":\"2019-05-25\",\"Issued_Status\":\"0\",\"Issue_Date\":null,\"Issue_Remark\":null,\"Release_Status\":\"0\",\"Release_Reason_ID\":null,\"Release_Date\":null,\"Renew_Status\":null,\"Renew_Date\":null,\"Added_By\":\"2\",\"Added_Date\":\"2019-03-28 23:55:04\",\"Edited_By\":\"2\",\"Edited_Date\":\"2019-03-28 23:58:41\",\"Changed_Log\":\" <br\\/> 2019-03-28 23:56:46: by Demo Demonstrator <br\\/>  &nbsp;&nbsp; Order Date changed  =>  -> 2019-05-25 <br\\/><br\\/> <br\\/> 2019-03-28 23:58:41: by Demo Demonstrator <br\\/>  &nbsp;&nbsp; Sterilize  Date changed  =>  -> 2019-03-28 <br\\/><br\\/>\"}','item_details','2','2019-03-28 23:58:41','ItemDetails','','2','Sterilized Status changed to 0 => 1 <br/>Sterilize  Date changed to  => 2019-03-28 <br/>Item  Status changed to 5 => 6 <br/>Edited Date changed to 2019-03-28 23:56:46 => 2019-03-28 23:58:41 <br/>Changed Log changed to  <br/> 2019-03-28 23:56:46: by Demo Demonstrator <br/>  &nbsp;&nbsp; Order Date changed  =>  -> 2019-05-25 <br/><br/> =>  <br/> 2019-03-28 23:56:46: by Demo Demonstrator <br/>  &nbsp;&nbsp; Order Date changed  =>  -> 2019-05-25 <br/><br/> <br/> 2019-03-28 23:58:41: by Demo Demonstrator <br/>  &nbsp;&nbsp; Sterilize  Date changed  =>  -> 2019-03-28 <br/><br/> <br/>');
INSERT INTO `change_log` (`Change_ID`,`Record_Data`,`Table_Name`,`Done_By`,`Done_Date`,`Class_Name`,`Restore`,`Type`,`Changes`) VALUES
('30','{\"id\":\"2\",\"username\":\"admin\",\"email\":\"demo@example.com\",\"create_at\":\"2019-02-16 12:25:25\",\"lastvisit_at\":\"2019-03-29 10:33:49\",\"superuser\":\"0\",\"status\":\"1\",\"Role_ID\":\"2\",\"password\":\"be137a85775380a9ab05ae0d00cca90e\",\"activkey\":\"67392ce422aadb3847eb6fd00febadc1\"}','tbl_users','2','2019-03-29 01:03:49','User','','2','Last visit changed to 2019-03-29 08:53:45 => 2019-03-29 10:33:49 <br/>');
INSERT INTO `change_log` (`Change_ID`,`Record_Data`,`Table_Name`,`Done_By`,`Done_Date`,`Class_Name`,`Restore`,`Type`,`Changes`) VALUES
('31','{\"id\":\"2\",\"username\":\"admin\",\"email\":\"demo@example.com\",\"create_at\":\"2019-02-16 12:25:25\",\"lastvisit_at\":\"2019-03-29 10:37:31\",\"superuser\":\"0\",\"status\":\"1\",\"Role_ID\":\"2\",\"password\":\"be137a85775380a9ab05ae0d00cca90e\",\"activkey\":\"67392ce422aadb3847eb6fd00febadc1\"}','tbl_users','2','2019-03-29 01:07:31','User','','2','Last visit changed to 2019-03-29 10:33:49 => 2019-03-29 10:37:31 <br/>');
INSERT INTO `change_log` (`Change_ID`,`Record_Data`,`Table_Name`,`Done_By`,`Done_Date`,`Class_Name`,`Restore`,`Type`,`Changes`) VALUES
('33','{\"Item_ID\":\"1\",\"Reference_No\":\"1701\",\"System_Ref_No\":\"1701\",\"Patient_Name\":\"Mr. Kawinda Wijesinghe\",\"Received_Date\":\"2019-03-25\",\"BHT_No\":\"S\\/027904\\/18\",\"Age\":\"27\",\"First_Surgery_Date\":\"2018-10-31\",\"Sterilized_Status\":\"1\",\"Sterilize_Date\":\"2019-03-13\",\"Hospital_ID\":\"1\",\"Ward\":\"NTC\\/ETU\",\"Guardian_Name\":\"Mr. Hasitha Himanjalee Katugampola\",\"Guardian_NIC\":\"096367001262\",\"Address\":\"240\\/D,  Ahalaje Road, Neelammahara, Boralesgamuwa\",\"Received_By\":\"2\",\"Mobile_No\":\"0714292673\",\"Land_Phone_No\":\"0712729623\",\"Comments\":\"Motor Cycle Accident\",\"Item_Status\":\"4\",\"Ordered_Status\":\"1\",\"Ordered_Date\":\"2019-03-30\",\"Issued_Status\":\"1\",\"Issue_Date\":\"2019-03-29\",\"Issue_Remark\":null,\"Release_Status\":\"0\",\"Release_Reason_ID\":null,\"Release_Date\":null,\"Renew_Status\":null,\"Renew_Date\":null,\"Added_By\":\"2\",\"Added_Date\":\"2019-03-26 00:00:41\",\"Edited_By\":\"2\",\"Edited_Date\":\"2019-03-29 01:11:50\",\"Changed_Log\":\" <br\\/> 2019-03-26 00:09:25: by Demo Demonstrator <br\\/> <br\\/> <br\\/> 2019-03-26 02:50:34: by Demo Demonstrator <br\\/>  &nbsp;&nbsp; Sterilize  Date changed  =>  -> 2019-03-13 <br\\/><br\\/> <br\\/> 2019-03-26 03:13:21: by Demo Demonstrator <br\\/>  &nbsp;&nbsp; Order Date changed  =>  -> 2019-03-30 <br\\/><br\\/> <br\\/> 2019-03-29 01:11:50: by Demo Demonstrator <br\\/>  &nbsp;&nbsp; Issue Date changed  =>  -> 2019-03-29 <br\\/><br\\/>\"}','item_details','2','2019-03-29 01:11:50','ItemDetails','','2','Item  Status changed to 5 => 4 <br/>Issue Status changed to 0 => 1 <br/>Issue Date changed to  => 2019-03-29 <br/>Edited Date changed to 2019-03-26 03:13:21 => 2019-03-29 01:11:50 <br/>Changed Log changed to  <br/> 2019-03-26 00:09:25: by Demo Demonstrator <br/> <br/> <br/> 2019-03-26 02:50:34: by Demo Demonstrator <br/>  &nbsp;&nbsp; Sterilize  Date changed  =>  -> 2019-03-13 <br/><br/> <br/> 2019-03-26 03:13:21: by Demo Demonstrator <br/>  &nbsp;&nbsp; Order Date changed  =>  -> 2019-03-30 <br/><br/> =>  <br/> 2019-03-26 00:09:25: by Demo Demonstrator <br/> <br/> <br/> 2019-03-26 02:50:34: by Demo Demonstrator <br/>  &nbsp;&nbsp; Sterilize  Date changed  =>  -> 2019-03-13 <br/><br/> <br/> 2019-03-26 03:13:21: by Demo Demonstrator <br/>  &nbsp;&nbsp; Order Date changed  =>  -> 2019-03-30 <br/><br/> <br/> 2019-03-29 01:11:50: by Demo Demonstrator <br/>  &nbsp;&nbsp; Issue Date changed  =>  -> 2019-03-29 <br/><br/> <br/>');
INSERT INTO `change_log` (`Change_ID`,`Record_Data`,`Table_Name`,`Done_By`,`Done_Date`,`Class_Name`,`Restore`,`Type`,`Changes`) VALUES
('34','{\"Item_ID\":\"2\",\"Reference_No\":\"999\",\"System_Ref_No\":\"1702\",\"Patient_Name\":\"Hemaka\",\"Received_Date\":\"2019-03-28\",\"BHT_No\":\"54566\",\"Age\":\"55\",\"First_Surgery_Date\":\"2018-03-30\",\"Sterilized_Status\":\"1\",\"Sterilize_Date\":\"2019-03-28\",\"Hospital_ID\":\"2\",\"Ward\":\"9B\",\"Guardian_Name\":\"Mr. Hasitha Himanjalee Katugampola\",\"Guardian_NIC\":\"096367001262\",\"Address\":\" vscvsavsfvas\",\"Received_By\":\"2\",\"Mobile_No\":\"0714292673\",\"Land_Phone_No\":\"0712729623\",\"Comments\":\";ioufANJJUIUP;\'\",\"Item_Status\":\"4\",\"Ordered_Status\":\"1\",\"Ordered_Date\":\"2019-05-25\",\"Issued_Status\":\"1\",\"Issue_Date\":\"2019-03-29\",\"Issue_Remark\":null,\"Release_Status\":\"0\",\"Release_Reason_ID\":null,\"Release_Date\":null,\"Renew_Status\":null,\"Renew_Date\":null,\"Added_By\":\"2\",\"Added_Date\":\"2019-03-28 23:55:04\",\"Edited_By\":\"2\",\"Edited_Date\":\"2019-03-29 01:20:08\",\"Changed_Log\":\" <br\\/> 2019-03-28 23:56:46: by Demo Demonstrator <br\\/>  &nbsp;&nbsp; Order Date changed  =>  -> 2019-05-25 <br\\/><br\\/> <br\\/> 2019-03-28 23:58:41: by Demo Demonstrator <br\\/>  &nbsp;&nbsp; Sterilize  Date changed  =>  -> 2019-03-28 <br\\/><br\\/> <br\\/> 2019-03-29 01:20:08: by Demo Demonstrator <br\\/>  &nbsp;&nbsp; Issue Date changed  =>  -> 2019-03-29 <br\\/><br\\/>\"}','item_details','2','2019-03-29 01:20:08','ItemDetails','','2','Item  Status changed to 6 => 4 <br/>Issue Status changed to 0 => 1 <br/>Issue Date changed to  => 2019-03-29 <br/>Edited Date changed to 2019-03-28 23:58:41 => 2019-03-29 01:20:08 <br/>Changed Log changed to  <br/> 2019-03-28 23:56:46: by Demo Demonstrator <br/>  &nbsp;&nbsp; Order Date changed  =>  -> 2019-05-25 <br/><br/> <br/> 2019-03-28 23:58:41: by Demo Demonstrator <br/>  &nbsp;&nbsp; Sterilize  Date changed  =>  -> 2019-03-28 <br/><br/> =>  <br/> 2019-03-28 23:56:46: by Demo Demonstrator <br/>  &nbsp;&nbsp; Order Date changed  =>  -> 2019-05-25 <br/><br/> <br/> 2019-03-28 23:58:41: by Demo Demonstrator <br/>  &nbsp;&nbsp; Sterilize  Date changed  =>  -> 2019-03-28 <br/><br/> <br/> 2019-03-29 01:20:08: by Demo Demonstrator <br/>  &nbsp;&nbsp; Issue Date changed  =>  -> 2019-03-29 <br/><br/> <br/>');
INSERT INTO `change_log` (`Change_ID`,`Record_Data`,`Table_Name`,`Done_By`,`Done_Date`,`Class_Name`,`Restore`,`Type`,`Changes`) VALUES
('35','{\"Item_ID\":\"3\",\"Reference_No\":\"1235\",\"System_Ref_No\":\"1703\",\"Patient_Name\":\"D. Silva\",\"Received_Date\":\"2018-04-28\",\"BHT_No\":\"3225\",\"Age\":\"55\",\"First_Surgery_Date\":\"2018-03-30\",\"Sterilized_Status\":\"1\",\"Sterilize_Date\":\"2019-03-20\",\"Hospital_ID\":\"2\",\"Ward\":\"15d\",\"Guardian_Name\":\"Mr. Hasitha Himanjalee Katugampola\",\"Guardian_NIC\":\"562421106X\",\"Address\":\"75 Wardplace\",\"Received_By\":\"2\",\"Mobile_No\":\"0714292673\",\"Land_Phone_No\":\"0712729623\",\"Comments\":\"wsds\",\"Item_Status\":\"6\",\"Ordered_Status\":\"0\",\"Ordered_Date\":null,\"Issued_Status\":\"0\",\"Issue_Date\":null,\"Issue_Remark\":null,\"Release_Status\":\"0\",\"Release_Reason_ID\":null,\"Release_Date\":null,\"Renew_Status\":null,\"Renew_Date\":null,\"Added_By\":\"2\",\"Added_Date\":\"2019-03-29 01:42:49\",\"Edited_By\":\"2\",\"Edited_Date\":\"2019-03-29 01:45:23\",\"Changed_Log\":\" <br\\/> 2019-03-29 01:45:23: by Demo Demonstrator <br\\/>  &nbsp;&nbsp; Sterilize  Date changed  =>  -> 2019-03-20 <br\\/><br\\/>\"}','item_details','2','2019-03-29 01:45:23','ItemDetails','','2','Sterilized Status changed to 0 => 1 <br/>Sterilize  Date changed to  => 2019-03-20 <br/>Item  Status changed to 1 => 6 <br/>Edited By changed to  => 2 <br/>Edited Date changed to  => 2019-03-29 01:45:23 <br/>Changed Log changed to  =>  <br/> 2019-03-29 01:45:23: by Demo Demonstrator <br/>  &nbsp;&nbsp; Sterilize  Date changed  =>  -> 2019-03-20 <br/><br/> <br/>');
INSERT INTO `change_log` (`Change_ID`,`Record_Data`,`Table_Name`,`Done_By`,`Done_Date`,`Class_Name`,`Restore`,`Type`,`Changes`) VALUES
('36','{\"Item_ID\":\"3\",\"Reference_No\":\"1235\",\"System_Ref_No\":\"1703\",\"Patient_Name\":\"D. Silva\",\"Received_Date\":\"2018-04-28\",\"BHT_No\":\"3225\",\"Age\":\"55\",\"First_Surgery_Date\":\"2018-03-30\",\"Sterilized_Status\":\"1\",\"Sterilize_Date\":\"2019-03-20\",\"Hospital_ID\":\"2\",\"Ward\":\"15d\",\"Guardian_Name\":\"Mr. Hasitha Himanjalee Katugampola\",\"Guardian_NIC\":\"562421106X\",\"Address\":\"75 Wardplace\",\"Received_By\":\"2\",\"Mobile_No\":\"0714292673\",\"Land_Phone_No\":\"0712729623\",\"Comments\":\"wsds\",\"Item_Status\":\"5\",\"Ordered_Status\":\"1\",\"Ordered_Date\":\"2019-03-30\",\"Issued_Status\":\"0\",\"Issue_Date\":null,\"Issue_Remark\":null,\"Release_Status\":\"0\",\"Release_Reason_ID\":null,\"Release_Date\":null,\"Renew_Status\":null,\"Renew_Date\":null,\"Added_By\":\"2\",\"Added_Date\":\"2019-03-29 01:42:49\",\"Edited_By\":\"2\",\"Edited_Date\":\"2019-03-29 01:47:01\",\"Changed_Log\":\" <br\\/> 2019-03-29 01:45:23: by Demo Demonstrator <br\\/>  &nbsp;&nbsp; Sterilize  Date changed  =>  -> 2019-03-20 <br\\/><br\\/> <br\\/> 2019-03-29 01:47:01: by Demo Demonstrator <br\\/>  &nbsp;&nbsp; Order Date changed  =>  -> 2019-03-30 <br\\/><br\\/>\"}','item_details','2','2019-03-29 01:47:02','ItemDetails','','2','Item  Status changed to 6 => 5 <br/>Order Status changed to 0 => 1 <br/>Order Date changed to  => 2019-03-30 <br/>Edited Date changed to 2019-03-29 01:45:23 => 2019-03-29 01:47:01 <br/>Changed Log changed to  <br/> 2019-03-29 01:45:23: by Demo Demonstrator <br/>  &nbsp;&nbsp; Sterilize  Date changed  =>  -> 2019-03-20 <br/><br/> =>  <br/> 2019-03-29 01:45:23: by Demo Demonstrator <br/>  &nbsp;&nbsp; Sterilize  Date changed  =>  -> 2019-03-20 <br/><br/> <br/> 2019-03-29 01:47:01: by Demo Demonstrator <br/>  &nbsp;&nbsp; Order Date changed  =>  -> 2019-03-30 <br/><br/> <br/>');
INSERT INTO `change_log` (`Change_ID`,`Record_Data`,`Table_Name`,`Done_By`,`Done_Date`,`Class_Name`,`Restore`,`Type`,`Changes`) VALUES
('37','{\"id\":\"2\",\"username\":\"admin\",\"email\":\"demo@example.com\",\"create_at\":\"2019-02-16 12:25:25\",\"lastvisit_at\":\"2019-03-29 11:39:55\",\"superuser\":\"0\",\"status\":\"1\",\"Role_ID\":\"2\",\"password\":\"be137a85775380a9ab05ae0d00cca90e\",\"activkey\":\"67392ce422aadb3847eb6fd00febadc1\"}','tbl_users','2','2019-03-29 02:09:55','User','','2','Last visit changed to 2019-03-29 10:37:31 => 2019-03-29 11:39:55 <br/>');
INSERT INTO `change_log` (`Change_ID`,`Record_Data`,`Table_Name`,`Done_By`,`Done_Date`,`Class_Name`,`Restore`,`Type`,`Changes`) VALUES
('38','{\"Item_ID\":\"5\",\"Reference_No\":\"1999\",\"System_Ref_No\":\"1704\",\"Patient_Name\":\"Mr. W W N Silva\",\"Received_Date\":\"2019-03-29\",\"BHT_No\":\"2255588\",\"Age\":\"45\",\"First_Surgery_Date\":\"2019-02-22\",\"Sterilized_Status\":\"0\",\"Sterilize_Date\":null,\"Hospital_ID\":\"6\",\"Ward\":\"ICU2\",\"Guardian_Name\":\"Samitha\",\"Guardian_NIC\":\"562421106V\",\"Address\":\"Kaduwala\",\"Received_By\":\"2\",\"Mobile_No\":\"0147414472\",\"Land_Phone_No\":\"0777701934\",\"Comments\":\"Motot Accident\",\"Item_Status\":\"5\",\"Ordered_Status\":\"1\",\"Ordered_Date\":\"2019-04-27\",\"Issued_Status\":\"0\",\"Issue_Date\":null,\"Issue_Remark\":null,\"Release_Status\":\"0\",\"Release_Reason_ID\":null,\"Release_Date\":null,\"Renew_Status\":null,\"Renew_Date\":null,\"Added_By\":\"2\",\"Added_Date\":\"2019-03-29 02:17:12\",\"Edited_By\":\"2\",\"Edited_Date\":\"2019-03-29 02:19:27\",\"Changed_Log\":\" <br\\/> 2019-03-29 02:19:27: by Demo Demonstrator <br\\/>  &nbsp;&nbsp; Order Date changed  =>  -> 2019-04-27 <br\\/><br\\/>\"}','item_details','2','2019-03-29 02:19:27','ItemDetails','','2','Item  Status changed to 1 => 5 <br/>Order Status changed to 0 => 1 <br/>Order Date changed to  => 2019-04-27 <br/>Edited By changed to  => 2 <br/>Edited Date changed to  => 2019-03-29 02:19:27 <br/>Changed Log changed to  =>  <br/> 2019-03-29 02:19:27: by Demo Demonstrator <br/>  &nbsp;&nbsp; Order Date changed  =>  -> 2019-04-27 <br/><br/> <br/>');
INSERT INTO `change_log` (`Change_ID`,`Record_Data`,`Table_Name`,`Done_By`,`Done_Date`,`Class_Name`,`Restore`,`Type`,`Changes`) VALUES
('39','{\"Item_ID\":\"5\",\"Reference_No\":\"1999\",\"System_Ref_No\":\"1704\",\"Patient_Name\":\"Mr. W W N Silva\",\"Received_Date\":\"2019-03-29\",\"BHT_No\":\"2255588\",\"Age\":\"45\",\"First_Surgery_Date\":\"2019-02-22\",\"Sterilized_Status\":\"1\",\"Sterilize_Date\":\"2019-03-29\",\"Hospital_ID\":\"6\",\"Ward\":\"ICU2\",\"Guardian_Name\":\"Samitha\",\"Guardian_NIC\":\"562421106V\",\"Address\":\"Kaduwala\",\"Received_By\":\"2\",\"Mobile_No\":\"0147414472\",\"Land_Phone_No\":\"0777701934\",\"Comments\":\"Motot Accident\",\"Item_Status\":\"6\",\"Ordered_Status\":\"1\",\"Ordered_Date\":\"2019-04-27\",\"Issued_Status\":\"0\",\"Issue_Date\":null,\"Issue_Remark\":null,\"Release_Status\":\"0\",\"Release_Reason_ID\":null,\"Release_Date\":null,\"Renew_Status\":null,\"Renew_Date\":null,\"Added_By\":\"2\",\"Added_Date\":\"2019-03-29 02:17:12\",\"Edited_By\":\"2\",\"Edited_Date\":\"2019-03-29 02:20:17\",\"Changed_Log\":\" <br\\/> 2019-03-29 02:19:27: by Demo Demonstrator <br\\/>  &nbsp;&nbsp; Order Date changed  =>  -> 2019-04-27 <br\\/><br\\/> <br\\/> 2019-03-29 02:20:17: by Demo Demonstrator <br\\/>  &nbsp;&nbsp; Sterilize  Date changed  =>  -> 2019-03-29 <br\\/><br\\/>\"}','item_details','2','2019-03-29 02:20:17','ItemDetails','','2','Sterilized Status changed to 0 => 1 <br/>Sterilize  Date changed to  => 2019-03-29 <br/>Item  Status changed to 5 => 6 <br/>Edited Date changed to 2019-03-29 02:19:27 => 2019-03-29 02:20:17 <br/>Changed Log changed to  <br/> 2019-03-29 02:19:27: by Demo Demonstrator <br/>  &nbsp;&nbsp; Order Date changed  =>  -> 2019-04-27 <br/><br/> =>  <br/> 2019-03-29 02:19:27: by Demo Demonstrator <br/>  &nbsp;&nbsp; Order Date changed  =>  -> 2019-04-27 <br/><br/> <br/> 2019-03-29 02:20:17: by Demo Demonstrator <br/>  &nbsp;&nbsp; Sterilize  Date changed  =>  -> 2019-03-29 <br/><br/> <br/>');
INSERT INTO `change_log` (`Change_ID`,`Record_Data`,`Table_Name`,`Done_By`,`Done_Date`,`Class_Name`,`Restore`,`Type`,`Changes`) VALUES
('40','{\"Item_ID\":\"3\",\"Reference_No\":\"1235\",\"System_Ref_No\":\"1703\",\"Patient_Name\":\"D. Silva\",\"Received_Date\":\"2018-04-28\",\"BHT_No\":\"3225\",\"Age\":\"55\",\"First_Surgery_Date\":\"2018-03-30\",\"Sterilized_Status\":\"1\",\"Sterilize_Date\":\"2019-03-20\",\"Hospital_ID\":\"2\",\"Ward\":\"15d\",\"Guardian_Name\":\"Mr. Hasitha Himanjalee Katugampola\",\"Guardian_NIC\":\"562421106X\",\"Address\":\"75 Wardplace\",\"Received_By\":\"2\",\"Mobile_No\":\"0714292673\",\"Land_Phone_No\":\"0712729623\",\"Comments\":\"wsds\",\"Item_Status\":\"4\",\"Ordered_Status\":\"1\",\"Ordered_Date\":\"2019-03-30\",\"Issued_Status\":\"1\",\"Issue_Date\":\"2019-03-29\",\"Issue_Remark\":null,\"Release_Status\":\"0\",\"Release_Reason_ID\":null,\"Release_Date\":null,\"Renew_Status\":null,\"Renew_Date\":null,\"Added_By\":\"2\",\"Added_Date\":\"2019-03-29 01:42:49\",\"Edited_By\":\"2\",\"Edited_Date\":\"2019-03-29 02:23:16\",\"Changed_Log\":\" <br\\/> 2019-03-29 01:45:23: by Demo Demonstrator <br\\/>  &nbsp;&nbsp; Sterilize  Date changed  =>  -> 2019-03-20 <br\\/><br\\/> <br\\/> 2019-03-29 01:47:01: by Demo Demonstrator <br\\/>  &nbsp;&nbsp; Order Date changed  =>  -> 2019-03-30 <br\\/><br\\/> <br\\/> 2019-03-29 02:23:16: by Demo Demonstrator <br\\/>  &nbsp;&nbsp; Issue Date changed  =>  -> 2019-03-29 <br\\/><br\\/>\"}','item_details','2','2019-03-29 02:23:16','ItemDetails','','2','Item  Status changed to 5 => 4 <br/>Issue Status changed to 0 => 1 <br/>Issue Date changed to  => 2019-03-29 <br/>Edited Date changed to 2019-03-29 01:47:01 => 2019-03-29 02:23:16 <br/>Changed Log changed to  <br/> 2019-03-29 01:45:23: by Demo Demonstrator <br/>  &nbsp;&nbsp; Sterilize  Date changed  =>  -> 2019-03-20 <br/><br/> <br/> 2019-03-29 01:47:01: by Demo Demonstrator <br/>  &nbsp;&nbsp; Order Date changed  =>  -> 2019-03-30 <br/><br/> =>  <br/> 2019-03-29 01:45:23: by Demo Demonstrator <br/>  &nbsp;&nbsp; Sterilize  Date changed  =>  -> 2019-03-20 <br/><br/> <br/> 2019-03-29 01:47:01: by Demo Demonstrator <br/>  &nbsp;&nbsp; Order Date changed  =>  -> 2019-03-30 <br/><br/> <br/> 2019-03-29 02:23:16: by Demo Demonstrator <br/>  &nbsp;&nbsp; Issue Date changed  =>  -> 2019-03-29 <br/><br/> <br/>');
INSERT INTO `change_log` (`Change_ID`,`Record_Data`,`Table_Name`,`Done_By`,`Done_Date`,`Class_Name`,`Restore`,`Type`,`Changes`) VALUES
('41','{\"Item_ID\":\"3\",\"Reference_No\":\"1235\",\"System_Ref_No\":\"1703\",\"Patient_Name\":\"D. Silva\",\"Received_Date\":\"2018-04-28\",\"BHT_No\":\"3225\",\"Age\":\"55\",\"First_Surgery_Date\":\"2018-03-30\",\"Sterilized_Status\":\"1\",\"Sterilize_Date\":\"2019-03-20\",\"Hospital_ID\":\"2\",\"Ward\":\"15d\",\"Guardian_Name\":\"Mr. Hasitha Himanjalee Katugampola\",\"Guardian_NIC\":\"562421106X\",\"Address\":\"75 Wardplace\",\"Received_By\":\"2\",\"Mobile_No\":\"0714292673\",\"Land_Phone_No\":\"0712729623\",\"Comments\":\"wsds\",\"Item_Status\":\"4\",\"Ordered_Status\":\"1\",\"Ordered_Date\":\"2019-03-30\",\"Issued_Status\":\"1\",\"Issue_Date\":\"2019-03-29\",\"Issue_Remark\":null,\"Release_Status\":\"0\",\"Release_Reason_ID\":null,\"Release_Date\":null,\"Renew_Status\":null,\"Renew_Date\":null,\"Added_By\":\"2\",\"Added_Date\":\"2019-03-29 01:42:49\",\"Edited_By\":\"2\",\"Edited_Date\":\"2019-03-29 02:24:00\",\"Changed_Log\":\" <br\\/> 2019-03-29 01:45:23: by Demo Demonstrator <br\\/>  &nbsp;&nbsp; Sterilize  Date changed  =>  -> 2019-03-20 <br\\/><br\\/> <br\\/> 2019-03-29 01:47:01: by Demo Demonstrator <br\\/>  &nbsp;&nbsp; Order Date changed  =>  -> 2019-03-30 <br\\/><br\\/> <br\\/> 2019-03-29 02:23:16: by Demo Demonstrator <br\\/>  &nbsp;&nbsp; Issue Date changed  =>  -> 2019-03-29 <br\\/><br\\/> <br\\/> 2019-03-29 02:24:00: by Demo Demonstrator <br\\/>  &nbsp;&nbsp; Issue Date changed  => 2019-03-29 -> 2019-03-29 <br\\/><br\\/>\"}','item_details','2','2019-03-29 02:24:00','ItemDetails','','2','Edited Date changed to 2019-03-29 02:23:16 => 2019-03-29 02:24:00 <br/>Changed Log changed to  <br/> 2019-03-29 01:45:23: by Demo Demonstrator <br/>  &nbsp;&nbsp; Sterilize  Date changed  =>  -> 2019-03-20 <br/><br/> <br/> 2019-03-29 01:47:01: by Demo Demonstrator <br/>  &nbsp;&nbsp; Order Date changed  =>  -> 2019-03-30 <br/><br/> <br/> 2019-03-29 02:23:16: by Demo Demonstrator <br/>  &nbsp;&nbsp; Issue Date changed  =>  -> 2019-03-29 <br/><br/> =>  <br/> 2019-03-29 01:45:23: by Demo Demonstrator <br/>  &nbsp;&nbsp; Sterilize  Date changed  =>  -> 2019-03-20 <br/><br/> <br/> 2019-03-29 01:47:01: by Demo Demonstrator <br/>  &nbsp;&nbsp; Order Date changed  =>  -> 2019-03-30 <br/><br/> <br/> 2019-03-29 02:23:16: by Demo Demonstrator <br/>  &nbsp;&nbsp; Issue Date changed  =>  -> 2019-03-29 <br/><br/> <br/> 2019-03-29 02:24:00: by Demo Demonstrator <br/>  &nbsp;&nbsp; Issue Date changed  => 2019-03-29 -> 2019-03-29 <br/><br/> <br/>');
INSERT INTO `change_log` (`Change_ID`,`Record_Data`,`Table_Name`,`Done_By`,`Done_Date`,`Class_Name`,`Restore`,`Type`,`Changes`) VALUES
('42','{\"Item_ID\":\"5\",\"Reference_No\":\"1999\",\"System_Ref_No\":\"1704\",\"Patient_Name\":\"Mr. W W N Silva\",\"Received_Date\":\"2019-03-29\",\"BHT_No\":\"2255588\",\"Age\":\"45\",\"First_Surgery_Date\":\"2019-02-22\",\"Sterilized_Status\":\"1\",\"Sterilize_Date\":\"2019-03-29\",\"Hospital_ID\":\"6\",\"Ward\":\"ICU2\",\"Guardian_Name\":\"Samitha\",\"Guardian_NIC\":\"562421106V\",\"Address\":\"Kaduwala\",\"Received_By\":\"2\",\"Mobile_No\":\"0147414472\",\"Land_Phone_No\":\"0777701934\",\"Comments\":\"Motot Accident\",\"Item_Status\":\"6\",\"Ordered_Status\":\"1\",\"Ordered_Date\":\"2019-04-27\",\"Issued_Status\":\"1\",\"Issue_Date\":\"2019-03-29\",\"Issue_Remark\":null,\"Release_Status\":\"0\",\"Release_Reason_ID\":\"\",\"Release_Date\":null,\"Renew_Status\":null,\"Renew_Date\":null,\"Added_By\":\"2\",\"Added_Date\":\"2019-03-29 02:17:12\",\"Edited_By\":\"2\",\"Edited_Date\":\"2019-03-29 02:24:50\",\"Changed_Log\":\" <br\\/> 2019-03-29 02:19:27: by Demo Demonstrator <br\\/>  &nbsp;&nbsp; Order Date changed  =>  -> 2019-04-27 <br\\/><br\\/> <br\\/> 2019-03-29 02:20:17: by Demo Demonstrator <br\\/>  &nbsp;&nbsp; Sterilize  Date changed  =>  -> 2019-03-29 <br\\/><br\\/> <br\\/> 2019-03-29 02:24:50: <br\\/>  &nbsp;&nbsp; Issue Status -> Issued<br\\/>  &nbsp;&nbsp;Issue Date -> 2019-03-29<br\\/>  &nbsp;&nbsp; Remark ->  <br\\/>\\n                        &nbsp;&nbsp; Edited By -> 2 <br\\/>\\n                        &nbsp;&nbsp; Edited Date -> 2019-03-29 02:24:50\"}','item_details','2','2019-03-29 02:24:50','ItemDetails','','2','Issue Status changed to 0 => 1 <br/>Issue Date changed to  => 2019-03-29 <br/>Edited Date changed to 2019-03-29 02:20:17 => 2019-03-29 02:24:50 <br/>Changed Log changed to  <br/> 2019-03-29 02:19:27: by Demo Demonstrator <br/>  &nbsp;&nbsp; Order Date changed  =>  -> 2019-04-27 <br/><br/> <br/> 2019-03-29 02:20:17: by Demo Demonstrator <br/>  &nbsp;&nbsp; Sterilize  Date changed  =>  -> 2019-03-29 <br/><br/> =>  <br/> 2019-03-29 02:19:27: by Demo Demonstrator <br/>  &nbsp;&nbsp; Order Date changed  =>  -> 2019-04-27 <br/><br/> <br/> 2019-03-29 02:20:17: by Demo Demonstrator <br/>  &nbsp;&nbsp; Sterilize  Date changed  =>  -> 2019-03-29 <br/><br/> <br/> 2019-03-29 02:24:50: <br/>  &nbsp;&nbsp; Issue Status -> Issued<br/>  &nbsp;&nbsp;Issue Date -> 2019-03-29<br/>  &nbsp;&nbsp; Remark ->  <br/>
                        &nbsp;&nbsp; Edited By -> 2 <br/>
                        &nbsp;&nbsp; Edited Date -> 2019-03-29 02:24:50 <br/>');
INSERT INTO `change_log` (`Change_ID`,`Record_Data`,`Table_Name`,`Done_By`,`Done_Date`,`Class_Name`,`Restore`,`Type`,`Changes`) VALUES
('43','{\"id\":\"2\",\"username\":\"admin\",\"email\":\"demo@example.com\",\"create_at\":\"2019-02-16 12:25:25\",\"lastvisit_at\":\"2019-03-29 12:23:31\",\"superuser\":\"0\",\"status\":\"1\",\"Role_ID\":\"2\",\"password\":\"be137a85775380a9ab05ae0d00cca90e\",\"activkey\":\"67392ce422aadb3847eb6fd00febadc1\"}','tbl_users','2','2019-03-29 02:53:31','User','','2','Last visit changed to 2019-03-29 11:39:55 => 2019-03-29 12:23:31 <br/>');
INSERT INTO `change_log` (`Change_ID`,`Record_Data`,`Table_Name`,`Done_By`,`Done_Date`,`Class_Name`,`Restore`,`Type`,`Changes`) VALUES
('44','{\"id\":\"2\",\"username\":\"admin\",\"email\":\"demo@example.com\",\"create_at\":\"2019-02-16 12:25:25\",\"lastvisit_at\":\"2019-03-29 13:53:31\",\"superuser\":\"0\",\"status\":\"1\",\"Role_ID\":\"2\",\"password\":\"be137a85775380a9ab05ae0d00cca90e\",\"activkey\":\"67392ce422aadb3847eb6fd00febadc1\"}','tbl_users','2','2019-03-29 04:23:32','User','','2','Last visit changed to 2019-03-29 12:23:31 => 2019-03-29 13:53:31 <br/>');
INSERT INTO `change_log` (`Change_ID`,`Record_Data`,`Table_Name`,`Done_By`,`Done_Date`,`Class_Name`,`Restore`,`Type`,`Changes`) VALUES
('45','{\"id\":\"2\",\"username\":\"admin\",\"email\":\"demo@example.com\",\"create_at\":\"2019-02-16 12:25:25\",\"lastvisit_at\":\"2019-03-29 15:30:06\",\"superuser\":\"0\",\"status\":\"1\",\"Role_ID\":\"2\",\"password\":\"be137a85775380a9ab05ae0d00cca90e\",\"activkey\":\"67392ce422aadb3847eb6fd00febadc1\"}','tbl_users','2','2019-03-29 06:00:06','User','','2','Last visit changed to 2019-03-29 13:53:31 => 2019-03-29 15:30:06 <br/>');
INSERT INTO `change_log` (`Change_ID`,`Record_Data`,`Table_Name`,`Done_By`,`Done_Date`,`Class_Name`,`Restore`,`Type`,`Changes`) VALUES
('46','{\"Item_ID\":\"1\",\"Reference_No\":\"1701\",\"System_Ref_No\":\"1701\",\"Patient_Name\":\"Mr. Kawinda Wijesinghe\",\"Received_Date\":\"2019-03-25\",\"BHT_No\":\"S\\/027904\\/18\",\"Age\":\"27\",\"First_Surgery_Date\":\"2018-10-31\",\"Sterilized_Status\":\"1\",\"Sterilize_Date\":\"2019-03-13\",\"Hospital_ID\":\"1\",\"Ward\":\"NTC\",\"Guardian_Name\":\"Mr. Hasitha Himanjalee Katugampola\",\"Guardian_NIC\":\"096367001262\",\"Address\":\"240\\/D,  Ahalaje Road, Neelammahara, Boralesgamuwa\",\"Received_By\":\"2\",\"Mobile_No\":\"0714292673\",\"Land_Phone_No\":\"0712729623\",\"Comments\":\"Motor Cycle Accident\",\"Item_Status\":\"4\",\"Ordered_Status\":\"1\",\"Ordered_Date\":\"2019-03-30\",\"Issued_Status\":\"1\",\"Issue_Date\":\"2019-03-29\",\"Issue_Remark\":null,\"Release_Status\":\"0\",\"Release_Reason_ID\":null,\"Release_Date\":null,\"Renew_Status\":null,\"Renew_Date\":null,\"Added_By\":\"2\",\"Added_Date\":\"2019-03-26 00:00:41\",\"Edited_By\":\"2\",\"Edited_Date\":\"2019-03-29 06:01:38\",\"Changed_Log\":\" <br\\/> 2019-03-26 00:09:25: by Demo Demonstrator <br\\/> <br\\/> <br\\/> 2019-03-26 02:50:34: by Demo Demonstrator <br\\/>  &nbsp;&nbsp; Sterilize  Date changed  =>  -> 2019-03-13 <br\\/><br\\/> <br\\/> 2019-03-26 03:13:21: by Demo Demonstrator <br\\/>  &nbsp;&nbsp; Order Date changed  =>  -> 2019-03-30 <br\\/><br\\/> <br\\/> 2019-03-29 01:11:50: by Demo Demonstrator <br\\/>  &nbsp;&nbsp; Issue Date changed  =>  -> 2019-03-29 <br\\/><br\\/> <br\\/> 2019-03-29 06:01:38: by Demo Demonstrator <br\\/>  &nbsp;&nbsp; Ward changed  => NTC\\/ETU -> NTC <br\\/><br\\/>\"}','item_details','2','2019-03-29 06:01:39','ItemDetails','','2','Ward changed to NTC/ETU => NTC <br/>Edited Date changed to 2019-03-29 01:11:50 => 2019-03-29 06:01:38 <br/>Changed Log changed to  <br/> 2019-03-26 00:09:25: by Demo Demonstrator <br/> <br/> <br/> 2019-03-26 02:50:34: by Demo Demonstrator <br/>  &nbsp;&nbsp; Sterilize  Date changed  =>  -> 2019-03-13 <br/><br/> <br/> 2019-03-26 03:13:21: by Demo Demonstrator <br/>  &nbsp;&nbsp; Order Date changed  =>  -> 2019-03-30 <br/><br/> <br/> 2019-03-29 01:11:50: by Demo Demonstrator <br/>  &nbsp;&nbsp; Issue Date changed  =>  -> 2019-03-29 <br/><br/> =>  <br/> 2019-03-26 00:09:25: by Demo Demonstrator <br/> <br/> <br/> 2019-03-26 02:50:34: by Demo Demonstrator <br/>  &nbsp;&nbsp; Sterilize  Date changed  =>  -> 2019-03-13 <br/><br/> <br/> 2019-03-26 03:13:21: by Demo Demonstrator <br/>  &nbsp;&nbsp; Order Date changed  =>  -> 2019-03-30 <br/><br/> <br/> 2019-03-29 01:11:50: by Demo Demonstrator <br/>  &nbsp;&nbsp; Issue Date changed  =>  -> 2019-03-29 <br/><br/> <br/> 2019-03-29 06:01:38: by Demo Demonstrator <br/>  &nbsp;&nbsp; Ward changed  => NTC/ETU -> NTC <br/><br/> <br/>');
INSERT INTO `change_log` (`Change_ID`,`Record_Data`,`Table_Name`,`Done_By`,`Done_Date`,`Class_Name`,`Restore`,`Type`,`Changes`) VALUES
('47','{\"id\":\"2\",\"username\":\"admin\",\"email\":\"demo@example.com\",\"create_at\":\"2019-02-16 12:25:25\",\"lastvisit_at\":\"2019-03-31 13:06:07\",\"superuser\":\"0\",\"status\":\"1\",\"Role_ID\":\"2\",\"password\":\"be137a85775380a9ab05ae0d00cca90e\",\"activkey\":\"67392ce422aadb3847eb6fd00febadc1\"}','tbl_users','2','2019-03-31 03:36:07','User','','2','Last visit changed to 2019-03-29 15:30:06 => 2019-03-31 13:06:07 <br/>');
INSERT INTO `change_log` (`Change_ID`,`Record_Data`,`Table_Name`,`Done_By`,`Done_Date`,`Class_Name`,`Restore`,`Type`,`Changes`) VALUES
('48','{\"id\":\"2\",\"username\":\"admin\",\"email\":\"demo@example.com\",\"create_at\":\"2019-02-16 12:25:25\",\"lastvisit_at\":\"2019-03-31 13:44:25\",\"superuser\":\"0\",\"status\":\"1\",\"Role_ID\":\"2\",\"password\":\"be137a85775380a9ab05ae0d00cca90e\",\"activkey\":\"67392ce422aadb3847eb6fd00febadc1\"}','tbl_users','2','2019-03-31 04:14:25','User','','2','Last visit changed to 2019-03-31 13:06:07 => 2019-03-31 13:44:25 <br/>');
INSERT INTO `change_log` (`Change_ID`,`Record_Data`,`Table_Name`,`Done_By`,`Done_Date`,`Class_Name`,`Restore`,`Type`,`Changes`) VALUES
('49','{\"id\":\"2\",\"username\":\"admin\",\"email\":\"demo@example.com\",\"create_at\":\"2019-02-16 12:25:25\",\"lastvisit_at\":\"2019-04-01 00:27:33\",\"superuser\":\"0\",\"status\":\"1\",\"Role_ID\":\"2\",\"password\":\"be137a85775380a9ab05ae0d00cca90e\",\"activkey\":\"67392ce422aadb3847eb6fd00febadc1\"}','tbl_users','2','2019-03-31 14:57:33','User','','2','Last visit changed to 2019-03-31 13:44:25 => 2019-04-01 00:27:33 <br/>');
INSERT INTO `change_log` (`Change_ID`,`Record_Data`,`Table_Name`,`Done_By`,`Done_Date`,`Class_Name`,`Restore`,`Type`,`Changes`) VALUES
('51','{\"Item_ID\":\"8\",\"Reference_No\":\"5555\",\"System_Ref_No\":\"1706\",\"Patient_Name\":\"sdad\",\"Received_Date\":\"2019-03-29\",\"BHT_No\":\"22558\",\"Age\":\"42\",\"First_Surgery_Date\":\"2019-03-29\",\"Sterilized_Status\":\"0\",\"Sterilize_Date\":null,\"Hospital_ID\":\"2\",\"Ward\":\"25\",\"Guardian_Name\":\"dasfdfadf\",\"Guardian_NIC\":\"562421106V\",\"Address\":\"dfdfdaf\",\"Received_By\":\"2\",\"Mobile_No\":\"0714747140\",\"Land_Phone_No\":\"0714747140\",\"Comments\":\"sdsd\",\"Item_Status\":\"1\",\"Ordered_Status\":\"0\",\"Ordered_Date\":null,\"Issued_Status\":\"0\",\"Issue_Date\":null,\"Issue_Remark\":null,\"Release_Status\":\"0\",\"Release_Reason_ID\":null,\"Release_Date\":null,\"Renew_Status\":null,\"Renew_Date\":null,\"Added_By\":\"2\",\"Added_Date\":\"2019-03-29 02:59:26\",\"Edited_By\":\"2\",\"Edited_Date\":\"2019-03-31 15:00:02\",\"Changed_Log\":\" <br\\/> 2019-03-31 15:00:02: by Demo Demonstrator <br\\/> <br\\/>\"}','item_details','2','2019-03-31 15:00:02','ItemDetails','','2','Edited By changed to  => 2 <br/>Edited Date changed to  => 2019-03-31 15:00:02 <br/>Changed Log changed to  =>  <br/> 2019-03-31 15:00:02: by Demo Demonstrator <br/> <br/> <br/>');
INSERT INTO `change_log` (`Change_ID`,`Record_Data`,`Table_Name`,`Done_By`,`Done_Date`,`Class_Name`,`Restore`,`Type`,`Changes`) VALUES
('52','{\"Item_ID\":\"8\",\"Reference_No\":\"5555\",\"System_Ref_No\":\"1706\",\"Patient_Name\":\"sdad\",\"Received_Date\":\"2019-03-29\",\"BHT_No\":\"22558\",\"Age\":\"42\",\"First_Surgery_Date\":\"2019-03-29\",\"Sterilized_Status\":\"0\",\"Sterilize_Date\":null,\"Hospital_ID\":\"2\",\"Ward\":\"25\",\"Guardian_Name\":\"dasfdfadf\",\"Guardian_NIC\":\"562421106V\",\"Address\":\"dfdfdaf\",\"Received_By\":\"2\",\"Mobile_No\":\"0714747140\",\"Land_Phone_No\":\"0714747140\",\"Comments\":\"sdsd\",\"Item_Status\":\"1\",\"Ordered_Status\":\"0\",\"Ordered_Date\":null,\"Issued_Status\":\"0\",\"Issue_Date\":null,\"Issue_Remark\":null,\"Release_Status\":\"0\",\"Release_Reason_ID\":null,\"Release_Date\":null,\"Renew_Status\":null,\"Renew_Date\":null,\"Added_By\":\"2\",\"Added_Date\":\"2019-03-29 02:59:26\",\"Edited_By\":\"2\",\"Edited_Date\":\"2019-03-31 15:21:04\",\"Changed_Log\":\" <br\\/> 2019-03-31 15:00:02: by Demo Demonstrator <br\\/> <br\\/> <br\\/> 2019-03-31 15:21:04: by Demo Demonstrator <br\\/> <br\\/>\"}','item_details','2','2019-03-31 15:21:04','ItemDetails','','2','Edited Date changed to 2019-03-31 15:00:02 => 2019-03-31 15:21:04 <br/>Changed Log changed to  <br/> 2019-03-31 15:00:02: by Demo Demonstrator <br/> <br/> =>  <br/> 2019-03-31 15:00:02: by Demo Demonstrator <br/> <br/> <br/> 2019-03-31 15:21:04: by Demo Demonstrator <br/> <br/> <br/>');
INSERT INTO `change_log` (`Change_ID`,`Record_Data`,`Table_Name`,`Done_By`,`Done_Date`,`Class_Name`,`Restore`,`Type`,`Changes`) VALUES
('53','{\"Item_ID\":\"8\",\"Reference_No\":\"5555\",\"System_Ref_No\":\"1706\",\"Patient_Name\":\"sdad\",\"Received_Date\":\"2019-03-29\",\"BHT_No\":\"22558\",\"Age\":\"42\",\"First_Surgery_Date\":\"2019-03-29\",\"Sterilized_Status\":\"0\",\"Sterilize_Date\":null,\"Hospital_ID\":\"2\",\"Ward\":\"25\",\"Guardian_Name\":\"dasfdfadf\",\"Guardian_NIC\":\"562421106V\",\"Address\":\"dfdfdaf\",\"Received_By\":\"2\",\"Mobile_No\":\"0714747140\",\"Land_Phone_No\":\"0714747140\",\"Comments\":\"sdsd\",\"Item_Status\":\"1\",\"Ordered_Status\":\"0\",\"Ordered_Date\":null,\"Issued_Status\":\"0\",\"Issue_Date\":null,\"Issue_Remark\":null,\"Release_Status\":\"0\",\"Release_Reason_ID\":null,\"Release_Date\":null,\"Renew_Status\":null,\"Renew_Date\":null,\"Added_By\":\"2\",\"Added_Date\":\"2019-03-29 02:59:26\",\"Edited_By\":\"2\",\"Edited_Date\":\"2019-03-31 15:23:19\",\"Changed_Log\":\" <br\\/> 2019-03-31 15:00:02: by Demo Demonstrator <br\\/> <br\\/> <br\\/> 2019-03-31 15:21:04: by Demo Demonstrator <br\\/> <br\\/> <br\\/> 2019-03-31 15:23:19: by Demo Demonstrator <br\\/> <br\\/>\"}','item_details','2','2019-03-31 15:23:19','ItemDetails','','2','Edited Date changed to 2019-03-31 15:21:04 => 2019-03-31 15:23:19 <br/>Changed Log changed to  <br/> 2019-03-31 15:00:02: by Demo Demonstrator <br/> <br/> <br/> 2019-03-31 15:21:04: by Demo Demonstrator <br/> <br/> =>  <br/> 2019-03-31 15:00:02: by Demo Demonstrator <br/> <br/> <br/> 2019-03-31 15:21:04: by Demo Demonstrator <br/> <br/> <br/> 2019-03-31 15:23:19: by Demo Demonstrator <br/> <br/> <br/>');
INSERT INTO `change_log` (`Change_ID`,`Record_Data`,`Table_Name`,`Done_By`,`Done_Date`,`Class_Name`,`Restore`,`Type`,`Changes`) VALUES
('56','{\"Item_ID\":\"8\",\"Reference_No\":\"5555\",\"System_Ref_No\":\"1706\",\"Patient_Name\":\"sdad\",\"Received_Date\":\"2019-03-29\",\"BHT_No\":\"22558\",\"Age\":\"42\",\"First_Surgery_Date\":\"2019-03-29\",\"Sterilized_Status\":\"0\",\"Sterilize_Date\":null,\"Hospital_ID\":\"2\",\"Ward\":\"25\",\"Guardian_Name\":\"dasfdfadf\",\"Guardian_NIC\":\"562421106V\",\"Address\":\"dfdfdaf\",\"Received_By\":\"2\",\"Mobile_No\":\"0714747140\",\"Land_Phone_No\":\"0714747140\",\"Comments\":\"sdsd\",\"Item_Status\":\"1\",\"Ordered_Status\":\"0\",\"Ordered_Date\":null,\"Issued_Status\":\"0\",\"Issue_Date\":null,\"Issue_Remark\":null,\"Release_Status\":\"0\",\"Release_Reason_ID\":null,\"Release_Date\":null,\"Renew_Status\":null,\"Renew_Date\":null,\"Added_By\":\"2\",\"Added_Date\":\"2019-03-29 02:59:26\",\"Edited_By\":\"2\",\"Edited_Date\":\"2019-03-31 15:25:58\",\"Changed_Log\":\" <br\\/> 2019-03-31 15:00:02: by Demo Demonstrator <br\\/> <br\\/> <br\\/> 2019-03-31 15:21:04: by Demo Demonstrator <br\\/> <br\\/> <br\\/> 2019-03-31 15:23:19: by Demo Demonstrator <br\\/> <br\\/> <br\\/> 2019-03-31 15:25:58: by Demo Demonstrator <br\\/> <br\\/>\"}','item_details','2','2019-03-31 15:25:58','ItemDetails','','2','Edited Date changed to 2019-03-31 15:23:19 => 2019-03-31 15:25:58 <br/>Changed Log changed to  <br/> 2019-03-31 15:00:02: by Demo Demonstrator <br/> <br/> <br/> 2019-03-31 15:21:04: by Demo Demonstrator <br/> <br/> <br/> 2019-03-31 15:23:19: by Demo Demonstrator <br/> <br/> =>  <br/> 2019-03-31 15:00:02: by Demo Demonstrator <br/> <br/> <br/> 2019-03-31 15:21:04: by Demo Demonstrator <br/> <br/> <br/> 2019-03-31 15:23:19: by Demo Demonstrator <br/> <br/> <br/> 2019-03-31 15:25:58: by Demo Demonstrator <br/> <br/> <br/>');
INSERT INTO `change_log` (`Change_ID`,`Record_Data`,`Table_Name`,`Done_By`,`Done_Date`,`Class_Name`,`Restore`,`Type`,`Changes`) VALUES
('57','{\"Item_ID\":\"8\",\"Reference_No\":\"5555\",\"System_Ref_No\":\"1706\",\"Patient_Name\":\"sdad\",\"Received_Date\":\"2019-03-29\",\"BHT_No\":\"22558\",\"Age\":\"42\",\"First_Surgery_Date\":\"2019-03-29\",\"Sterilized_Status\":\"0\",\"Sterilize_Date\":null,\"Hospital_ID\":\"2\",\"Ward\":\"25\",\"Guardian_Name\":\"dasfdfadf\",\"Guardian_NIC\":\"562421106V\",\"Address\":\"dfdfdaf\",\"Received_By\":\"2\",\"Mobile_No\":\"0714747140\",\"Land_Phone_No\":\"0714747140\",\"Comments\":\"sdsd\",\"Item_Status\":\"1\",\"Ordered_Status\":\"0\",\"Ordered_Date\":null,\"Issued_Status\":\"0\",\"Issue_Date\":null,\"Issue_Remark\":null,\"Release_Status\":\"0\",\"Release_Reason_ID\":null,\"Release_Date\":null,\"Renew_Status\":null,\"Renew_Date\":null,\"Added_By\":\"2\",\"Added_Date\":\"2019-03-29 02:59:26\",\"Edited_By\":\"2\",\"Edited_Date\":\"2019-03-31 15:56:07\",\"Changed_Log\":\" <br\\/> 2019-03-31 15:00:02: by Demo Demonstrator <br\\/> <br\\/> <br\\/> 2019-03-31 15:21:04: by Demo Demonstrator <br\\/> <br\\/> <br\\/> 2019-03-31 15:23:19: by Demo Demonstrator <br\\/> <br\\/> <br\\/> 2019-03-31 15:25:58: by Demo Demonstrator <br\\/> <br\\/> <br\\/> 2019-03-31 15:56:07: by Demo Demonstrator <br\\/> <br\\/>\"}','item_details','2','2019-03-31 15:56:07','ItemDetails','','2','Edited Date changed to 2019-03-31 15:25:58 => 2019-03-31 15:56:07 <br/>Changed Log changed to  <br/> 2019-03-31 15:00:02: by Demo Demonstrator <br/> <br/> <br/> 2019-03-31 15:21:04: by Demo Demonstrator <br/> <br/> <br/> 2019-03-31 15:23:19: by Demo Demonstrator <br/> <br/> <br/> 2019-03-31 15:25:58: by Demo Demonstrator <br/> <br/> =>  <br/> 2019-03-31 15:00:02: by Demo Demonstrator <br/> <br/> <br/> 2019-03-31 15:21:04: by Demo Demonstrator <br/> <br/> <br/> 2019-03-31 15:23:19: by Demo Demonstrator <br/> <br/> <br/> 2019-03-31 15:25:58: by Demo Demonstrator <br/> <br/> <br/> 2019-03-31 15:56:07: by Demo Demonstrator <br/> <br/> <br/>');
INSERT INTO `change_log` (`Change_ID`,`Record_Data`,`Table_Name`,`Done_By`,`Done_Date`,`Class_Name`,`Restore`,`Type`,`Changes`) VALUES
('58','{\"Item_ID\":\"8\",\"Reference_No\":\"5555\",\"System_Ref_No\":\"1706\",\"Patient_Name\":\"sdad\",\"Received_Date\":\"2019-03-29\",\"BHT_No\":\"22558\",\"Age\":\"42\",\"First_Surgery_Date\":\"2019-03-29\",\"Sterilized_Status\":\"0\",\"Sterilize_Date\":null,\"Hospital_ID\":\"2\",\"Ward\":\"25\",\"Guardian_Name\":\"dasfdfadf\",\"Guardian_NIC\":\"562421106V\",\"Address\":\"dfdfdaf\",\"Received_By\":\"2\",\"Mobile_No\":\"0714747140\",\"Land_Phone_No\":\"0714747140\",\"Comments\":\"sdsd\",\"Item_Status\":\"1\",\"Ordered_Status\":\"0\",\"Ordered_Date\":null,\"Issued_Status\":\"0\",\"Issue_Date\":null,\"Issue_Remark\":null,\"Release_Status\":\"0\",\"Release_Reason_ID\":null,\"Release_Date\":null,\"Renew_Status\":null,\"Renew_Date\":null,\"Added_By\":\"2\",\"Added_Date\":\"2019-03-29 02:59:26\",\"Edited_By\":\"2\",\"Edited_Date\":\"2019-03-31 15:59:35\",\"Changed_Log\":\" <br\\/> 2019-03-31 15:00:02: by Demo Demonstrator <br\\/> <br\\/> <br\\/> 2019-03-31 15:21:04: by Demo Demonstrator <br\\/> <br\\/> <br\\/> 2019-03-31 15:23:19: by Demo Demonstrator <br\\/> <br\\/> <br\\/> 2019-03-31 15:25:58: by Demo Demonstrator <br\\/> <br\\/> <br\\/> 2019-03-31 15:56:07: by Demo Demonstrator <br\\/> <br\\/> <br\\/> 2019-03-31 15:59:35: by Demo Demonstrator <br\\/> <br\\/>\"}','item_details','2','2019-03-31 15:59:35','ItemDetails','','2','Edited Date changed to 2019-03-31 15:56:07 => 2019-03-31 15:59:35 <br/>Changed Log changed to  <br/> 2019-03-31 15:00:02: by Demo Demonstrator <br/> <br/> <br/> 2019-03-31 15:21:04: by Demo Demonstrator <br/> <br/> <br/> 2019-03-31 15:23:19: by Demo Demonstrator <br/> <br/> <br/> 2019-03-31 15:25:58: by Demo Demonstrator <br/> <br/> <br/> 2019-03-31 15:56:07: by Demo Demonstrator <br/> <br/> =>  <br/> 2019-03-31 15:00:02: by Demo Demonstrator <br/> <br/> <br/> 2019-03-31 15:21:04: by Demo Demonstrator <br/> <br/> <br/> 2019-03-31 15:23:19: by Demo Demonstrator <br/> <br/> <br/> 2019-03-31 15:25:58: by Demo Demonstrator <br/> <br/> <br/> 2019-03-31 15:56:07: by Demo Demonstrator <br/> <br/> <br/> 2019-03-31 15:59:35: by Demo Demonstrator <br/> <br/> <br/>');
INSERT INTO `change_log` (`Change_ID`,`Record_Data`,`Table_Name`,`Done_By`,`Done_Date`,`Class_Name`,`Restore`,`Type`,`Changes`) VALUES
('59','{\"Item_ID\":\"8\",\"Reference_No\":\"5555\",\"System_Ref_No\":\"1706\",\"Patient_Name\":\"sdad\",\"Received_Date\":\"2019-03-29\",\"BHT_No\":\"22558\",\"Age\":\"42\",\"First_Surgery_Date\":\"2019-03-29\",\"Sterilized_Status\":\"0\",\"Sterilize_Date\":null,\"Hospital_ID\":\"2\",\"Ward\":\"25\",\"Guardian_Name\":\"dasfdfadf\",\"Guardian_NIC\":\"562421106V\",\"Address\":\"dfdfdaf\",\"Received_By\":\"2\",\"Mobile_No\":\"0714747140\",\"Land_Phone_No\":\"0714747140\",\"Comments\":\"sdsd\",\"Item_Status\":\"1\",\"Ordered_Status\":\"0\",\"Ordered_Date\":null,\"Issued_Status\":\"0\",\"Issue_Date\":null,\"Issue_Remark\":null,\"Release_Status\":\"0\",\"Release_Reason_ID\":null,\"Release_Date\":null,\"Renew_Status\":null,\"Renew_Date\":null,\"Added_By\":\"2\",\"Added_Date\":\"2019-03-29 02:59:26\",\"Edited_By\":\"2\",\"Edited_Date\":\"2019-03-31 16:01:12\",\"Changed_Log\":\" <br\\/> 2019-03-31 15:00:02: by Demo Demonstrator <br\\/> <br\\/> <br\\/> 2019-03-31 15:21:04: by Demo Demonstrator <br\\/> <br\\/> <br\\/> 2019-03-31 15:23:19: by Demo Demonstrator <br\\/> <br\\/> <br\\/> 2019-03-31 15:25:58: by Demo Demonstrator <br\\/> <br\\/> <br\\/> 2019-03-31 15:56:07: by Demo Demonstrator <br\\/> <br\\/> <br\\/> 2019-03-31 15:59:35: by Demo Demonstrator <br\\/> <br\\/> <br\\/> 2019-03-31 16:01:12: by Demo Demonstrator <br\\/> <br\\/>\"}','item_details','2','2019-03-31 16:01:12','ItemDetails','','2','Edited Date changed to 2019-03-31 15:59:35 => 2019-03-31 16:01:12 <br/>Changed Log changed to  <br/> 2019-03-31 15:00:02: by Demo Demonstrator <br/> <br/> <br/> 2019-03-31 15:21:04: by Demo Demonstrator <br/> <br/> <br/> 2019-03-31 15:23:19: by Demo Demonstrator <br/> <br/> <br/> 2019-03-31 15:25:58: by Demo Demonstrator <br/> <br/> <br/> 2019-03-31 15:56:07: by Demo Demonstrator <br/> <br/> <br/> 2019-03-31 15:59:35: by Demo Demonstrator <br/> <br/> =>  <br/> 2019-03-31 15:00:02: by Demo Demonstrator <br/> <br/> <br/> 2019-03-31 15:21:04: by Demo Demonstrator <br/> <br/> <br/> 2019-03-31 15:23:19: by Demo Demonstrator <br/> <br/> <br/> 2019-03-31 15:25:58: by Demo Demonstrator <br/> <br/> <br/> 2019-03-31 15:56:07: by Demo Demonstrator <br/> <br/> <br/> 2019-03-31 15:59:35: by Demo Demonstrator <br/> <br/> <br/> 2019-03-31 16:01:12: by Demo Demonstrator <br/> <br/> <br/>');
INSERT INTO `change_log` (`Change_ID`,`Record_Data`,`Table_Name`,`Done_By`,`Done_Date`,`Class_Name`,`Restore`,`Type`,`Changes`) VALUES
('60','{\"Item_ID\":\"3\",\"Reference_No\":\"1235\",\"System_Ref_No\":\"1703\",\"Patient_Name\":\"D. Silva\",\"Received_Date\":\"2018-04-28\",\"BHT_No\":\"3225\",\"Age\":\"55\",\"First_Surgery_Date\":\"2018-03-30\",\"Sterilized_Status\":\"1\",\"Sterilize_Date\":\"2019-03-20\",\"Hospital_ID\":\"2\",\"Ward\":\"15d\",\"Guardian_Name\":\"Mr. Hasitha Himanjalee Katugampola\",\"Guardian_NIC\":\"562421106X\",\"Address\":\"75 Wardplace\",\"Received_By\":\"2\",\"Mobile_No\":\"0714292673\",\"Land_Phone_No\":\"0712729623\",\"Comments\":\"wsds\",\"Item_Status\":\"4\",\"Ordered_Status\":\"1\",\"Ordered_Date\":\"2019-03-30\",\"Issued_Status\":\"1\",\"Issue_Date\":\"2019-03-29\",\"Issue_Remark\":null,\"Release_Status\":\"0\",\"Release_Reason_ID\":null,\"Release_Date\":null,\"Renew_Status\":null,\"Renew_Date\":null,\"Added_By\":\"2\",\"Added_Date\":\"2019-03-29 01:42:49\",\"Edited_By\":\"2\",\"Edited_Date\":\"2019-03-31 16:22:15\",\"Changed_Log\":\" <br\\/> 2019-03-29 01:45:23: by Demo Demonstrator <br\\/>  &nbsp;&nbsp; Sterilize  Date changed  =>  -> 2019-03-20 <br\\/><br\\/> <br\\/> 2019-03-29 01:47:01: by Demo Demonstrator <br\\/>  &nbsp;&nbsp; Order Date changed  =>  -> 2019-03-30 <br\\/><br\\/> <br\\/> 2019-03-29 02:23:16: by Demo Demonstrator <br\\/>  &nbsp;&nbsp; Issue Date changed  =>  -> 2019-03-29 <br\\/><br\\/> <br\\/> 2019-03-29 02:24:00: by Demo Demonstrator <br\\/>  &nbsp;&nbsp; Issue Date changed  => 2019-03-29 -> 2019-03-29 <br\\/><br\\/> <br\\/> 2019-03-31 16:22:15: by Demo Demonstrator <br\\/> <br\\/>\"}','item_details','2','2019-03-31 16:22:15','ItemDetails','','2','Edited Date changed to 2019-03-29 02:24:00 => 2019-03-31 16:22:15 <br/>Changed Log changed to  <br/> 2019-03-29 01:45:23: by Demo Demonstrator <br/>  &nbsp;&nbsp; Sterilize  Date changed  =>  -> 2019-03-20 <br/><br/> <br/> 2019-03-29 01:47:01: by Demo Demonstrator <br/>  &nbsp;&nbsp; Order Date changed  =>  -> 2019-03-30 <br/><br/> <br/> 2019-03-29 02:23:16: by Demo Demonstrator <br/>  &nbsp;&nbsp; Issue Date changed  =>  -> 2019-03-29 <br/><br/> <br/> 2019-03-29 02:24:00: by Demo Demonstrator <br/>  &nbsp;&nbsp; Issue Date changed  => 2019-03-29 -> 2019-03-29 <br/><br/> =>  <br/> 2019-03-29 01:45:23: by Demo Demonstrator <br/>  &nbsp;&nbsp; Sterilize  Date changed  =>  -> 2019-03-20 <br/><br/> <br/> 2019-03-29 01:47:01: by Demo Demonstrator <br/>  &nbsp;&nbsp; Order Date changed  =>  -> 2019-03-30 <br/><br/> <br/> 2019-03-29 02:23:16: by Demo Demonstrator <br/>  &nbsp;&nbsp; Issue Date changed  =>  -> 2019-03-29 <br/><br/> <br/> 2019-03-29 02:24:00: by Demo Demonstrator <br/>  &nbsp;&nbsp; Issue Date changed  => 2019-03-29 -> 2019-03-29 <br/><br/> <br/> 2019-03-31 16:22:15: by Demo Demonstrator <br/> <br/> <br/>');
INSERT INTO `change_log` (`Change_ID`,`Record_Data`,`Table_Name`,`Done_By`,`Done_Date`,`Class_Name`,`Restore`,`Type`,`Changes`) VALUES
('61','{\"id\":\"2\",\"username\":\"admin\",\"email\":\"demo@example.com\",\"create_at\":\"2019-02-16 12:25:25\",\"lastvisit_at\":\"2019-04-01 02:22:32\",\"superuser\":\"0\",\"status\":\"1\",\"Role_ID\":\"2\",\"password\":\"be137a85775380a9ab05ae0d00cca90e\",\"activkey\":\"67392ce422aadb3847eb6fd00febadc1\"}','tbl_users','2','2019-04-01 02:22:32','User','','2','Last visit changed to 2019-04-01 00:27:33 => 2019-04-01 02:22:32 <br/>');
INSERT INTO `change_log` (`Change_ID`,`Record_Data`,`Table_Name`,`Done_By`,`Done_Date`,`Class_Name`,`Restore`,`Type`,`Changes`) VALUES
('62','{\"id\":\"1\",\"username\":\"superAdmin\",\"email\":\"webmaster@example.co\",\"create_at\":\"2019-02-16 12:25:25\",\"lastvisit_at\":\"2019-04-01 02:36:07\",\"superuser\":\"1\",\"status\":\"1\",\"Role_ID\":\"1\",\"password\":\"0192023a7bbd73250516f069df18b500\",\"activkey\":\"c15b2fca6de77e6032c9fb34d53db2d1\"}','tbl_users','1','2019-04-01 02:36:07','User','','2','Last visit changed to 2019-03-25 11:21:53 => 2019-04-01 02:36:07 <br/>');
INSERT INTO `change_log` (`Change_ID`,`Record_Data`,`Table_Name`,`Done_By`,`Done_Date`,`Class_Name`,`Restore`,`Type`,`Changes`) VALUES
('63','{\"id\":\"2\",\"username\":\"admin\",\"email\":\"demo@example.com\",\"create_at\":\"2019-02-16 12:25:25\",\"lastvisit_at\":\"2019-04-01 02:36:42\",\"superuser\":\"0\",\"status\":\"1\",\"Role_ID\":\"2\",\"password\":\"be137a85775380a9ab05ae0d00cca90e\",\"activkey\":\"67392ce422aadb3847eb6fd00febadc1\"}','tbl_users','2','2019-04-01 02:36:42','User','','2','Last visit changed to 2019-04-01 02:22:32 => 2019-04-01 02:36:42 <br/>');
INSERT INTO `change_log` (`Change_ID`,`Record_Data`,`Table_Name`,`Done_By`,`Done_Date`,`Class_Name`,`Restore`,`Type`,`Changes`) VALUES
('64','{\"id\":\"2\",\"username\":\"admin\",\"email\":\"demo@example.com\",\"create_at\":\"2019-02-16 12:25:25\",\"lastvisit_at\":\"2019-04-01 09:33:47\",\"superuser\":\"0\",\"status\":\"1\",\"Role_ID\":\"2\",\"password\":\"be137a85775380a9ab05ae0d00cca90e\",\"activkey\":\"67392ce422aadb3847eb6fd00febadc1\"}','tbl_users','2','2019-04-01 09:33:47','User','','2','Last visit changed to 2019-04-01 02:36:42 => 2019-04-01 09:33:47 <br/>');
INSERT INTO `change_log` (`Change_ID`,`Record_Data`,`Table_Name`,`Done_By`,`Done_Date`,`Class_Name`,`Restore`,`Type`,`Changes`) VALUES
('65','{\"id\":\"2\",\"username\":\"admin\",\"email\":\"demo@example.com\",\"create_at\":\"2019-02-16 12:25:25\",\"lastvisit_at\":\"2019-04-01 10:59:06\",\"superuser\":\"0\",\"status\":\"1\",\"Role_ID\":\"2\",\"password\":\"be137a85775380a9ab05ae0d00cca90e\",\"activkey\":\"67392ce422aadb3847eb6fd00febadc1\"}','tbl_users','2','2019-04-01 10:59:06','User','','2','Last visit changed to 2019-04-01 09:33:47 => 2019-04-01 10:59:06 <br/>');
INSERT INTO `change_log` (`Change_ID`,`Record_Data`,`Table_Name`,`Done_By`,`Done_Date`,`Class_Name`,`Restore`,`Type`,`Changes`) VALUES
('66','{\"Item_ID\":\"6\",\"Reference_No\":\"120152\",\"System_Ref_No\":\"1705\",\"Patient_Name\":\"Mr.Power\",\"Received_Date\":\"2019-03-29\",\"BHT_No\":\"12522\\/19\",\"Age\":\"105\",\"First_Surgery_Date\":\"2019-03-01\",\"Sterilized_Status\":\"1\",\"Sterilize_Date\":\"2019-04-01\",\"Hospital_ID\":\"2\",\"Ward\":\"75\",\"Guardian_Name\":\"Mr.Asanaga Weerasinghe\",\"Guardian_NIC\":\"920690530V\",\"Address\":\"CHeguile ,China.\",\"Received_By\":\"2\",\"Mobile_No\":\"0711349070\",\"Land_Phone_No\":\"0112692051\",\"Comments\":\"Test\",\"Item_Status\":\"1\",\"Ordered_Status\":\"0\",\"Ordered_Date\":null,\"Issued_Status\":\"0\",\"Issue_Date\":null,\"Issue_Remark\":null,\"Release_Status\":\"0\",\"Release_Reason_ID\":null,\"Release_Date\":null,\"Renew_Status\":null,\"Renew_Date\":null,\"Added_By\":\"2\",\"Added_Date\":\"2019-03-29 02:56:03\",\"Edited_By\":\"2\",\"Edited_Date\":\"2019-04-01 11:05:15\",\"Changed_Log\":\" <br\\/> 2019-04-01 11:05:15: by Admin Administrator <br\\/>  &nbsp;&nbsp; Sterilize  Date changed  =>  -> 2019-04-01 <br\\/><br\\/>\"}','item_details','2','2019-04-01 11:05:15','ItemDetails','','2','Sterilized Status changed to 0 => 1 <br/>Sterilize  Date changed to  => 2019-04-01 <br/>Edited By changed to  => 2 <br/>Edited Date changed to  => 2019-04-01 11:05:15 <br/>Changed Log changed to  =>  <br/> 2019-04-01 11:05:15: by Admin Administrator <br/>  &nbsp;&nbsp; Sterilize  Date changed  =>  -> 2019-04-01 <br/><br/> <br/>');
INSERT INTO `change_log` (`Change_ID`,`Record_Data`,`Table_Name`,`Done_By`,`Done_Date`,`Class_Name`,`Restore`,`Type`,`Changes`) VALUES
('67','{\"Item_ID\":\"8\",\"Reference_No\":\"5555\",\"System_Ref_No\":\"1706\",\"Patient_Name\":\"sdad\",\"Received_Date\":\"2019-03-29\",\"BHT_No\":\"22558\",\"Age\":\"42\",\"First_Surgery_Date\":\"2019-03-29\",\"Sterilized_Status\":\"0\",\"Sterilize_Date\":null,\"Hospital_ID\":\"2\",\"Ward\":\"25\",\"Guardian_Name\":\"dasfdfadf\",\"Guardian_NIC\":\"562421106V\",\"Address\":\"dfdfdaf\",\"Received_By\":\"2\",\"Mobile_No\":\"0714747140\",\"Land_Phone_No\":\"0714747140\",\"Comments\":\"sdsd\",\"Item_Status\":\"7\",\"Ordered_Status\":\"0\",\"Ordered_Date\":null,\"Issued_Status\":\"0\",\"Issue_Date\":null,\"Issue_Remark\":null,\"Release_Status\":\"2\",\"Release_Reason_ID\":\"5\",\"Release_Date\":\"2019-04-01\",\"Renew_Status\":null,\"Renew_Date\":null,\"Added_By\":\"2\",\"Added_Date\":\"2019-03-29 02:59:26\",\"Edited_By\":\"2\",\"Edited_Date\":\"2019-04-01 11:14:17\",\"Changed_Log\":\" <br\\/> 2019-03-31 15:00:02: by Demo Demonstrator <br\\/> <br\\/> <br\\/> 2019-03-31 15:21:04: by Demo Demonstrator <br\\/> <br\\/> <br\\/> 2019-03-31 15:23:19: by Demo Demonstrator <br\\/> <br\\/> <br\\/> 2019-03-31 15:25:58: by Demo Demonstrator <br\\/> <br\\/> <br\\/> 2019-03-31 15:56:07: by Demo Demonstrator <br\\/> <br\\/> <br\\/> 2019-03-31 15:59:35: by Demo Demonstrator <br\\/> <br\\/> <br\\/> 2019-03-31 16:01:12: by Demo Demonstrator <br\\/> <br\\/> <br\\/> 2019-04-01 11:14:17: by Admin Administrator <br\\/>  &nbsp;&nbsp; Release\\/Discard Status changed  => No -> Yes <br\\/> &nbsp;&nbsp; Release\\/Discard Date changed  =>  -> 2019-04-01 <br\\/> &nbsp;&nbsp; Release\\/Discard Reason changed  => Dead ->  <br\\/><br\\/>\"}','item_details','2','2019-04-01 11:14:17','ItemDetails','','2','Item  Status changed to 1 => 7 <br/>Release/Discard Status changed to 0 => 2 <br/>Release/Discard Reason changed to  => 5 <br/>Release/Discard Date changed to  => 2019-04-01 <br/>Edited Date changed to 2019-03-31 16:01:12 => 2019-04-01 11:14:17 <br/>Changed Log changed to  <br/> 2019-03-31 15:00:02: by Demo Demonstrator <br/> <br/> <br/> 2019-03-31 15:21:04: by Demo Demonstrator <br/> <br/> <br/> 2019-03-31 15:23:19: by Demo Demonstrator <br/> <br/> <br/> 2019-03-31 15:25:58: by Demo Demonstrator <br/> <br/> <br/> 2019-03-31 15:56:07: by Demo Demonstrator <br/> <br/> <br/> 2019-03-31 15:59:35: by Demo Demonstrator <br/> <br/> <br/> 2019-03-31 16:01:12: by Demo Demonstrator <br/> <br/> =>  <br/> 2019-03-31 15:00:02: by Demo Demonstrator <br/> <br/> <br/> 2019-03-31 15:21:04: by Demo Demonstrator <br/> <br/> <br/> 2019-03-31 15:23:19: by Demo Demonstrator <br/> <br/> <br/> 2019-03-31 15:25:58: by Demo Demonstrator <br/> <br/> <br/> 2019-03-31 15:56:07: by Demo Demonstrator <br/> <br/> <br/> 2019-03-31 15:59:35: by Demo Demonstrator <br/> <br/> <br/> 2019-03-31 16:01:12: by Demo Demonstrator <br/> <br/> <br/> 2019-04-01 11:14:17: by Admin Administrator <br/>  &nbsp;&nbsp; Release/Discard Status changed  => No -> Yes <br/> &nbsp;&nbsp; Release/Discard Date changed  =>  -> 2019-04-01 <br/> &nbsp;&nbsp; Release/Discard Reason changed  => Dead ->  <br/><br/> <br/>');
INSERT INTO `change_log` (`Change_ID`,`Record_Data`,`Table_Name`,`Done_By`,`Done_Date`,`Class_Name`,`Restore`,`Type`,`Changes`) VALUES
('68','{\"id\":\"2\",\"username\":\"admin\",\"email\":\"demo@example.com\",\"create_at\":\"2019-02-16 12:25:25\",\"lastvisit_at\":\"2019-04-01 12:15:12\",\"superuser\":\"0\",\"status\":\"1\",\"Role_ID\":\"2\",\"password\":\"be137a85775380a9ab05ae0d00cca90e\",\"activkey\":\"67392ce422aadb3847eb6fd00febadc1\"}','tbl_users','2','2019-04-01 12:15:13','User','','2','Last visit changed to 2019-04-01 10:59:06 => 2019-04-01 12:15:12 <br/>');
INSERT INTO `change_log` (`Change_ID`,`Record_Data`,`Table_Name`,`Done_By`,`Done_Date`,`Class_Name`,`Restore`,`Type`,`Changes`) VALUES
('69','{\"Item_ID\":\"9\",\"Reference_No\":\"0\",\"System_Ref_No\":\"1707\",\"Patient_Name\":\"R. Ramaiya\",\"Received_Date\":\"2018-03-29\",\"BHT_No\":\"54\",\"Age\":\"55\",\"First_Surgery_Date\":\"2018-03-28\",\"Sterilized_Status\":\"1\",\"Sterilize_Date\":\"2018-06-21\",\"Hospital_ID\":\"5\",\"Ward\":\"22\",\"Guardian_Name\":\"Mr. Rajawella\",\"Guardian_NIC\":\"562421107V\",\"Address\":\"oiur;kluerfpidfpoisd\",\"Received_By\":\"2\",\"Mobile_No\":\"0718005269\",\"Land_Phone_No\":\"0718005268\",\"Comments\":\"Fell from the tree\",\"Item_Status\":\"1\",\"Ordered_Status\":\"0\",\"Ordered_Date\":null,\"Issued_Status\":\"0\",\"Issue_Date\":null,\"Issue_Remark\":null,\"Release_Status\":\"0\",\"Release_Reason_ID\":null,\"Release_Date\":null,\"Renew_Status\":null,\"Renew_Date\":null,\"Added_By\":\"2\",\"Added_Date\":\"2019-04-01 12:20:16\",\"Edited_By\":\"2\",\"Edited_Date\":\"2019-04-01 12:22:11\",\"Changed_Log\":\" <br\\/> 2019-04-01 12:22:11: by Admin Administrator <br\\/>  &nbsp;&nbsp; Sterilize  Date changed  =>  -> 2018-06-21 <br\\/><br\\/>\"}','item_details','2','2019-04-01 12:22:11','ItemDetails','','2','Sterilized Status changed to 0 => 1 <br/>Sterilize  Date changed to  => 2018-06-21 <br/>Edited By changed to  => 2 <br/>Edited Date changed to  => 2019-04-01 12:22:11 <br/>Changed Log changed to  =>  <br/> 2019-04-01 12:22:11: by Admin Administrator <br/>  &nbsp;&nbsp; Sterilize  Date changed  =>  -> 2018-06-21 <br/><br/> <br/>');
INSERT INTO `change_log` (`Change_ID`,`Record_Data`,`Table_Name`,`Done_By`,`Done_Date`,`Class_Name`,`Restore`,`Type`,`Changes`) VALUES
('70','{\"id\":\"2\",\"username\":\"admin\",\"email\":\"demo@example.com\",\"create_at\":\"2019-02-16 12:25:25\",\"lastvisit_at\":\"2019-04-01 13:19:50\",\"superuser\":\"0\",\"status\":\"1\",\"Role_ID\":\"2\",\"password\":\"be137a85775380a9ab05ae0d00cca90e\",\"activkey\":\"67392ce422aadb3847eb6fd00febadc1\"}','tbl_users','2','2019-04-01 13:19:50','User','','2','Last visit changed to 2019-04-01 12:15:12 => 2019-04-01 13:19:50 <br/>');
INSERT INTO `change_log` (`Change_ID`,`Record_Data`,`Table_Name`,`Done_By`,`Done_Date`,`Class_Name`,`Restore`,`Type`,`Changes`) VALUES
('71','{\"id\":\"2\",\"username\":\"admin\",\"email\":\"demo@example.com\",\"create_at\":\"2019-02-16 12:25:25\",\"lastvisit_at\":\"2019-04-01 13:25:02\",\"superuser\":\"0\",\"status\":\"1\",\"Role_ID\":\"2\",\"password\":\"be137a85775380a9ab05ae0d00cca90e\",\"activkey\":\"67392ce422aadb3847eb6fd00febadc1\"}','tbl_users','2','2019-04-01 13:25:02','User','','2','Last visit changed to 2019-04-01 13:19:50 => 2019-04-01 13:25:02 <br/>');
INSERT INTO `change_log` (`Change_ID`,`Record_Data`,`Table_Name`,`Done_By`,`Done_Date`,`Class_Name`,`Restore`,`Type`,`Changes`) VALUES
('72','{\"id\":\"2\",\"username\":\"admin\",\"email\":\"demo@example.com\",\"create_at\":\"2019-02-16 12:25:25\",\"lastvisit_at\":\"2019-04-02 09:19:27\",\"superuser\":\"0\",\"status\":\"1\",\"Role_ID\":\"2\",\"password\":\"be137a85775380a9ab05ae0d00cca90e\",\"activkey\":\"67392ce422aadb3847eb6fd00febadc1\"}','tbl_users','2','2019-04-02 09:19:27','User','','2','Last visit changed to 2019-04-01 13:25:02 => 2019-04-02 09:19:27 <br/>');
INSERT INTO `change_log` (`Change_ID`,`Record_Data`,`Table_Name`,`Done_By`,`Done_Date`,`Class_Name`,`Restore`,`Type`,`Changes`) VALUES
('73','{\"id\":\"2\",\"username\":\"admin\",\"email\":\"demo@example.com\",\"create_at\":\"2019-02-16 12:25:25\",\"lastvisit_at\":\"2019-04-02 11:09:20\",\"superuser\":\"0\",\"status\":\"1\",\"Role_ID\":\"2\",\"password\":\"be137a85775380a9ab05ae0d00cca90e\",\"activkey\":\"67392ce422aadb3847eb6fd00febadc1\"}','tbl_users','2','2019-04-02 11:09:20','User','','2','Last visit changed to 2019-04-02 09:19:27 => 2019-04-02 11:09:20 <br/>');
INSERT INTO `change_log` (`Change_ID`,`Record_Data`,`Table_Name`,`Done_By`,`Done_Date`,`Class_Name`,`Restore`,`Type`,`Changes`) VALUES
('74','{\"id\":\"2\",\"username\":\"admin\",\"email\":\"demo@example.com\",\"create_at\":\"2019-02-16 12:25:25\",\"lastvisit_at\":\"2019-04-02 11:57:58\",\"superuser\":\"0\",\"status\":\"1\",\"Role_ID\":\"2\",\"password\":\"be137a85775380a9ab05ae0d00cca90e\",\"activkey\":\"67392ce422aadb3847eb6fd00febadc1\"}','tbl_users','2','2019-04-02 11:57:58','User','','2','Last visit changed to 2019-04-02 11:09:20 => 2019-04-02 11:57:58 <br/>');
INSERT INTO `change_log` (`Change_ID`,`Record_Data`,`Table_Name`,`Done_By`,`Done_Date`,`Class_Name`,`Restore`,`Type`,`Changes`) VALUES
('75','{\"id\":\"2\",\"username\":\"admin\",\"email\":\"demo@example.com\",\"create_at\":\"2019-02-16 12:25:25\",\"lastvisit_at\":\"2019-04-02 12:28:37\",\"superuser\":\"0\",\"status\":\"1\",\"Role_ID\":\"2\",\"password\":\"be137a85775380a9ab05ae0d00cca90e\",\"activkey\":\"67392ce422aadb3847eb6fd00febadc1\"}','tbl_users','2','2019-04-02 12:28:37','User','','2','Last visit changed to 2019-04-02 11:57:58 => 2019-04-02 12:28:37 <br/>');
INSERT INTO `change_log` (`Change_ID`,`Record_Data`,`Table_Name`,`Done_By`,`Done_Date`,`Class_Name`,`Restore`,`Type`,`Changes`) VALUES
('76','{\"id\":\"2\",\"username\":\"admin\",\"email\":\"demo@example.com\",\"create_at\":\"2019-02-16 12:25:25\",\"lastvisit_at\":\"2019-04-02 23:35:03\",\"superuser\":\"0\",\"status\":\"1\",\"Role_ID\":\"2\",\"password\":\"be137a85775380a9ab05ae0d00cca90e\",\"activkey\":\"67392ce422aadb3847eb6fd00febadc1\"}','tbl_users','2','2019-04-02 23:35:03','User','','2','Last visit changed to 2019-04-02 12:28:37 => 2019-04-02 23:35:03 <br/>');
INSERT INTO `change_log` (`Change_ID`,`Record_Data`,`Table_Name`,`Done_By`,`Done_Date`,`Class_Name`,`Restore`,`Type`,`Changes`) VALUES
('77','{\"id\":\"2\",\"username\":\"admin\",\"email\":\"demo@example.com\",\"create_at\":\"2019-02-16 12:25:25\",\"lastvisit_at\":\"2019-04-03 10:22:14\",\"superuser\":\"0\",\"status\":\"1\",\"Role_ID\":\"2\",\"password\":\"be137a85775380a9ab05ae0d00cca90e\",\"activkey\":\"67392ce422aadb3847eb6fd00febadc1\"}','tbl_users','2','2019-04-03 10:22:14','User','','2','Last visit changed to 2019-04-02 23:35:03 => 2019-04-03 10:22:14 <br/>');
INSERT INTO `change_log` (`Change_ID`,`Record_Data`,`Table_Name`,`Done_By`,`Done_Date`,`Class_Name`,`Restore`,`Type`,`Changes`) VALUES
('78','{\"Item_ID\":\"6\",\"Reference_No\":\"120152\",\"System_Ref_No\":\"1705\",\"Patient_Name\":\"Mr.Power\",\"Received_Date\":\"2019-03-29\",\"BHT_No\":\"12522\\/19\",\"Age\":\"105\",\"First_Surgery_Date\":\"2019-03-01\",\"Sterilized_Status\":\"1\",\"Sterilize_Date\":\"2019-04-01\",\"Hospital_ID\":\"2\",\"Ward\":\"75\",\"Guardian_Name\":\"Mr.Asanaga Weerasinghe\",\"Guardian_NIC\":\"920690530V\",\"Address\":\"CHeguile ,China.\",\"Received_By\":\"2\",\"Mobile_No\":\"0711349070\",\"Land_Phone_No\":\"0112692051\",\"Comments\":\"Test\",\"Item_Status\":\"5\",\"Ordered_Status\":\"1\",\"Ordered_Date\":\"2019-05-25\",\"Issued_Status\":\"0\",\"Issue_Date\":null,\"Issue_Remark\":null,\"Release_Status\":\"0\",\"Release_Reason_ID\":null,\"Release_Date\":null,\"Renew_Status\":null,\"Renew_Date\":null,\"Added_By\":\"2\",\"Added_Date\":\"2019-03-29 02:56:03\",\"Edited_By\":\"2\",\"Edited_Date\":\"2019-04-03 10:35:52\",\"Changed_Log\":\" <br\\/> 2019-04-01 11:05:15: by Admin Administrator <br\\/>  &nbsp;&nbsp; Sterilize  Date changed  =>  -> 2019-04-01 <br\\/><br\\/> <br\\/> 2019-04-03 10:35:52: by Admin Administrator <br\\/>  &nbsp;&nbsp; Order Date changed  =>  -> 2019-05-25 <br\\/><br\\/>\"}','item_details','2','2019-04-03 10:35:52','ItemDetails','','2','Item  Status changed to 1 => 5 <br/>Order Status changed to 0 => 1 <br/>Order Date changed to  => 2019-05-25 <br/>Edited Date changed to 2019-04-01 11:05:15 => 2019-04-03 10:35:52 <br/>Changed Log changed to  <br/> 2019-04-01 11:05:15: by Admin Administrator <br/>  &nbsp;&nbsp; Sterilize  Date changed  =>  -> 2019-04-01 <br/><br/> =>  <br/> 2019-04-01 11:05:15: by Admin Administrator <br/>  &nbsp;&nbsp; Sterilize  Date changed  =>  -> 2019-04-01 <br/><br/> <br/> 2019-04-03 10:35:52: by Admin Administrator <br/>  &nbsp;&nbsp; Order Date changed  =>  -> 2019-05-25 <br/><br/> <br/>');
INSERT INTO `change_log` (`Change_ID`,`Record_Data`,`Table_Name`,`Done_By`,`Done_Date`,`Class_Name`,`Restore`,`Type`,`Changes`) VALUES
('79','{\"Item_ID\":\"6\",\"Reference_No\":\"120152\",\"System_Ref_No\":\"1705\",\"Patient_Name\":\"Mr.Power\",\"Received_Date\":\"2019-03-29\",\"BHT_No\":\"12522\\/19\",\"Age\":\"105\",\"First_Surgery_Date\":\"2019-03-01\",\"Sterilized_Status\":\"1\",\"Sterilize_Date\":\"2019-04-01\",\"Hospital_ID\":\"2\",\"Ward\":\"75\",\"Guardian_Name\":\"Mr.Asanaga Weerasinghe\",\"Guardian_NIC\":\"920690530V\",\"Address\":\"CHeguile ,China.\",\"Received_By\":\"2\",\"Mobile_No\":\"0711349070\",\"Land_Phone_No\":\"0112692051\",\"Comments\":\"Test\",\"Item_Status\":\"4\",\"Ordered_Status\":\"1\",\"Ordered_Date\":\"2019-05-25\",\"Issued_Status\":\"1\",\"Issue_Date\":\"2019-04-03\",\"Issue_Remark\":null,\"Release_Status\":\"0\",\"Release_Reason_ID\":null,\"Release_Date\":null,\"Renew_Status\":null,\"Renew_Date\":null,\"Added_By\":\"2\",\"Added_Date\":\"2019-03-29 02:56:03\",\"Edited_By\":\"2\",\"Edited_Date\":\"2019-04-03 10:38:03\",\"Changed_Log\":\" <br\\/> 2019-04-01 11:05:15: by Admin Administrator <br\\/>  &nbsp;&nbsp; Sterilize  Date changed  =>  -> 2019-04-01 <br\\/><br\\/> <br\\/> 2019-04-03 10:35:52: by Admin Administrator <br\\/>  &nbsp;&nbsp; Order Date changed  =>  -> 2019-05-25 <br\\/><br\\/> <br\\/> 2019-04-03 10:38:03: by Admin Administrator <br\\/>  &nbsp;&nbsp; Issue Date changed  =>  -> 2019-04-03 <br\\/><br\\/>\"}','item_details','2','2019-04-03 10:38:03','ItemDetails','','2','Item  Status changed to 5 => 4 <br/>Issue Status changed to 0 => 1 <br/>Issue Date changed to  => 2019-04-03 <br/>Edited Date changed to 2019-04-03 10:35:52 => 2019-04-03 10:38:03 <br/>Changed Log changed to  <br/> 2019-04-01 11:05:15: by Admin Administrator <br/>  &nbsp;&nbsp; Sterilize  Date changed  =>  -> 2019-04-01 <br/><br/> <br/> 2019-04-03 10:35:52: by Admin Administrator <br/>  &nbsp;&nbsp; Order Date changed  =>  -> 2019-05-25 <br/><br/> =>  <br/> 2019-04-01 11:05:15: by Admin Administrator <br/>  &nbsp;&nbsp; Sterilize  Date changed  =>  -> 2019-04-01 <br/><br/> <br/> 2019-04-03 10:35:52: by Admin Administrator <br/>  &nbsp;&nbsp; Order Date changed  =>  -> 2019-05-25 <br/><br/> <br/> 2019-04-03 10:38:03: by Admin Administrator <br/>  &nbsp;&nbsp; Issue Date changed  =>  -> 2019-04-03 <br/><br/> <br/>');
INSERT INTO `change_log` (`Change_ID`,`Record_Data`,`Table_Name`,`Done_By`,`Done_Date`,`Class_Name`,`Restore`,`Type`,`Changes`) VALUES
('80','{\"Item_ID\":\"9\",\"Reference_No\":\"0\",\"System_Ref_No\":\"2000\",\"Patient_Name\":\"R. Ramaiya\",\"Received_Date\":\"2018-03-29\",\"BHT_No\":\"54\",\"Age\":\"55\",\"First_Surgery_Date\":\"2018-03-28\",\"Sterilized_Status\":\"1\",\"Sterilize_Date\":\"2018-06-21\",\"Hospital_ID\":\"5\",\"Ward\":\"22\",\"Guardian_Name\":\"Mr. Rajawella\",\"Guardian_NIC\":\"562421107V\",\"Address\":\"oiur;kluerfpidfpoisd\",\"Received_By\":\"2\",\"Mobile_No\":\"0718005269\",\"Land_Phone_No\":\"0718005268\",\"Comments\":\"Fell from the tree\",\"Item_Status\":\"3\",\"Ordered_Status\":\"0\",\"Ordered_Date\":null,\"Issued_Status\":\"0\",\"Issue_Date\":null,\"Issue_Remark\":null,\"Release_Status\":\"0\",\"Release_Reason_ID\":null,\"Release_Date\":null,\"Renew_Status\":\"0\",\"Renew_Date\":null,\"Added_By\":\"2\",\"Added_Date\":\"2019-04-01 12:20:16\",\"Edited_By\":\"2\",\"Edited_Date\":\"2019-04-03 10:39:24\",\"Changed_Log\":\" <br\\/> 2019-04-01 12:22:11: by Admin Administrator <br\\/>  &nbsp;&nbsp; Sterilize  Date changed  =>  -> 2018-06-21 <br\\/><br\\/> <br\\/> 2019-04-03 10:39:24: by Admin Administrator <br\\/>  &nbsp;&nbsp; Renew  Status changed  => No -> Yes <br\\/> &nbsp;&nbsp; Renew  Date changed  =>  ->  <br\\/><br\\/>\"}','item_details','2','2019-04-03 10:39:24','ItemDetails','','2','Item  Status changed to 1 => 3 <br/>Renew  Status changed to  => 0 <br/>Edited Date changed to 2019-04-01 12:22:11 => 2019-04-03 10:39:24 <br/>Changed Log changed to  <br/> 2019-04-01 12:22:11: by Admin Administrator <br/>  &nbsp;&nbsp; Sterilize  Date changed  =>  -> 2018-06-21 <br/><br/> =>  <br/> 2019-04-01 12:22:11: by Admin Administrator <br/>  &nbsp;&nbsp; Sterilize  Date changed  =>  -> 2018-06-21 <br/><br/> <br/> 2019-04-03 10:39:24: by Admin Administrator <br/>  &nbsp;&nbsp; Renew  Status changed  => No -> Yes <br/> &nbsp;&nbsp; Renew  Date changed  =>  ->  <br/><br/> <br/>');
INSERT INTO `change_log` (`Change_ID`,`Record_Data`,`Table_Name`,`Done_By`,`Done_Date`,`Class_Name`,`Restore`,`Type`,`Changes`) VALUES
('81','{\"Item_ID\":\"9\",\"Reference_No\":\"0\",\"System_Ref_No\":\"2000\",\"Patient_Name\":\"R. Ramaiya\",\"Received_Date\":\"2018-03-29\",\"BHT_No\":\"54\",\"Age\":\"55\",\"First_Surgery_Date\":\"2018-03-28\",\"Sterilized_Status\":\"1\",\"Sterilize_Date\":\"2018-06-21\",\"Hospital_ID\":\"5\",\"Ward\":\"22\",\"Guardian_Name\":\"Mr. Rajawella\",\"Guardian_NIC\":\"562421107V\",\"Address\":\"oiur;kluerfpidfpoisd\",\"Received_By\":\"2\",\"Mobile_No\":\"0718005269\",\"Land_Phone_No\":\"0718005268\",\"Comments\":\"Fell from the tree\",\"Item_Status\":\"3\",\"Ordered_Status\":\"0\",\"Ordered_Date\":null,\"Issued_Status\":\"0\",\"Issue_Date\":null,\"Issue_Remark\":null,\"Release_Status\":\"0\",\"Release_Reason_ID\":null,\"Release_Date\":null,\"Renew_Status\":\"0\",\"Renew_Date\":null,\"Added_By\":\"2\",\"Added_Date\":\"2019-04-01 12:20:16\",\"Edited_By\":\"2\",\"Edited_Date\":\"2019-04-03 10:39:51\",\"Changed_Log\":\" <br\\/> 2019-04-01 12:22:11: by Admin Administrator <br\\/>  &nbsp;&nbsp; Sterilize  Date changed  =>  -> 2018-06-21 <br\\/><br\\/> <br\\/> 2019-04-03 10:39:24: by Admin Administrator <br\\/>  &nbsp;&nbsp; Renew  Status changed  => No -> Yes <br\\/> &nbsp;&nbsp; Renew  Date changed  =>  ->  <br\\/><br\\/> <br\\/> 2019-04-03 10:39:51: by Admin Administrator <br\\/>  &nbsp;&nbsp; Renew  Status changed  => No -> Yes <br\\/> &nbsp;&nbsp; Renew  Date changed  =>  ->  <br\\/><br\\/>\"}','item_details','2','2019-04-03 10:39:51','ItemDetails','','2','Edited Date changed to 2019-04-03 10:39:24 => 2019-04-03 10:39:51 <br/>Changed Log changed to  <br/> 2019-04-01 12:22:11: by Admin Administrator <br/>  &nbsp;&nbsp; Sterilize  Date changed  =>  -> 2018-06-21 <br/><br/> <br/> 2019-04-03 10:39:24: by Admin Administrator <br/>  &nbsp;&nbsp; Renew  Status changed  => No -> Yes <br/> &nbsp;&nbsp; Renew  Date changed  =>  ->  <br/><br/> =>  <br/> 2019-04-01 12:22:11: by Admin Administrator <br/>  &nbsp;&nbsp; Sterilize  Date changed  =>  -> 2018-06-21 <br/><br/> <br/> 2019-04-03 10:39:24: by Admin Administrator <br/>  &nbsp;&nbsp; Renew  Status changed  => No -> Yes <br/> &nbsp;&nbsp; Renew  Date changed  =>  ->  <br/><br/> <br/> 2019-04-03 10:39:51: by Admin Administrator <br/>  &nbsp;&nbsp; Renew  Status changed  => No -> Yes <br/> &nbsp;&nbsp; Renew  Date changed  =>  ->  <br/><br/> <br/>');
INSERT INTO `change_log` (`Change_ID`,`Record_Data`,`Table_Name`,`Done_By`,`Done_Date`,`Class_Name`,`Restore`,`Type`,`Changes`) VALUES
('82','{\"Item_ID\":\"9\",\"Status_ID\":\"3\",\"Date\":\"2019-04-03\",\"Amount\":\"1000.00\",\"Receipt_No\":\"6666\",\"Added_By\":\"2\",\"Added_Date\":\"2019-04-03 10:39:24\"}','item_payments','2','2019-04-03 10:39:51','ItemPayments','','2','Receipt No changed to  => 6666 <br/>');
INSERT INTO `change_log` (`Change_ID`,`Record_Data`,`Table_Name`,`Done_By`,`Done_Date`,`Class_Name`,`Restore`,`Type`,`Changes`) VALUES
('83','{\"Item_ID\":\"9\",\"Reference_No\":\"0\",\"System_Ref_No\":\"2000\",\"Patient_Name\":\"R. Ramaiya\",\"Received_Date\":\"2018-03-29\",\"BHT_No\":\"54\",\"Age\":\"55\",\"First_Surgery_Date\":\"2018-03-28\",\"Sterilized_Status\":\"1\",\"Sterilize_Date\":\"2018-06-21\",\"Hospital_ID\":\"5\",\"Ward\":\"22\",\"Guardian_Name\":\"Mr. Rajawella\",\"Guardian_NIC\":\"562421107V\",\"Address\":\"oiur;kluerfpidfpoisd\",\"Received_By\":\"2\",\"Mobile_No\":\"0718005269\",\"Land_Phone_No\":\"0718005268\",\"Comments\":\"Fell from the tree\",\"Item_Status\":\"3\",\"Ordered_Status\":\"0\",\"Ordered_Date\":null,\"Issued_Status\":\"0\",\"Issue_Date\":null,\"Issue_Remark\":null,\"Release_Status\":\"0\",\"Release_Reason_ID\":null,\"Release_Date\":null,\"Renew_Status\":\"0\",\"Renew_Date\":null,\"Added_By\":\"2\",\"Added_Date\":\"2019-04-01 12:20:16\",\"Edited_By\":\"2\",\"Edited_Date\":\"2019-04-03 10:39:58\",\"Changed_Log\":\" <br\\/> 2019-04-01 12:22:11: by Admin Administrator <br\\/>  &nbsp;&nbsp; Sterilize  Date changed  =>  -> 2018-06-21 <br\\/><br\\/> <br\\/> 2019-04-03 10:39:24: by Admin Administrator <br\\/>  &nbsp;&nbsp; Renew  Status changed  => No -> Yes <br\\/> &nbsp;&nbsp; Renew  Date changed  =>  ->  <br\\/><br\\/> <br\\/> 2019-04-03 10:39:51: by Admin Administrator <br\\/>  &nbsp;&nbsp; Renew  Status changed  => No -> Yes <br\\/> &nbsp;&nbsp; Renew  Date changed  =>  ->  <br\\/><br\\/> <br\\/> 2019-04-03 10:39:58: by Admin Administrator <br\\/>  &nbsp;&nbsp; Renew  Status changed  => No -> Yes <br\\/> &nbsp;&nbsp; Renew  Date changed  =>  ->  <br\\/><br\\/>\"}','item_details','2','2019-04-03 10:39:58','ItemDetails','','2','Edited Date changed to 2019-04-03 10:39:51 => 2019-04-03 10:39:58 <br/>Changed Log changed to  <br/> 2019-04-01 12:22:11: by Admin Administrator <br/>  &nbsp;&nbsp; Sterilize  Date changed  =>  -> 2018-06-21 <br/><br/> <br/> 2019-04-03 10:39:24: by Admin Administrator <br/>  &nbsp;&nbsp; Renew  Status changed  => No -> Yes <br/> &nbsp;&nbsp; Renew  Date changed  =>  ->  <br/><br/> <br/> 2019-04-03 10:39:51: by Admin Administrator <br/>  &nbsp;&nbsp; Renew  Status changed  => No -> Yes <br/> &nbsp;&nbsp; Renew  Date changed  =>  ->  <br/><br/> =>  <br/> 2019-04-01 12:22:11: by Admin Administrator <br/>  &nbsp;&nbsp; Sterilize  Date changed  =>  -> 2018-06-21 <br/><br/> <br/> 2019-04-03 10:39:24: by Admin Administrator <br/>  &nbsp;&nbsp; Renew  Status changed  => No -> Yes <br/> &nbsp;&nbsp; Renew  Date changed  =>  ->  <br/><br/> <br/> 2019-04-03 10:39:51: by Admin Administrator <br/>  &nbsp;&nbsp; Renew  Status changed  => No -> Yes <br/> &nbsp;&nbsp; Renew  Date changed  =>  ->  <br/><br/> <br/> 2019-04-03 10:39:58: by Admin Administrator <br/>  &nbsp;&nbsp; Renew  Status changed  => No -> Yes <br/> &nbsp;&nbsp; Renew  Date changed  =>  ->  <br/><br/> <br/>');
INSERT INTO `change_log` (`Change_ID`,`Record_Data`,`Table_Name`,`Done_By`,`Done_Date`,`Class_Name`,`Restore`,`Type`,`Changes`) VALUES
('84','{\"id\":\"2\",\"username\":\"admin\",\"email\":\"demo@example.com\",\"create_at\":\"2019-02-16 12:25:25\",\"lastvisit_at\":\"2019-04-03 10:48:04\",\"superuser\":\"0\",\"status\":\"1\",\"Role_ID\":\"2\",\"password\":\"be137a85775380a9ab05ae0d00cca90e\",\"activkey\":\"67392ce422aadb3847eb6fd00febadc1\"}','tbl_users','2','2019-04-03 10:48:04','User','','2','Last visit changed to 2019-04-03 10:22:14 => 2019-04-03 10:48:04 <br/>');
INSERT INTO `change_log` (`Change_ID`,`Record_Data`,`Table_Name`,`Done_By`,`Done_Date`,`Class_Name`,`Restore`,`Type`,`Changes`) VALUES
('85','{\"Item_ID\":\"9\",\"Reference_No\":\"0\",\"System_Ref_No\":\"2000\",\"Patient_Name\":\"R. Ramaiya\",\"Received_Date\":\"2018-03-29\",\"BHT_No\":\"54\",\"Age\":\"55\",\"First_Surgery_Date\":\"2018-03-28\",\"Sterilized_Status\":\"1\",\"Sterilize_Date\":\"2018-06-21\",\"Hospital_ID\":\"5\",\"Ward\":\"22\",\"Guardian_Name\":\"Mr. Rajawella\",\"Guardian_NIC\":\"562421107V\",\"Address\":\"oiur;kluerfpidfpoisd\",\"Received_By\":\"2\",\"Mobile_No\":\"0718005269\",\"Land_Phone_No\":\"0718005268\",\"Comments\":\"Fell from the tree\",\"Item_Status\":\"3\",\"Ordered_Status\":\"0\",\"Ordered_Date\":null,\"Issued_Status\":\"0\",\"Issue_Date\":null,\"Issue_Remark\":null,\"Release_Status\":\"0\",\"Release_Reason_ID\":null,\"Release_Date\":null,\"Renew_Status\":\"0\",\"Renew_Date\":null,\"Added_By\":\"2\",\"Added_Date\":\"2019-04-01 12:20:16\",\"Edited_By\":\"2\",\"Edited_Date\":\"2019-04-03 10:48:21\",\"Changed_Log\":\" <br\\/> 2019-04-01 12:22:11: by Admin Administrator <br\\/>  &nbsp;&nbsp; Sterilize  Date changed  =>  -> 2018-06-21 <br\\/><br\\/> <br\\/> 2019-04-03 10:39:24: by Admin Administrator <br\\/>  &nbsp;&nbsp; Renew  Status changed  => No -> Yes <br\\/> &nbsp;&nbsp; Renew  Date changed  =>  ->  <br\\/><br\\/> <br\\/> 2019-04-03 10:39:51: by Admin Administrator <br\\/>  &nbsp;&nbsp; Renew  Status changed  => No -> Yes <br\\/> &nbsp;&nbsp; Renew  Date changed  =>  ->  <br\\/><br\\/> <br\\/> 2019-04-03 10:39:58: by Admin Administrator <br\\/>  &nbsp;&nbsp; Renew  Status changed  => No -> Yes <br\\/> &nbsp;&nbsp; Renew  Date changed  =>  ->  <br\\/><br\\/> <br\\/> 2019-04-03 10:48:21: by Admin Administrator <br\\/> <br\\/>\"}','item_details','2','2019-04-03 10:48:21','ItemDetails','','2','Edited Date changed to 2019-04-03 10:39:58 => 2019-04-03 10:48:21 <br/>Changed Log changed to  <br/> 2019-04-01 12:22:11: by Admin Administrator <br/>  &nbsp;&nbsp; Sterilize  Date changed  =>  -> 2018-06-21 <br/><br/> <br/> 2019-04-03 10:39:24: by Admin Administrator <br/>  &nbsp;&nbsp; Renew  Status changed  => No -> Yes <br/> &nbsp;&nbsp; Renew  Date changed  =>  ->  <br/><br/> <br/> 2019-04-03 10:39:51: by Admin Administrator <br/>  &nbsp;&nbsp; Renew  Status changed  => No -> Yes <br/> &nbsp;&nbsp; Renew  Date changed  =>  ->  <br/><br/> <br/> 2019-04-03 10:39:58: by Admin Administrator <br/>  &nbsp;&nbsp; Renew  Status changed  => No -> Yes <br/> &nbsp;&nbsp; Renew  Date changed  =>  ->  <br/><br/> =>  <br/> 2019-04-01 12:22:11: by Admin Administrator <br/>  &nbsp;&nbsp; Sterilize  Date changed  =>  -> 2018-06-21 <br/><br/> <br/> 2019-04-03 10:39:24: by Admin Administrator <br/>  &nbsp;&nbsp; Renew  Status changed  => No -> Yes <br/> &nbsp;&nbsp; Renew  Date changed  =>  ->  <br/><br/> <br/> 2019-04-03 10:39:51: by Admin Administrator <br/>  &nbsp;&nbsp; Renew  Status changed  => No -> Yes <br/> &nbsp;&nbsp; Renew  Date changed  =>  ->  <br/><br/> <br/> 2019-04-03 10:39:58: by Admin Administrator <br/>  &nbsp;&nbsp; Renew  Status changed  => No -> Yes <br/> &nbsp;&nbsp; Renew  Date changed  =>  ->  <br/><br/> <br/> 2019-04-03 10:48:21: by Admin Administrator <br/> <br/> <br/>');
INSERT INTO `change_log` (`Change_ID`,`Record_Data`,`Table_Name`,`Done_By`,`Done_Date`,`Class_Name`,`Restore`,`Type`,`Changes`) VALUES
('86','{\"Item_ID\":\"9\",\"Reference_No\":\"0\",\"System_Ref_No\":\"2000\",\"Patient_Name\":\"R. Ramaiya\",\"Received_Date\":\"2018-03-29\",\"BHT_No\":\"54\",\"Age\":\"55\",\"First_Surgery_Date\":\"2018-03-28\",\"Sterilized_Status\":\"1\",\"Sterilize_Date\":\"2018-06-21\",\"Hospital_ID\":\"5\",\"Ward\":\"22\",\"Guardian_Name\":\"Mr. Rajawella\",\"Guardian_NIC\":\"562421107V\",\"Address\":\"oiur;kluerfpidfpoisd\",\"Received_By\":\"2\",\"Mobile_No\":\"0718005269\",\"Land_Phone_No\":\"0718005268\",\"Comments\":\"Fell from the tree\",\"Item_Status\":\"3\",\"Ordered_Status\":\"0\",\"Ordered_Date\":null,\"Issued_Status\":\"0\",\"Issue_Date\":null,\"Issue_Remark\":null,\"Release_Status\":\"0\",\"Release_Reason_ID\":null,\"Release_Date\":null,\"Renew_Status\":\"0\",\"Renew_Date\":null,\"Added_By\":\"2\",\"Added_Date\":\"2019-04-01 12:20:16\",\"Edited_By\":\"2\",\"Edited_Date\":\"2019-04-03 11:41:06\",\"Changed_Log\":\" <br\\/> 2019-04-01 12:22:11: by Admin Administrator <br\\/>  &nbsp;&nbsp; Sterilize  Date changed  =>  -> 2018-06-21 <br\\/><br\\/> <br\\/> 2019-04-03 10:39:24: by Admin Administrator <br\\/>  &nbsp;&nbsp; Renew  Status changed  => No -> Yes <br\\/> &nbsp;&nbsp; Renew  Date changed  =>  ->  <br\\/><br\\/> <br\\/> 2019-04-03 10:39:51: by Admin Administrator <br\\/>  &nbsp;&nbsp; Renew  Status changed  => No -> Yes <br\\/> &nbsp;&nbsp; Renew  Date changed  =>  ->  <br\\/><br\\/> <br\\/> 2019-04-03 10:39:58: by Admin Administrator <br\\/>  &nbsp;&nbsp; Renew  Status changed  => No -> Yes <br\\/> &nbsp;&nbsp; Renew  Date changed  =>  ->  <br\\/><br\\/> <br\\/> 2019-04-03 10:48:21: by Admin Administrator <br\\/> <br\\/> <br\\/> 2019-04-03 11:41:06: by Admin Administrator <br\\/> <br\\/>\"}','item_details','2','2019-04-03 11:41:06','ItemDetails','','2','Edited Date changed to 2019-04-03 10:48:21 => 2019-04-03 11:41:06 <br/>Changed Log changed to  <br/> 2019-04-01 12:22:11: by Admin Administrator <br/>  &nbsp;&nbsp; Sterilize  Date changed  =>  -> 2018-06-21 <br/><br/> <br/> 2019-04-03 10:39:24: by Admin Administrator <br/>  &nbsp;&nbsp; Renew  Status changed  => No -> Yes <br/> &nbsp;&nbsp; Renew  Date changed  =>  ->  <br/><br/> <br/> 2019-04-03 10:39:51: by Admin Administrator <br/>  &nbsp;&nbsp; Renew  Status changed  => No -> Yes <br/> &nbsp;&nbsp; Renew  Date changed  =>  ->  <br/><br/> <br/> 2019-04-03 10:39:58: by Admin Administrator <br/>  &nbsp;&nbsp; Renew  Status changed  => No -> Yes <br/> &nbsp;&nbsp; Renew  Date changed  =>  ->  <br/><br/> <br/> 2019-04-03 10:48:21: by Admin Administrator <br/> <br/> =>  <br/> 2019-04-01 12:22:11: by Admin Administrator <br/>  &nbsp;&nbsp; Sterilize  Date changed  =>  -> 2018-06-21 <br/><br/> <br/> 2019-04-03 10:39:24: by Admin Administrator <br/>  &nbsp;&nbsp; Renew  Status changed  => No -> Yes <br/> &nbsp;&nbsp; Renew  Date changed  =>  ->  <br/><br/> <br/> 2019-04-03 10:39:51: by Admin Administrator <br/>  &nbsp;&nbsp; Renew  Status changed  => No -> Yes <br/> &nbsp;&nbsp; Renew  Date changed  =>  ->  <br/><br/> <br/> 2019-04-03 10:39:58: by Admin Administrator <br/>  &nbsp;&nbsp; Renew  Status changed  => No -> Yes <br/> &nbsp;&nbsp; Renew  Date changed  =>  ->  <br/><br/> <br/> 2019-04-03 10:48:21: by Admin Administrator <br/> <br/> <br/> 2019-04-03 11:41:06: by Admin Administrator <br/> <br/> <br/>');
INSERT INTO `change_log` (`Change_ID`,`Record_Data`,`Table_Name`,`Done_By`,`Done_Date`,`Class_Name`,`Restore`,`Type`,`Changes`) VALUES
('87','{\"Item_ID\":\"9\",\"Reference_No\":\"0\",\"System_Ref_No\":\"2000\",\"Patient_Name\":\"R. Ramaiya\",\"Received_Date\":\"2018-03-29\",\"BHT_No\":\"54\",\"Age\":\"55\",\"First_Surgery_Date\":\"2018-03-28\",\"Sterilized_Status\":\"1\",\"Sterilize_Date\":\"2018-06-21\",\"Hospital_ID\":\"5\",\"Ward\":\"22\",\"Guardian_Name\":\"Mr. Rajawella\",\"Guardian_NIC\":\"562421107V\",\"Address\":\"oiur;kluerfpidfpoisd\",\"Received_By\":\"2\",\"Mobile_No\":\"0718005269\",\"Land_Phone_No\":\"0718005268\",\"Comments\":\"Fell from the tree\",\"Item_Status\":\"3\",\"Ordered_Status\":\"0\",\"Ordered_Date\":null,\"Issued_Status\":\"0\",\"Issue_Date\":null,\"Issue_Remark\":null,\"Release_Status\":\"0\",\"Release_Reason_ID\":null,\"Release_Date\":null,\"Renew_Status\":\"0\",\"Renew_Date\":null,\"Added_By\":\"2\",\"Added_Date\":\"2019-04-01 12:20:16\",\"Edited_By\":\"2\",\"Edited_Date\":\"2019-04-03 11:50:23\",\"Changed_Log\":\" <br\\/> 2019-04-01 12:22:11: by Admin Administrator <br\\/>  &nbsp;&nbsp; Sterilize  Date changed  =>  -> 2018-06-21 <br\\/><br\\/> <br\\/> 2019-04-03 10:39:24: by Admin Administrator <br\\/>  &nbsp;&nbsp; Renew  Status changed  => No -> Yes <br\\/> &nbsp;&nbsp; Renew  Date changed  =>  ->  <br\\/><br\\/> <br\\/> 2019-04-03 10:39:51: by Admin Administrator <br\\/>  &nbsp;&nbsp; Renew  Status changed  => No -> Yes <br\\/> &nbsp;&nbsp; Renew  Date changed  =>  ->  <br\\/><br\\/> <br\\/> 2019-04-03 10:39:58: by Admin Administrator <br\\/>  &nbsp;&nbsp; Renew  Status changed  => No -> Yes <br\\/> &nbsp;&nbsp; Renew  Date changed  =>  ->  <br\\/><br\\/> <br\\/> 2019-04-03 10:48:21: by Admin Administrator <br\\/> <br\\/> <br\\/> 2019-04-03 11:41:06: by Admin Administrator <br\\/> <br\\/> <br\\/> 2019-04-03 11:50:23: by Admin Administrator <br\\/> <br\\/>\"}','item_details','2','2019-04-03 11:50:23','ItemDetails','','2','Edited Date changed to 2019-04-03 11:41:06 => 2019-04-03 11:50:23 <br/>Changed Log changed to  <br/> 2019-04-01 12:22:11: by Admin Administrator <br/>  &nbsp;&nbsp; Sterilize  Date changed  =>  -> 2018-06-21 <br/><br/> <br/> 2019-04-03 10:39:24: by Admin Administrator <br/>  &nbsp;&nbsp; Renew  Status changed  => No -> Yes <br/> &nbsp;&nbsp; Renew  Date changed  =>  ->  <br/><br/> <br/> 2019-04-03 10:39:51: by Admin Administrator <br/>  &nbsp;&nbsp; Renew  Status changed  => No -> Yes <br/> &nbsp;&nbsp; Renew  Date changed  =>  ->  <br/><br/> <br/> 2019-04-03 10:39:58: by Admin Administrator <br/>  &nbsp;&nbsp; Renew  Status changed  => No -> Yes <br/> &nbsp;&nbsp; Renew  Date changed  =>  ->  <br/><br/> <br/> 2019-04-03 10:48:21: by Admin Administrator <br/> <br/> <br/> 2019-04-03 11:41:06: by Admin Administrator <br/> <br/> =>  <br/> 2019-04-01 12:22:11: by Admin Administrator <br/>  &nbsp;&nbsp; Sterilize  Date changed  =>  -> 2018-06-21 <br/><br/> <br/> 2019-04-03 10:39:24: by Admin Administrator <br/>  &nbsp;&nbsp; Renew  Status changed  => No -> Yes <br/> &nbsp;&nbsp; Renew  Date changed  =>  ->  <br/><br/> <br/> 2019-04-03 10:39:51: by Admin Administrator <br/>  &nbsp;&nbsp; Renew  Status changed  => No -> Yes <br/> &nbsp;&nbsp; Renew  Date changed  =>  ->  <br/><br/> <br/> 2019-04-03 10:39:58: by Admin Administrator <br/>  &nbsp;&nbsp; Renew  Status changed  => No -> Yes <br/> &nbsp;&nbsp; Renew  Date changed  =>  ->  <br/><br/> <br/> 2019-04-03 10:48:21: by Admin Administrator <br/> <br/> <br/> 2019-04-03 11:41:06: by Admin Administrator <br/> <br/> <br/> 2019-04-03 11:50:23: by Admin Administrator <br/> <br/> <br/>');
INSERT INTO `change_log` (`Change_ID`,`Record_Data`,`Table_Name`,`Done_By`,`Done_Date`,`Class_Name`,`Restore`,`Type`,`Changes`) VALUES
('88','{\"Item_ID\":\"9\",\"Reference_No\":\"0\",\"System_Ref_No\":\"2000\",\"Patient_Name\":\"R. Ramaiya\",\"Received_Date\":\"2018-03-29\",\"BHT_No\":\"54\",\"Age\":\"55\",\"First_Surgery_Date\":\"2018-03-28\",\"Sterilized_Status\":\"1\",\"Sterilize_Date\":\"2018-06-21\",\"Hospital_ID\":\"5\",\"Ward\":\"22\",\"Guardian_Name\":\"Mr. Rajawella\",\"Guardian_NIC\":\"562421107V\",\"Address\":\"oiur;kluerfpidfpoisd\",\"Received_By\":\"2\",\"Mobile_No\":\"0718005269\",\"Land_Phone_No\":\"0718005268\",\"Comments\":\"Fell from the tree\",\"Item_Status\":\"3\",\"Ordered_Status\":\"0\",\"Ordered_Date\":null,\"Issued_Status\":\"0\",\"Issue_Date\":null,\"Issue_Remark\":null,\"Release_Status\":\"0\",\"Release_Reason_ID\":null,\"Release_Date\":null,\"Renew_Status\":\"0\",\"Renew_Date\":null,\"Added_By\":\"2\",\"Added_Date\":\"2019-04-01 12:20:16\",\"Edited_By\":\"2\",\"Edited_Date\":\"2019-04-03 11:54:36\",\"Changed_Log\":\" <br\\/> 2019-04-01 12:22:11: by Admin Administrator <br\\/>  &nbsp;&nbsp; Sterilize  Date changed  =>  -> 2018-06-21 <br\\/><br\\/> <br\\/> 2019-04-03 10:39:24: by Admin Administrator <br\\/>  &nbsp;&nbsp; Renew  Status changed  => No -> Yes <br\\/> &nbsp;&nbsp; Renew  Date changed  =>  ->  <br\\/><br\\/> <br\\/> 2019-04-03 10:39:51: by Admin Administrator <br\\/>  &nbsp;&nbsp; Renew  Status changed  => No -> Yes <br\\/> &nbsp;&nbsp; Renew  Date changed  =>  ->  <br\\/><br\\/> <br\\/> 2019-04-03 10:39:58: by Admin Administrator <br\\/>  &nbsp;&nbsp; Renew  Status changed  => No -> Yes <br\\/> &nbsp;&nbsp; Renew  Date changed  =>  ->  <br\\/><br\\/> <br\\/> 2019-04-03 10:48:21: by Admin Administrator <br\\/> <br\\/> <br\\/> 2019-04-03 11:41:06: by Admin Administrator <br\\/> <br\\/> <br\\/> 2019-04-03 11:50:23: by Admin Administrator <br\\/> <br\\/> <br\\/> 2019-04-03 11:54:36: by Admin Administrator <br\\/> <br\\/>\"}','item_details','2','2019-04-03 11:54:36','ItemDetails','','2','Edited Date changed to 2019-04-03 11:50:23 => 2019-04-03 11:54:36 <br/>Changed Log changed to  <br/> 2019-04-01 12:22:11: by Admin Administrator <br/>  &nbsp;&nbsp; Sterilize  Date changed  =>  -> 2018-06-21 <br/><br/> <br/> 2019-04-03 10:39:24: by Admin Administrator <br/>  &nbsp;&nbsp; Renew  Status changed  => No -> Yes <br/> &nbsp;&nbsp; Renew  Date changed  =>  ->  <br/><br/> <br/> 2019-04-03 10:39:51: by Admin Administrator <br/>  &nbsp;&nbsp; Renew  Status changed  => No -> Yes <br/> &nbsp;&nbsp; Renew  Date changed  =>  ->  <br/><br/> <br/> 2019-04-03 10:39:58: by Admin Administrator <br/>  &nbsp;&nbsp; Renew  Status changed  => No -> Yes <br/> &nbsp;&nbsp; Renew  Date changed  =>  ->  <br/><br/> <br/> 2019-04-03 10:48:21: by Admin Administrator <br/> <br/> <br/> 2019-04-03 11:41:06: by Admin Administrator <br/> <br/> <br/> 2019-04-03 11:50:23: by Admin Administrator <br/> <br/> =>  <br/> 2019-04-01 12:22:11: by Admin Administrator <br/>  &nbsp;&nbsp; Sterilize  Date changed  =>  -> 2018-06-21 <br/><br/> <br/> 2019-04-03 10:39:24: by Admin Administrator <br/>  &nbsp;&nbsp; Renew  Status changed  => No -> Yes <br/> &nbsp;&nbsp; Renew  Date changed  =>  ->  <br/><br/> <br/> 2019-04-03 10:39:51: by Admin Administrator <br/>  &nbsp;&nbsp; Renew  Status changed  => No -> Yes <br/> &nbsp;&nbsp; Renew  Date changed  =>  ->  <br/><br/> <br/> 2019-04-03 10:39:58: by Admin Administrator <br/>  &nbsp;&nbsp; Renew  Status changed  => No -> Yes <br/> &nbsp;&nbsp; Renew  Date changed  =>  ->  <br/><br/> <br/> 2019-04-03 10:48:21: by Admin Administrator <br/> <br/> <br/> 2019-04-03 11:41:06: by Admin Administrator <br/> <br/> <br/> 2019-04-03 11:50:23: by Admin Administrator <br/> <br/> <br/> 2019-04-03 11:54:36: by Admin Administrator <br/> <br/> <br/>');
INSERT INTO `change_log` (`Change_ID`,`Record_Data`,`Table_Name`,`Done_By`,`Done_Date`,`Class_Name`,`Restore`,`Type`,`Changes`) VALUES
('89','{\"Item_ID\":\"9\",\"Reference_No\":\"0\",\"System_Ref_No\":\"2000\",\"Patient_Name\":\"R. Ramaiya\",\"Received_Date\":\"2018-03-29\",\"BHT_No\":\"54\",\"Age\":\"55\",\"First_Surgery_Date\":\"2018-03-28\",\"Sterilized_Status\":\"1\",\"Sterilize_Date\":\"2018-06-21\",\"Hospital_ID\":\"5\",\"Ward\":\"22\",\"Guardian_Name\":\"Mr. Rajawella\",\"Guardian_NIC\":\"562421107V\",\"Address\":\"oiur;kluerfpidfpoisd\",\"Received_By\":\"2\",\"Mobile_No\":\"0718005269\",\"Land_Phone_No\":\"0718005268\",\"Comments\":\"Fell from the tree\",\"Item_Status\":\"3\",\"Ordered_Status\":\"0\",\"Ordered_Date\":null,\"Issued_Status\":\"0\",\"Issue_Date\":null,\"Issue_Remark\":null,\"Release_Status\":\"0\",\"Release_Reason_ID\":null,\"Release_Date\":null,\"Renew_Status\":\"0\",\"Renew_Date\":null,\"Added_By\":\"2\",\"Added_Date\":\"2019-04-01 12:20:16\",\"Edited_By\":\"2\",\"Edited_Date\":\"2019-04-03 11:58:27\",\"Changed_Log\":\" <br\\/> 2019-04-01 12:22:11: by Admin Administrator <br\\/>  &nbsp;&nbsp; Sterilize  Date changed  =>  -> 2018-06-21 <br\\/><br\\/> <br\\/> 2019-04-03 10:39:24: by Admin Administrator <br\\/>  &nbsp;&nbsp; Renew  Status changed  => No -> Yes <br\\/> &nbsp;&nbsp; Renew  Date changed  =>  ->  <br\\/><br\\/> <br\\/> 2019-04-03 10:39:51: by Admin Administrator <br\\/>  &nbsp;&nbsp; Renew  Status changed  => No -> Yes <br\\/> &nbsp;&nbsp; Renew  Date changed  =>  ->  <br\\/><br\\/> <br\\/> 2019-04-03 10:39:58: by Admin Administrator <br\\/>  &nbsp;&nbsp; Renew  Status changed  => No -> Yes <br\\/> &nbsp;&nbsp; Renew  Date changed  =>  ->  <br\\/><br\\/> <br\\/> 2019-04-03 10:48:21: by Admin Administrator <br\\/> <br\\/> <br\\/> 2019-04-03 11:41:06: by Admin Administrator <br\\/> <br\\/> <br\\/> 2019-04-03 11:50:23: by Admin Administrator <br\\/> <br\\/> <br\\/> 2019-04-03 11:54:36: by Admin Administrator <br\\/> <br\\/> <br\\/> 2019-04-03 11:58:27: by Admin Administrator <br\\/> <br\\/>\"}','item_details','2','2019-04-03 11:58:27','ItemDetails','','2','Edited Date changed to 2019-04-03 11:54:36 => 2019-04-03 11:58:27 <br/>Changed Log changed to  <br/> 2019-04-01 12:22:11: by Admin Administrator <br/>  &nbsp;&nbsp; Sterilize  Date changed  =>  -> 2018-06-21 <br/><br/> <br/> 2019-04-03 10:39:24: by Admin Administrator <br/>  &nbsp;&nbsp; Renew  Status changed  => No -> Yes <br/> &nbsp;&nbsp; Renew  Date changed  =>  ->  <br/><br/> <br/> 2019-04-03 10:39:51: by Admin Administrator <br/>  &nbsp;&nbsp; Renew  Status changed  => No -> Yes <br/> &nbsp;&nbsp; Renew  Date changed  =>  ->  <br/><br/> <br/> 2019-04-03 10:39:58: by Admin Administrator <br/>  &nbsp;&nbsp; Renew  Status changed  => No -> Yes <br/> &nbsp;&nbsp; Renew  Date changed  =>  ->  <br/><br/> <br/> 2019-04-03 10:48:21: by Admin Administrator <br/> <br/> <br/> 2019-04-03 11:41:06: by Admin Administrator <br/> <br/> <br/> 2019-04-03 11:50:23: by Admin Administrator <br/> <br/> <br/> 2019-04-03 11:54:36: by Admin Administrator <br/> <br/> =>  <br/> 2019-04-01 12:22:11: by Admin Administrator <br/>  &nbsp;&nbsp; Sterilize  Date changed  =>  -> 2018-06-21 <br/><br/> <br/> 2019-04-03 10:39:24: by Admin Administrator <br/>  &nbsp;&nbsp; Renew  Status changed  => No -> Yes <br/> &nbsp;&nbsp; Renew  Date changed  =>  ->  <br/><br/> <br/> 2019-04-03 10:39:51: by Admin Administrator <br/>  &nbsp;&nbsp; Renew  Status changed  => No -> Yes <br/> &nbsp;&nbsp; Renew  Date changed  =>  ->  <br/><br/> <br/> 2019-04-03 10:39:58: by Admin Administrator <br/>  &nbsp;&nbsp; Renew  Status changed  => No -> Yes <br/> &nbsp;&nbsp; Renew  Date changed  =>  ->  <br/><br/> <br/> 2019-04-03 10:48:21: by Admin Administrator <br/> <br/> <br/> 2019-04-03 11:41:06: by Admin Administrator <br/> <br/> <br/> 2019-04-03 11:50:23: by Admin Administrator <br/> <br/> <br/> 2019-04-03 11:54:36: by Admin Administrator <br/> <br/> <br/> 2019-04-03 11:58:27: by Admin Administrator <br/> <br/> <br/>');
INSERT INTO `change_log` (`Change_ID`,`Record_Data`,`Table_Name`,`Done_By`,`Done_Date`,`Class_Name`,`Restore`,`Type`,`Changes`) VALUES
('90','{\"Item_ID\":\"9\",\"Reference_No\":\"0\",\"System_Ref_No\":\"2000\",\"Patient_Name\":\"R. Ramaiya\",\"Received_Date\":\"2018-03-29\",\"BHT_No\":\"54\",\"Age\":\"55\",\"First_Surgery_Date\":\"2018-03-28\",\"Sterilized_Status\":\"1\",\"Sterilize_Date\":\"2018-06-21\",\"Hospital_ID\":\"5\",\"Ward\":\"22\",\"Guardian_Name\":\"Mr. Rajawella\",\"Guardian_NIC\":\"562421107V\",\"Address\":\"oiur;kluerfpidfpoisd\",\"Received_By\":\"2\",\"Mobile_No\":\"0718005269\",\"Land_Phone_No\":\"0718005268\",\"Comments\":\"Fell from the tree\",\"Item_Status\":\"3\",\"Ordered_Status\":\"0\",\"Ordered_Date\":null,\"Issued_Status\":\"0\",\"Issue_Date\":null,\"Issue_Remark\":null,\"Release_Status\":\"0\",\"Release_Reason_ID\":null,\"Release_Date\":null,\"Renew_Status\":\"0\",\"Renew_Date\":null,\"Added_By\":\"2\",\"Added_Date\":\"2019-04-01 12:20:16\",\"Edited_By\":\"2\",\"Edited_Date\":\"2019-04-03 12:06:21\",\"Changed_Log\":\" <br\\/> 2019-04-01 12:22:11: by Admin Administrator <br\\/>  &nbsp;&nbsp; Sterilize  Date changed  =>  -> 2018-06-21 <br\\/><br\\/> <br\\/> 2019-04-03 10:39:24: by Admin Administrator <br\\/>  &nbsp;&nbsp; Renew  Status changed  => No -> Yes <br\\/> &nbsp;&nbsp; Renew  Date changed  =>  ->  <br\\/><br\\/> <br\\/> 2019-04-03 10:39:51: by Admin Administrator <br\\/>  &nbsp;&nbsp; Renew  Status changed  => No -> Yes <br\\/> &nbsp;&nbsp; Renew  Date changed  =>  ->  <br\\/><br\\/> <br\\/> 2019-04-03 10:39:58: by Admin Administrator <br\\/>  &nbsp;&nbsp; Renew  Status changed  => No -> Yes <br\\/> &nbsp;&nbsp; Renew  Date changed  =>  ->  <br\\/><br\\/> <br\\/> 2019-04-03 10:48:21: by Admin Administrator <br\\/> <br\\/> <br\\/> 2019-04-03 11:41:06: by Admin Administrator <br\\/> <br\\/> <br\\/> 2019-04-03 11:50:23: by Admin Administrator <br\\/> <br\\/> <br\\/> 2019-04-03 11:54:36: by Admin Administrator <br\\/> <br\\/> <br\\/> 2019-04-03 11:58:27: by Admin Administrator <br\\/> <br\\/> <br\\/> 2019-04-03 12:06:21: by Admin Administrator <br\\/> <br\\/>\"}','item_details','2','2019-04-03 12:06:21','ItemDetails','','2','Edited Date changed to 2019-04-03 11:58:27 => 2019-04-03 12:06:21 <br/>Changed Log changed to  <br/> 2019-04-01 12:22:11: by Admin Administrator <br/>  &nbsp;&nbsp; Sterilize  Date changed  =>  -> 2018-06-21 <br/><br/> <br/> 2019-04-03 10:39:24: by Admin Administrator <br/>  &nbsp;&nbsp; Renew  Status changed  => No -> Yes <br/> &nbsp;&nbsp; Renew  Date changed  =>  ->  <br/><br/> <br/> 2019-04-03 10:39:51: by Admin Administrator <br/>  &nbsp;&nbsp; Renew  Status changed  => No -> Yes <br/> &nbsp;&nbsp; Renew  Date changed  =>  ->  <br/><br/> <br/> 2019-04-03 10:39:58: by Admin Administrator <br/>  &nbsp;&nbsp; Renew  Status changed  => No -> Yes <br/> &nbsp;&nbsp; Renew  Date changed  =>  ->  <br/><br/> <br/> 2019-04-03 10:48:21: by Admin Administrator <br/> <br/> <br/> 2019-04-03 11:41:06: by Admin Administrator <br/> <br/> <br/> 2019-04-03 11:50:23: by Admin Administrator <br/> <br/> <br/> 2019-04-03 11:54:36: by Admin Administrator <br/> <br/> <br/> 2019-04-03 11:58:27: by Admin Administrator <br/> <br/> =>  <br/> 2019-04-01 12:22:11: by Admin Administrator <br/>  &nbsp;&nbsp; Sterilize  Date changed  =>  -> 2018-06-21 <br/><br/> <br/> 2019-04-03 10:39:24: by Admin Administrator <br/>  &nbsp;&nbsp; Renew  Status changed  => No -> Yes <br/> &nbsp;&nbsp; Renew  Date changed  =>  ->  <br/><br/> <br/> 2019-04-03 10:39:51: by Admin Administrator <br/>  &nbsp;&nbsp; Renew  Status changed  => No -> Yes <br/> &nbsp;&nbsp; Renew  Date changed  =>  ->  <br/><br/> <br/> 2019-04-03 10:39:58: by Admin Administrator <br/>  &nbsp;&nbsp; Renew  Status changed  => No -> Yes <br/> &nbsp;&nbsp; Renew  Date changed  =>  ->  <br/><br/> <br/> 2019-04-03 10:48:21: by Admin Administrator <br/> <br/> <br/> 2019-04-03 11:41:06: by Admin Administrator <br/> <br/> <br/> 2019-04-03 11:50:23: by Admin Administrator <br/> <br/> <br/> 2019-04-03 11:54:36: by Admin Administrator <br/> <br/> <br/> 2019-04-03 11:58:27: by Admin Administrator <br/> <br/> <br/> 2019-04-03 12:06:21: by Admin Administrator <br/> <br/> <br/>');
INSERT INTO `change_log` (`Change_ID`,`Record_Data`,`Table_Name`,`Done_By`,`Done_Date`,`Class_Name`,`Restore`,`Type`,`Changes`) VALUES
('91','{\"id\":\"2\",\"username\":\"admin\",\"email\":\"demo@example.com\",\"create_at\":\"2019-02-16 12:25:25\",\"lastvisit_at\":\"2019-04-03 20:43:25\",\"superuser\":\"0\",\"status\":\"1\",\"Role_ID\":\"2\",\"password\":\"be137a85775380a9ab05ae0d00cca90e\",\"activkey\":\"67392ce422aadb3847eb6fd00febadc1\"}','tbl_users','2','2019-04-03 20:43:25','User','','2','Last visit changed to 2019-04-03 10:48:04 => 2019-04-03 20:43:25 <br/>');
INSERT INTO `change_log` (`Change_ID`,`Record_Data`,`Table_Name`,`Done_By`,`Done_Date`,`Class_Name`,`Restore`,`Type`,`Changes`) VALUES
('92','{\"Item_ID\":\"9\",\"Reference_No\":\"0\",\"System_Ref_No\":\"2000\",\"Patient_Name\":\"R. Ramaiya\",\"Received_Date\":\"2018-03-29\",\"BHT_No\":\"54\",\"Age\":\"55\",\"First_Surgery_Date\":\"2018-03-28\",\"Sterilized_Status\":\"1\",\"Sterilize_Date\":\"2018-06-21\",\"Hospital_ID\":\"5\",\"Ward\":\"22\",\"Guardian_Name\":\"Mr. Rajawella\",\"Guardian_NIC\":\"562421107V\",\"Address\":\"oiur;kluerfpidfpoisd\",\"Received_By\":\"2\",\"Mobile_No\":\"0718005269\",\"Land_Phone_No\":\"0718005268\",\"Comments\":\"Fell from the tree\",\"Item_Status\":\"3\",\"Ordered_Status\":\"0\",\"Ordered_Date\":null,\"Issued_Status\":\"0\",\"Issue_Date\":null,\"Issue_Remark\":null,\"Release_Status\":\"0\",\"Release_Reason_ID\":null,\"Release_Date\":null,\"Renew_Status\":\"0\",\"Renew_Date\":null,\"Added_By\":\"2\",\"Added_Date\":\"2019-04-01 12:20:16\",\"Edited_By\":\"2\",\"Edited_Date\":\"2019-04-03 20:45:35\",\"Changed_Log\":\" <br\\/> 2019-04-01 12:22:11: by Admin Administrator <br\\/>  &nbsp;&nbsp; Sterilize  Date changed  =>  -> 2018-06-21 <br\\/><br\\/> <br\\/> 2019-04-03 10:39:24: by Admin Administrator <br\\/>  &nbsp;&nbsp; Renew  Status changed  => No -> Yes <br\\/> &nbsp;&nbsp; Renew  Date changed  =>  ->  <br\\/><br\\/> <br\\/> 2019-04-03 10:39:51: by Admin Administrator <br\\/>  &nbsp;&nbsp; Renew  Status changed  => No -> Yes <br\\/> &nbsp;&nbsp; Renew  Date changed  =>  ->  <br\\/><br\\/> <br\\/> 2019-04-03 10:39:58: by Admin Administrator <br\\/>  &nbsp;&nbsp; Renew  Status changed  => No -> Yes <br\\/> &nbsp;&nbsp; Renew  Date changed  =>  ->  <br\\/><br\\/> <br\\/> 2019-04-03 10:48:21: by Admin Administrator <br\\/> <br\\/> <br\\/> 2019-04-03 11:41:06: by Admin Administrator <br\\/> <br\\/> <br\\/> 2019-04-03 11:50:23: by Admin Administrator <br\\/> <br\\/> <br\\/> 2019-04-03 11:54:36: by Admin Administrator <br\\/> <br\\/> <br\\/> 2019-04-03 11:58:27: by Admin Administrator <br\\/> <br\\/> <br\\/> 2019-04-03 12:06:21: by Admin Administrator <br\\/> <br\\/> <br\\/> 2019-04-03 20:45:35: by Admin Administrator <br\\/>  &nbsp;&nbsp; Renew  Status changed  => No -> Yes <br\\/> &nbsp;&nbsp; Renew  Date changed  =>  ->  <br\\/><br\\/>\"}','item_details','2','2019-04-03 20:45:35','ItemDetails','','2','Edited Date changed to 2019-04-03 12:06:21 => 2019-04-03 20:45:35 <br/>Changed Log changed to  <br/> 2019-04-01 12:22:11: by Admin Administrator <br/>  &nbsp;&nbsp; Sterilize  Date changed  =>  -> 2018-06-21 <br/><br/> <br/> 2019-04-03 10:39:24: by Admin Administrator <br/>  &nbsp;&nbsp; Renew  Status changed  => No -> Yes <br/> &nbsp;&nbsp; Renew  Date changed  =>  ->  <br/><br/> <br/> 2019-04-03 10:39:51: by Admin Administrator <br/>  &nbsp;&nbsp; Renew  Status changed  => No -> Yes <br/> &nbsp;&nbsp; Renew  Date changed  =>  ->  <br/><br/> <br/> 2019-04-03 10:39:58: by Admin Administrator <br/>  &nbsp;&nbsp; Renew  Status changed  => No -> Yes <br/> &nbsp;&nbsp; Renew  Date changed  =>  ->  <br/><br/> <br/> 2019-04-03 10:48:21: by Admin Administrator <br/> <br/> <br/> 2019-04-03 11:41:06: by Admin Administrator <br/> <br/> <br/> 2019-04-03 11:50:23: by Admin Administrator <br/> <br/> <br/> 2019-04-03 11:54:36: by Admin Administrator <br/> <br/> <br/> 2019-04-03 11:58:27: by Admin Administrator <br/> <br/> <br/> 2019-04-03 12:06:21: by Admin Administrator <br/> <br/> =>  <br/> 2019-04-01 12:22:11: by Admin Administrator <br/>  &nbsp;&nbsp; Sterilize  Date changed  =>  -> 2018-06-21 <br/><br/> <br/> 2019-04-03 10:39:24: by Admin Administrator <br/>  &nbsp;&nbsp; Renew  Status changed  => No -> Yes <br/> &nbsp;&nbsp; Renew  Date changed  =>  ->  <br/><br/> <br/> 2019-04-03 10:39:51: by Admin Administrator <br/>  &nbsp;&nbsp; Renew  Status changed  => No -> Yes <br/> &nbsp;&nbsp; Renew  Date changed  =>  ->  <br/><br/> <br/> 2019-04-03 10:39:58: by Admin Administrator <br/>  &nbsp;&nbsp; Renew  Status changed  => No -> Yes <br/> &nbsp;&nbsp; Renew  Date changed  =>  ->  <br/><br/> <br/> 2019-04-03 10:48:21: by Admin Administrator <br/> <br/> <br/> 2019-04-03 11:41:06: by Admin Administrator <br/> <br/> <br/> 2019-04-03 11:50:23: by Admin Administrator <br/> <br/> <br/> 2019-04-03 11:54:36: by Admin Administrator <br/> <br/> <br/> 2019-04-03 11:58:27: by Admin Administrator <br/> <br/> <br/> 2019-04-03 12:06:21: by Admin Administrator <br/> <br/> <br/> 2019-04-03 20:45:35: by Admin Administrator <br/>  &nbsp;&nbsp; Renew  Status changed  => No -> Yes <br/> &nbsp;&nbsp; Renew  Date changed  =>  ->  <br/><br/> <br/>');
INSERT INTO `change_log` (`Change_ID`,`Record_Data`,`Table_Name`,`Done_By`,`Done_Date`,`Class_Name`,`Restore`,`Type`,`Changes`) VALUES
('93','{\"id\":\"2\",\"username\":\"admin\",\"email\":\"demo@example.com\",\"create_at\":\"2019-02-16 12:25:25\",\"lastvisit_at\":\"2019-04-04 14:38:50\",\"superuser\":\"0\",\"status\":\"1\",\"Role_ID\":\"2\",\"password\":\"be137a85775380a9ab05ae0d00cca90e\",\"activkey\":\"67392ce422aadb3847eb6fd00febadc1\"}','tbl_users','2','2019-04-04 14:38:50','User','','2','Last visit changed to 2019-04-03 20:43:25 => 2019-04-04 14:38:50 <br/>');
INSERT INTO `change_log` (`Change_ID`,`Record_Data`,`Table_Name`,`Done_By`,`Done_Date`,`Class_Name`,`Restore`,`Type`,`Changes`) VALUES
('94','{\"id\":\"2\",\"username\":\"admin\",\"email\":\"demo@example.com\",\"create_at\":\"2019-02-16 12:25:25\",\"lastvisit_at\":\"2019-04-04 15:33:54\",\"superuser\":\"0\",\"status\":\"1\",\"Role_ID\":\"2\",\"password\":\"be137a85775380a9ab05ae0d00cca90e\",\"activkey\":\"67392ce422aadb3847eb6fd00febadc1\"}','tbl_users','2','2019-04-04 15:33:54','User','','2','Last visit changed to 2019-04-04 14:38:50 => 2019-04-04 15:33:54 <br/>');
INSERT INTO `change_log` (`Change_ID`,`Record_Data`,`Table_Name`,`Done_By`,`Done_Date`,`Class_Name`,`Restore`,`Type`,`Changes`) VALUES
('95','{\"Item_ID\":\"10\",\"Reference_No\":\"99999\",\"System_Ref_No\":\"2001\",\"Patient_Name\":\"drfgffhjgjk\",\"Received_Date\":\"2019-04-03\",\"BHT_No\":\"3225\",\"Age\":\"99\",\"First_Surgery_Date\":\"2019-02-28\",\"Sterilized_Status\":\"0\",\"Sterilize_Date\":null,\"Hospital_ID\":\"7\",\"Ward\":\"10\",\"Guardian_Name\":\"Mr. Rajawella\",\"Guardian_NIC\":\"562421106X\",\"Address\":\"fgfxgfsgsfvxfvgxgvsfdfgsfsfsdfsfs\",\"Received_By\":\"2\",\"Mobile_No\":\"0718005269\",\"Land_Phone_No\":\"0718005268\",\"Comments\":\";lksdf\'pkosfgsadfg[osadff][oisadf[pasoifsa[difsad[foiadfp\'adjkfaD\'SFADFADFAp\'sdjkf\",\"Item_Status\":\"1\",\"Ordered_Status\":\"0\",\"Ordered_Date\":null,\"Issued_Status\":\"0\",\"Issue_Date\":null,\"Issue_Remark\":null,\"Release_Status\":\"0\",\"Release_Reason_ID\":null,\"Release_Date\":null,\"Renew_Status\":null,\"Renew_Date\":null,\"Added_By\":\"2\",\"Added_Date\":\"2019-04-03 20:51:46\",\"Edited_By\":\"2\",\"Edited_Date\":\"2019-04-04 15:36:38\",\"Changed_Log\":\" <br\\/> 2019-04-04 15:36:38: by Admin Administrator <br\\/>  &nbsp;&nbsp; Comments changed  => jbj -> ;lksdf\'pkosfgsadfg[osadff][oisadf[pasoifsa[difsad[foiadfp\'adjkfaD\'SFADFADFAp\'sdjkf <br\\/><br\\/>\"}','item_details','2','2019-04-04 15:36:38','ItemDetails','','2','Comments changed to jbj => ;lksdf\'pkosfgsadfg[osadff][oisadf[pasoifsa[difsad[foiadfp\'adjkfaD\'SFADFADFAp\'sdjkf <br/>Edited By changed to  => 2 <br/>Edited Date changed to  => 2019-04-04 15:36:38 <br/>Changed Log changed to  =>  <br/> 2019-04-04 15:36:38: by Admin Administrator <br/>  &nbsp;&nbsp; Comments changed  => jbj -> ;lksdf\'pkosfgsadfg[osadff][oisadf[pasoifsa[difsad[foiadfp\'adjkfaD\'SFADFADFAp\'sdjkf <br/><br/> <br/>');
INSERT INTO `change_log` (`Change_ID`,`Record_Data`,`Table_Name`,`Done_By`,`Done_Date`,`Class_Name`,`Restore`,`Type`,`Changes`) VALUES
('96','{\"Item_ID\":\"10\",\"Reference_No\":\"99999\",\"System_Ref_No\":\"2001\",\"Patient_Name\":\"drfgffhjgjk\",\"Received_Date\":\"2019-04-03\",\"BHT_No\":\"3225\",\"Age\":\"99\",\"First_Surgery_Date\":\"2019-02-28\",\"Sterilized_Status\":\"0\",\"Sterilize_Date\":null,\"Hospital_ID\":\"7\",\"Ward\":\"10\",\"Guardian_Name\":\"Mr. Rajawella\",\"Guardian_NIC\":\"562421106X\",\"Address\":\"fgfxgfsgsfvxfvgxgvsfdfgsfsfsdfsfs\",\"Received_By\":\"2\",\"Mobile_No\":\"0718005269\",\"Land_Phone_No\":\"0718005268\",\"Comments\":\";lksdf\'pkosfgsadfg[osadff][oisadf[pasoifsa[difsad[foiadfp\'adjkfaD\'SFADFADFAp\'sdjkf\",\"Item_Status\":\"1\",\"Ordered_Status\":\"0\",\"Ordered_Date\":null,\"Issued_Status\":\"0\",\"Issue_Date\":null,\"Issue_Remark\":null,\"Release_Status\":\"0\",\"Release_Reason_ID\":null,\"Release_Date\":null,\"Renew_Status\":null,\"Renew_Date\":null,\"Added_By\":\"2\",\"Added_Date\":\"2019-04-03 20:51:46\",\"Edited_By\":\"2\",\"Edited_Date\":\"2019-04-04 15:36:39\",\"Changed_Log\":\" <br\\/> 2019-04-04 15:36:38: by Admin Administrator <br\\/>  &nbsp;&nbsp; Comments changed  => jbj -> ;lksdf\'pkosfgsadfg[osadff][oisadf[pasoifsa[difsad[foiadfp\'adjkfaD\'SFADFADFAp\'sdjkf <br\\/><br\\/> <br\\/> 2019-04-04 15:36:39: by Admin Administrator <br\\/> <br\\/>\"}','item_details','2','2019-04-04 15:36:39','ItemDetails','','2','Edited Date changed to 2019-04-04 15:36:38 => 2019-04-04 15:36:39 <br/>Changed Log changed to  <br/> 2019-04-04 15:36:38: by Admin Administrator <br/>  &nbsp;&nbsp; Comments changed  => jbj -> ;lksdf\'pkosfgsadfg[osadff][oisadf[pasoifsa[difsad[foiadfp\'adjkfaD\'SFADFADFAp\'sdjkf <br/><br/> =>  <br/> 2019-04-04 15:36:38: by Admin Administrator <br/>  &nbsp;&nbsp; Comments changed  => jbj -> ;lksdf\'pkosfgsadfg[osadff][oisadf[pasoifsa[difsad[foiadfp\'adjkfaD\'SFADFADFAp\'sdjkf <br/><br/> <br/> 2019-04-04 15:36:39: by Admin Administrator <br/> <br/> <br/>');
INSERT INTO `change_log` (`Change_ID`,`Record_Data`,`Table_Name`,`Done_By`,`Done_Date`,`Class_Name`,`Restore`,`Type`,`Changes`) VALUES
('97','{\"Item_ID\":\"10\",\"Reference_No\":\"99999\",\"System_Ref_No\":\"2001\",\"Patient_Name\":\"drfgffhjgjk\",\"Received_Date\":\"2019-04-03\",\"BHT_No\":\"3225\",\"Age\":\"99\",\"First_Surgery_Date\":\"2019-02-28\",\"Sterilized_Status\":\"1\",\"Sterilize_Date\":\"2019-04-04\",\"Hospital_ID\":\"7\",\"Ward\":\"10\",\"Guardian_Name\":\"Mr. Rajawella\",\"Guardian_NIC\":\"562421106X\",\"Address\":\"fgfxgfsgsfvxfvgxgvsfdfgsfsfsdfsfs\",\"Received_By\":\"2\",\"Mobile_No\":\"0718005269\",\"Land_Phone_No\":\"0718005268\",\"Comments\":\";lksdf\'pkosfgsadfg[osadff][oisadf[pasoifsa[difsad[foiadfp\'adjkfaD\'SFADFADFAp\'sdjkf\",\"Item_Status\":\"1\",\"Ordered_Status\":\"0\",\"Ordered_Date\":null,\"Issued_Status\":\"0\",\"Issue_Date\":null,\"Issue_Remark\":null,\"Release_Status\":\"0\",\"Release_Reason_ID\":null,\"Release_Date\":null,\"Renew_Status\":null,\"Renew_Date\":null,\"Added_By\":\"2\",\"Added_Date\":\"2019-04-03 20:51:46\",\"Edited_By\":\"2\",\"Edited_Date\":\"2019-04-04 15:39:51\",\"Changed_Log\":\" <br\\/> 2019-04-04 15:36:38: by Admin Administrator <br\\/>  &nbsp;&nbsp; Comments changed  => jbj -> ;lksdf\'pkosfgsadfg[osadff][oisadf[pasoifsa[difsad[foiadfp\'adjkfaD\'SFADFADFAp\'sdjkf <br\\/><br\\/> <br\\/> 2019-04-04 15:36:39: by Admin Administrator <br\\/> <br\\/> <br\\/> 2019-04-04 15:39:51: by Admin Administrator <br\\/>  &nbsp;&nbsp; Sterilize  Date changed  =>  -> 2019-04-04 <br\\/><br\\/>\"}','item_details','2','2019-04-04 15:39:51','ItemDetails','','2','Sterilized Status changed to 0 => 1 <br/>Sterilize  Date changed to  => 2019-04-04 <br/>Edited Date changed to 2019-04-04 15:36:39 => 2019-04-04 15:39:51 <br/>Changed Log changed to  <br/> 2019-04-04 15:36:38: by Admin Administrator <br/>  &nbsp;&nbsp; Comments changed  => jbj -> ;lksdf\'pkosfgsadfg[osadff][oisadf[pasoifsa[difsad[foiadfp\'adjkfaD\'SFADFADFAp\'sdjkf <br/><br/> <br/> 2019-04-04 15:36:39: by Admin Administrator <br/> <br/> =>  <br/> 2019-04-04 15:36:38: by Admin Administrator <br/>  &nbsp;&nbsp; Comments changed  => jbj -> ;lksdf\'pkosfgsadfg[osadff][oisadf[pasoifsa[difsad[foiadfp\'adjkfaD\'SFADFADFAp\'sdjkf <br/><br/> <br/> 2019-04-04 15:36:39: by Admin Administrator <br/> <br/> <br/> 2019-04-04 15:39:51: by Admin Administrator <br/>  &nbsp;&nbsp; Sterilize  Date changed  =>  -> 2019-04-04 <br/><br/> <br/>');
INSERT INTO `change_log` (`Change_ID`,`Record_Data`,`Table_Name`,`Done_By`,`Done_Date`,`Class_Name`,`Restore`,`Type`,`Changes`) VALUES
('98','{\"Item_ID\":\"10\",\"Reference_No\":\"99999\",\"System_Ref_No\":\"2001\",\"Patient_Name\":\"drfgffhjgjk\",\"Received_Date\":\"2019-04-03\",\"BHT_No\":\"3225\",\"Age\":\"99\",\"First_Surgery_Date\":\"2019-02-28\",\"Sterilized_Status\":\"1\",\"Sterilize_Date\":\"2019-04-04\",\"Hospital_ID\":\"7\",\"Ward\":\"10\",\"Guardian_Name\":\"Mr. Rajawella\",\"Guardian_NIC\":\"562421106X\",\"Address\":\"fgfxgfsgsfvxfvgxgvsfdfgsfsfsdfsfs\",\"Received_By\":\"2\",\"Mobile_No\":\"0718005269\",\"Land_Phone_No\":\"0718005268\",\"Comments\":\";lksdf\'pkosfgsadfg[osadff][oisadf[pasoifsa[difsad[foiadfp\'adjkfaD\'SFADFADFAp\'sdjkf\",\"Item_Status\":\"5\",\"Ordered_Status\":\"1\",\"Ordered_Date\":\"2019-04-12\",\"Issued_Status\":\"0\",\"Issue_Date\":null,\"Issue_Remark\":null,\"Release_Status\":\"0\",\"Release_Reason_ID\":null,\"Release_Date\":null,\"Renew_Status\":null,\"Renew_Date\":null,\"Added_By\":\"2\",\"Added_Date\":\"2019-04-03 20:51:46\",\"Edited_By\":\"2\",\"Edited_Date\":\"2019-04-04 15:40:38\",\"Changed_Log\":\" <br\\/> 2019-04-04 15:36:38: by Admin Administrator <br\\/>  &nbsp;&nbsp; Comments changed  => jbj -> ;lksdf\'pkosfgsadfg[osadff][oisadf[pasoifsa[difsad[foiadfp\'adjkfaD\'SFADFADFAp\'sdjkf <br\\/><br\\/> <br\\/> 2019-04-04 15:36:39: by Admin Administrator <br\\/> <br\\/> <br\\/> 2019-04-04 15:39:51: by Admin Administrator <br\\/>  &nbsp;&nbsp; Sterilize  Date changed  =>  -> 2019-04-04 <br\\/><br\\/> <br\\/> 2019-04-04 15:40:38: by Admin Administrator <br\\/>  &nbsp;&nbsp; Order Date changed  =>  -> 2019-04-12 <br\\/><br\\/>\"}','item_details','2','2019-04-04 15:40:38','ItemDetails','','2','Item  Status changed to 1 => 5 <br/>Order Status changed to 0 => 1 <br/>Order Date changed to  => 2019-04-12 <br/>Edited Date changed to 2019-04-04 15:39:51 => 2019-04-04 15:40:38 <br/>Changed Log changed to  <br/> 2019-04-04 15:36:38: by Admin Administrator <br/>  &nbsp;&nbsp; Comments changed  => jbj -> ;lksdf\'pkosfgsadfg[osadff][oisadf[pasoifsa[difsad[foiadfp\'adjkfaD\'SFADFADFAp\'sdjkf <br/><br/> <br/> 2019-04-04 15:36:39: by Admin Administrator <br/> <br/> <br/> 2019-04-04 15:39:51: by Admin Administrator <br/>  &nbsp;&nbsp; Sterilize  Date changed  =>  -> 2019-04-04 <br/><br/> =>  <br/> 2019-04-04 15:36:38: by Admin Administrator <br/>  &nbsp;&nbsp; Comments changed  => jbj -> ;lksdf\'pkosfgsadfg[osadff][oisadf[pasoifsa[difsad[foiadfp\'adjkfaD\'SFADFADFAp\'sdjkf <br/><br/> <br/> 2019-04-04 15:36:39: by Admin Administrator <br/> <br/> <br/> 2019-04-04 15:39:51: by Admin Administrator <br/>  &nbsp;&nbsp; Sterilize  Date changed  =>  -> 2019-04-04 <br/><br/> <br/> 2019-04-04 15:40:38: by Admin Administrator <br/>  &nbsp;&nbsp; Order Date changed  =>  -> 2019-04-12 <br/><br/> <br/>');
INSERT INTO `change_log` (`Change_ID`,`Record_Data`,`Table_Name`,`Done_By`,`Done_Date`,`Class_Name`,`Restore`,`Type`,`Changes`) VALUES
('99','{\"Item_ID\":\"9\",\"Reference_No\":\"0\",\"System_Ref_No\":\"2000\",\"Patient_Name\":\"R. Ramaiya\",\"Received_Date\":\"2018-03-29\",\"BHT_No\":\"54\",\"Age\":\"55\",\"First_Surgery_Date\":\"2018-03-28\",\"Sterilized_Status\":\"1\",\"Sterilize_Date\":\"2018-06-21\",\"Hospital_ID\":\"5\",\"Ward\":\"22\",\"Guardian_Name\":\"Mr. Rajawella\",\"Guardian_NIC\":\"562421107V\",\"Address\":\"oiur;kluerfpidfpoisd\",\"Received_By\":\"2\",\"Mobile_No\":\"0718005269\",\"Land_Phone_No\":\"0718005268\",\"Comments\":\"Fell from the tree\",\"Item_Status\":\"7\",\"Ordered_Status\":\"0\",\"Ordered_Date\":null,\"Issued_Status\":\"0\",\"Issue_Date\":null,\"Issue_Remark\":null,\"Release_Status\":\"1\",\"Release_Reason_ID\":\"2\",\"Release_Date\":\"2019-04-04\",\"Renew_Status\":\"0\",\"Renew_Date\":null,\"Added_By\":\"2\",\"Added_Date\":\"2019-04-01 12:20:16\",\"Edited_By\":\"2\",\"Edited_Date\":\"2019-04-04 15:45:28\",\"Changed_Log\":\" <br\\/> 2019-04-01 12:22:11: by Admin Administrator <br\\/>  &nbsp;&nbsp; Sterilize  Date changed  =>  -> 2018-06-21 <br\\/><br\\/> <br\\/> 2019-04-03 10:39:24: by Admin Administrator <br\\/>  &nbsp;&nbsp; Renew  Status changed  => No -> Yes <br\\/> &nbsp;&nbsp; Renew  Date changed  =>  ->  <br\\/><br\\/> <br\\/> 2019-04-03 10:39:51: by Admin Administrator <br\\/>  &nbsp;&nbsp; Renew  Status changed  => No -> Yes <br\\/> &nbsp;&nbsp; Renew  Date changed  =>  ->  <br\\/><br\\/> <br\\/> 2019-04-03 10:39:58: by Admin Administrator <br\\/>  &nbsp;&nbsp; Renew  Status changed  => No -> Yes <br\\/> &nbsp;&nbsp; Renew  Date changed  =>  ->  <br\\/><br\\/> <br\\/> 2019-04-03 10:48:21: by Admin Administrator <br\\/> <br\\/> <br\\/> 2019-04-03 11:41:06: by Admin Administrator <br\\/> <br\\/> <br\\/> 2019-04-03 11:50:23: by Admin Administrator <br\\/> <br\\/> <br\\/> 2019-04-03 11:54:36: by Admin Administrator <br\\/> <br\\/> <br\\/> 2019-04-03 11:58:27: by Admin Administrator <br\\/> <br\\/> <br\\/> 2019-04-03 12:06:21: by Admin Administrator <br\\/> <br\\/> <br\\/> 2019-04-03 20:45:35: by Admin Administrator <br\\/>  &nbsp;&nbsp; Renew  Status changed  => No -> Yes <br\\/> &nbsp;&nbsp; Renew  Date changed  =>  ->  <br\\/><br\\/> <br\\/> 2019-04-04 15:45:28: by Admin Administrator <br\\/>  &nbsp;&nbsp; Release\\/Discard Status changed  => No -> Yes <br\\/> &nbsp;&nbsp; Release\\/Discard Date changed  =>  -> 2019-04-04 <br\\/> &nbsp;&nbsp; Release\\/Discard Reason changed  => Urgent Matter ->  <br\\/><br\\/>\"}','item_details','2','2019-04-04 15:45:29','ItemDetails','','2','Item  Status changed to 3 => 7 <br/>Release/Discard Status changed to 0 => 1 <br/>Release/Discard Reason changed to  => 2 <br/>Release/Discard Date changed to  => 2019-04-04 <br/>Edited Date changed to 2019-04-03 20:45:35 => 2019-04-04 15:45:28 <br/>Changed Log changed to  <br/> 2019-04-01 12:22:11: by Admin Administrator <br/>  &nbsp;&nbsp; Sterilize  Date changed  =>  -> 2018-06-21 <br/><br/> <br/> 2019-04-03 10:39:24: by Admin Administrator <br/>  &nbsp;&nbsp; Renew  Status changed  => No -> Yes <br/> &nbsp;&nbsp; Renew  Date changed  =>  ->  <br/><br/> <br/> 2019-04-03 10:39:51: by Admin Administrator <br/>  &nbsp;&nbsp; Renew  Status changed  => No -> Yes <br/> &nbsp;&nbsp; Renew  Date changed  =>  ->  <br/><br/> <br/> 2019-04-03 10:39:58: by Admin Administrator <br/>  &nbsp;&nbsp; Renew  Status changed  => No -> Yes <br/> &nbsp;&nbsp; Renew  Date changed  =>  ->  <br/><br/> <br/> 2019-04-03 10:48:21: by Admin Administrator <br/> <br/> <br/> 2019-04-03 11:41:06: by Admin Administrator <br/> <br/> <br/> 2019-04-03 11:50:23: by Admin Administrator <br/> <br/> <br/> 2019-04-03 11:54:36: by Admin Administrator <br/> <br/> <br/> 2019-04-03 11:58:27: by Admin Administrator <br/> <br/> <br/> 2019-04-03 12:06:21: by Admin Administrator <br/> <br/> <br/> 2019-04-03 20:45:35: by Admin Administrator <br/>  &nbsp;&nbsp; Renew  Status changed  => No -> Yes <br/> &nbsp;&nbsp; Renew  Date changed  =>  ->  <br/><br/> =>  <br/> 2019-04-01 12:22:11: by Admin Administrator <br/>  &nbsp;&nbsp; Sterilize  Date changed  =>  -> 2018-06-21 <br/><br/> <br/> 2019-04-03 10:39:24: by Admin Administrator <br/>  &nbsp;&nbsp; Renew  Status changed  => No -> Yes <br/> &nbsp;&nbsp; Renew  Date changed  =>  ->  <br/><br/> <br/> 2019-04-03 10:39:51: by Admin Administrator <br/>  &nbsp;&nbsp; Renew  Status changed  => No -> Yes <br/> &nbsp;&nbsp; Renew  Date changed  =>  ->  <br/><br/> <br/> 2019-04-03 10:39:58: by Admin Administrator <br/>  &nbsp;&nbsp; Renew  Status changed  => No -> Yes <br/> &nbsp;&nbsp; Renew  Date changed  =>  ->  <br/><br/> <br/> 2019-04-03 10:48:21: by Admin Administrator <br/> <br/> <br/> 2019-04-03 11:41:06: by Admin Administrator <br/> <br/> <br/> 2019-04-03 11:50:23: by Admin Administrator <br/> <br/> <br/> 2019-04-03 11:54:36: by Admin Administrator <br/> <br/> <br/> 2019-04-03 11:58:27: by Admin Administrator <br/> <br/> <br/> 2019-04-03 12:06:21: by Admin Administrator <br/> <br/> <br/> 2019-04-03 20:45:35: by Admin Administrator <br/>  &nbsp;&nbsp; Renew  Status changed  => No -> Yes <br/> &nbsp;&nbsp; Renew  Date changed  =>  ->  <br/><br/> <br/> 2019-04-04 15:45:28: by Admin Administrator <br/>  &nbsp;&nbsp; Release/Discard Status changed  => No -> Yes <br/> &nbsp;&nbsp; Release/Discard Date changed  =>  -> 2019-04-04 <br/> &nbsp;&nbsp; Release/Discard Reason changed  => Urgent Matter ->  <br/><br/> <br/>');
INSERT INTO `change_log` (`Change_ID`,`Record_Data`,`Table_Name`,`Done_By`,`Done_Date`,`Class_Name`,`Restore`,`Type`,`Changes`) VALUES
('100','{\"Item_ID\":\"9\",\"Reference_No\":\"0\",\"System_Ref_No\":\"2000\",\"Patient_Name\":\"R. Ramaiya\",\"Received_Date\":\"2018-03-29\",\"BHT_No\":\"54\",\"Age\":\"55\",\"First_Surgery_Date\":\"2018-03-28\",\"Sterilized_Status\":\"1\",\"Sterilize_Date\":\"2018-06-21\",\"Hospital_ID\":\"5\",\"Ward\":\"22\",\"Guardian_Name\":\"Mr. Rajawella\",\"Guardian_NIC\":\"562421107V\",\"Address\":\"oiur;kluerfpidfpoisd\",\"Received_By\":\"2\",\"Mobile_No\":\"0718005269\",\"Land_Phone_No\":\"0718005268\",\"Comments\":\"Fell from the tree\",\"Item_Status\":\"4\",\"Ordered_Status\":\"0\",\"Ordered_Date\":null,\"Issued_Status\":\"1\",\"Issue_Date\":\"2019-04-04\",\"Issue_Remark\":null,\"Release_Status\":\"1\",\"Release_Reason_ID\":\"2\",\"Release_Date\":\"2019-04-04\",\"Renew_Status\":\"0\",\"Renew_Date\":null,\"Added_By\":\"2\",\"Added_Date\":\"2019-04-01 12:20:16\",\"Edited_By\":\"2\",\"Edited_Date\":\"2019-04-04 15:46:00\",\"Changed_Log\":\" <br\\/> 2019-04-01 12:22:11: by Admin Administrator <br\\/>  &nbsp;&nbsp; Sterilize  Date changed  =>  -> 2018-06-21 <br\\/><br\\/> <br\\/> 2019-04-03 10:39:24: by Admin Administrator <br\\/>  &nbsp;&nbsp; Renew  Status changed  => No -> Yes <br\\/> &nbsp;&nbsp; Renew  Date changed  =>  ->  <br\\/><br\\/> <br\\/> 2019-04-03 10:39:51: by Admin Administrator <br\\/>  &nbsp;&nbsp; Renew  Status changed  => No -> Yes <br\\/> &nbsp;&nbsp; Renew  Date changed  =>  ->  <br\\/><br\\/> <br\\/> 2019-04-03 10:39:58: by Admin Administrator <br\\/>  &nbsp;&nbsp; Renew  Status changed  => No -> Yes <br\\/> &nbsp;&nbsp; Renew  Date changed  =>  ->  <br\\/><br\\/> <br\\/> 2019-04-03 10:48:21: by Admin Administrator <br\\/> <br\\/> <br\\/> 2019-04-03 11:41:06: by Admin Administrator <br\\/> <br\\/> <br\\/> 2019-04-03 11:50:23: by Admin Administrator <br\\/> <br\\/> <br\\/> 2019-04-03 11:54:36: by Admin Administrator <br\\/> <br\\/> <br\\/> 2019-04-03 11:58:27: by Admin Administrator <br\\/> <br\\/> <br\\/> 2019-04-03 12:06:21: by Admin Administrator <br\\/> <br\\/> <br\\/> 2019-04-03 20:45:35: by Admin Administrator <br\\/>  &nbsp;&nbsp; Renew  Status changed  => No -> Yes <br\\/> &nbsp;&nbsp; Renew  Date changed  =>  ->  <br\\/><br\\/> <br\\/> 2019-04-04 15:45:28: by Admin Administrator <br\\/>  &nbsp;&nbsp; Release\\/Discard Status changed  => No -> Yes <br\\/> &nbsp;&nbsp; Release\\/Discard Date changed  =>  -> 2019-04-04 <br\\/> &nbsp;&nbsp; Release\\/Discard Reason changed  => Urgent Matter ->  <br\\/><br\\/> <br\\/> 2019-04-04 15:46:00: by Admin Administrator <br\\/>  &nbsp;&nbsp; Issue Date changed  =>  -> 2019-04-04 <br\\/><br\\/>\"}','item_details','2','2019-04-04 15:46:00','ItemDetails','','2','Item  Status changed to 7 => 4 <br/>Issue Status changed to 0 => 1 <br/>Issue Date changed to  => 2019-04-04 <br/>Edited Date changed to 2019-04-04 15:45:28 => 2019-04-04 15:46:00 <br/>Changed Log changed to  <br/> 2019-04-01 12:22:11: by Admin Administrator <br/>  &nbsp;&nbsp; Sterilize  Date changed  =>  -> 2018-06-21 <br/><br/> <br/> 2019-04-03 10:39:24: by Admin Administrator <br/>  &nbsp;&nbsp; Renew  Status changed  => No -> Yes <br/> &nbsp;&nbsp; Renew  Date changed  =>  ->  <br/><br/> <br/> 2019-04-03 10:39:51: by Admin Administrator <br/>  &nbsp;&nbsp; Renew  Status changed  => No -> Yes <br/> &nbsp;&nbsp; Renew  Date changed  =>  ->  <br/><br/> <br/> 2019-04-03 10:39:58: by Admin Administrator <br/>  &nbsp;&nbsp; Renew  Status changed  => No -> Yes <br/> &nbsp;&nbsp; Renew  Date changed  =>  ->  <br/><br/> <br/> 2019-04-03 10:48:21: by Admin Administrator <br/> <br/> <br/> 2019-04-03 11:41:06: by Admin Administrator <br/> <br/> <br/> 2019-04-03 11:50:23: by Admin Administrator <br/> <br/> <br/> 2019-04-03 11:54:36: by Admin Administrator <br/> <br/> <br/> 2019-04-03 11:58:27: by Admin Administrator <br/> <br/> <br/> 2019-04-03 12:06:21: by Admin Administrator <br/> <br/> <br/> 2019-04-03 20:45:35: by Admin Administrator <br/>  &nbsp;&nbsp; Renew  Status changed  => No -> Yes <br/> &nbsp;&nbsp; Renew  Date changed  =>  ->  <br/><br/> <br/> 2019-04-04 15:45:28: by Admin Administrator <br/>  &nbsp;&nbsp; Release/Discard Status changed  => No -> Yes <br/> &nbsp;&nbsp; Release/Discard Date changed  =>  -> 2019-04-04 <br/> &nbsp;&nbsp; Release/Discard Reason changed  => Urgent Matter ->  <br/><br/> =>  <br/> 2019-04-01 12:22:11: by Admin Administrator <br/>  &nbsp;&nbsp; Sterilize  Date changed  =>  -> 2018-06-21 <br/><br/> <br/> 2019-04-03 10:39:24: by Admin Administrator <br/>  &nbsp;&nbsp; Renew  Status changed  => No -> Yes <br/> &nbsp;&nbsp; Renew  Date changed  =>  ->  <br/><br/> <br/> 2019-04-03 10:39:51: by Admin Administrator <br/>  &nbsp;&nbsp; Renew  Status changed  => No -> Yes <br/> &nbsp;&nbsp; Renew  Date changed  =>  ->  <br/><br/> <br/> 2019-04-03 10:39:58: by Admin Administrator <br/>  &nbsp;&nbsp; Renew  Status changed  => No -> Yes <br/> &nbsp;&nbsp; Renew  Date changed  =>  ->  <br/><br/> <br/> 2019-04-03 10:48:21: by Admin Administrator <br/> <br/> <br/> 2019-04-03 11:41:06: by Admin Administrator <br/> <br/> <br/> 2019-04-03 11:50:23: by Admin Administrator <br/> <br/> <br/> 2019-04-03 11:54:36: by Admin Administrator <br/> <br/> <br/> 2019-04-03 11:58:27: by Admin Administrator <br/> <br/> <br/> 2019-04-03 12:06:21: by Admin Administrator <br/> <br/> <br/> 2019-04-03 20:45:35: by Admin Administrator <br/>  &nbsp;&nbsp; Renew  Status changed  => No -> Yes <br/> &nbsp;&nbsp; Renew  Date changed  =>  ->  <br/><br/> <br/> 2019-04-04 15:45:28: by Admin Administrator <br/>  &nbsp;&nbsp; Release/Discard Status changed  => No -> Yes <br/> &nbsp;&nbsp; Release/Discard Date changed  =>  -> 2019-04-04 <br/> &nbsp;&nbsp; Release/Discard Reason changed  => Urgent Matter ->  <br/><br/> <br/> 2019-04-04 15:46:00: by Admin Administrator <br/>  &nbsp;&nbsp; Issue Date changed  =>  -> 2019-04-04 <br/><br/> <br/>');
INSERT INTO `change_log` (`Change_ID`,`Record_Data`,`Table_Name`,`Done_By`,`Done_Date`,`Class_Name`,`Restore`,`Type`,`Changes`) VALUES
('101','{\"id\":\"2\",\"username\":\"admin\",\"email\":\"demo@example.com\",\"create_at\":\"2019-02-16 12:25:25\",\"lastvisit_at\":\"2019-04-06 16:19:34\",\"superuser\":\"0\",\"status\":\"1\",\"Role_ID\":\"2\",\"password\":\"be137a85775380a9ab05ae0d00cca90e\",\"activkey\":\"67392ce422aadb3847eb6fd00febadc1\"}','tbl_users','2','2019-04-06 16:19:34','User','','2','Last visit changed to 2019-04-04 15:33:54 => 2019-04-06 16:19:34 <br/>');
INSERT INTO `change_log` (`Change_ID`,`Record_Data`,`Table_Name`,`Done_By`,`Done_Date`,`Class_Name`,`Restore`,`Type`,`Changes`) VALUES
('102','{\"Item_ID\":\"10\",\"Reference_No\":\"99999\",\"System_Ref_No\":\"2001\",\"Patient_Name\":\"drfgffhjgjk\",\"Received_Date\":\"2019-04-03\",\"BHT_No\":\"3225\",\"Age\":\"99\",\"First_Surgery_Date\":\"2019-02-28\",\"Sterilized_Status\":\"1\",\"Sterilize_Date\":\"2019-04-04\",\"Hospital_ID\":\"7\",\"Ward\":\"10\",\"Guardian_Name\":\"Mr. Rajawella\",\"Guardian_NIC\":\"562421106X\",\"Address\":\"fgfxgfsgsfvxfvgxgvsfdfgsfsfsdfsfs\",\"Received_By\":\"2\",\"Mobile_No\":\"0718005269\",\"Land_Phone_No\":\"0718005268\",\"Comments\":\";lksdf\'pkosfgsadfg[osadff][oisadf[pasoifsa[difsad[foiadfp\'adjkfaD\'SFADFADFAp\'sdjkf\",\"Item_Status\":\"4\",\"Ordered_Status\":\"1\",\"Ordered_Date\":\"2019-04-12\",\"Issued_Status\":\"1\",\"Issue_Date\":\"2019-04-06\",\"Issue_Remark\":null,\"Release_Status\":\"0\",\"Release_Reason_ID\":null,\"Release_Date\":null,\"Renew_Status\":null,\"Renew_Date\":null,\"Added_By\":\"2\",\"Added_Date\":\"2019-04-03 20:51:46\",\"Edited_By\":\"2\",\"Edited_Date\":\"2019-04-06 16:28:37\",\"Changed_Log\":\" <br\\/> 2019-04-04 15:36:38: by Admin Administrator <br\\/>  &nbsp;&nbsp; Comments changed  => jbj -> ;lksdf\'pkosfgsadfg[osadff][oisadf[pasoifsa[difsad[foiadfp\'adjkfaD\'SFADFADFAp\'sdjkf <br\\/><br\\/> <br\\/> 2019-04-04 15:36:39: by Admin Administrator <br\\/> <br\\/> <br\\/> 2019-04-04 15:39:51: by Admin Administrator <br\\/>  &nbsp;&nbsp; Sterilize  Date changed  =>  -> 2019-04-04 <br\\/><br\\/> <br\\/> 2019-04-04 15:40:38: by Admin Administrator <br\\/>  &nbsp;&nbsp; Order Date changed  =>  -> 2019-04-12 <br\\/><br\\/> <br\\/> 2019-04-06 16:28:37: by Admin Administrator <br\\/>  &nbsp;&nbsp; Issue Date changed  =>  -> 2019-04-06 <br\\/><br\\/>\"}','item_details','2','2019-04-06 16:28:37','ItemDetails','','2','Item  Status changed to 5 => 4 <br/>Issue Status changed to 0 => 1 <br/>Issue Date changed to  => 2019-04-06 <br/>Edited Date changed to 2019-04-04 15:40:38 => 2019-04-06 16:28:37 <br/>Changed Log changed to  <br/> 2019-04-04 15:36:38: by Admin Administrator <br/>  &nbsp;&nbsp; Comments changed  => jbj -> ;lksdf\'pkosfgsadfg[osadff][oisadf[pasoifsa[difsad[foiadfp\'adjkfaD\'SFADFADFAp\'sdjkf <br/><br/> <br/> 2019-04-04 15:36:39: by Admin Administrator <br/> <br/> <br/> 2019-04-04 15:39:51: by Admin Administrator <br/>  &nbsp;&nbsp; Sterilize  Date changed  =>  -> 2019-04-04 <br/><br/> <br/> 2019-04-04 15:40:38: by Admin Administrator <br/>  &nbsp;&nbsp; Order Date changed  =>  -> 2019-04-12 <br/><br/> =>  <br/> 2019-04-04 15:36:38: by Admin Administrator <br/>  &nbsp;&nbsp; Comments changed  => jbj -> ;lksdf\'pkosfgsadfg[osadff][oisadf[pasoifsa[difsad[foiadfp\'adjkfaD\'SFADFADFAp\'sdjkf <br/><br/> <br/> 2019-04-04 15:36:39: by Admin Administrator <br/> <br/> <br/> 2019-04-04 15:39:51: by Admin Administrator <br/>  &nbsp;&nbsp; Sterilize  Date changed  =>  -> 2019-04-04 <br/><br/> <br/> 2019-04-04 15:40:38: by Admin Administrator <br/>  &nbsp;&nbsp; Order Date changed  =>  -> 2019-04-12 <br/><br/> <br/> 2019-04-06 16:28:37: by Admin Administrator <br/>  &nbsp;&nbsp; Issue Date changed  =>  -> 2019-04-06 <br/><br/> <br/>');
INSERT INTO `change_log` (`Change_ID`,`Record_Data`,`Table_Name`,`Done_By`,`Done_Date`,`Class_Name`,`Restore`,`Type`,`Changes`) VALUES
('103','{\"Item_ID\":\"10\",\"Reference_No\":\"99999\",\"System_Ref_No\":\"2001\",\"Patient_Name\":\"drfgffhjgjk\",\"Received_Date\":\"2019-04-03\",\"BHT_No\":\"3225\",\"Age\":\"99\",\"First_Surgery_Date\":\"2019-02-28\",\"Sterilized_Status\":\"1\",\"Sterilize_Date\":\"2019-04-04\",\"Hospital_ID\":\"7\",\"Ward\":\"10\",\"Guardian_Name\":\"Mr. Rajawella\",\"Guardian_NIC\":\"562421106X\",\"Address\":\"fgfxgfsgsfvxfvgxgvsfdfgsfsfsdfsfs\",\"Received_By\":\"2\",\"Mobile_No\":\"0718005269\",\"Land_Phone_No\":\"0718005268\",\"Comments\":\";lksdf\'pkosfgsadfg[osadff][oisadf[pasoifsa[difsad[foiadfp\'adjkfaD\'SFADFADFAp\'sdjkf\",\"Item_Status\":\"4\",\"Ordered_Status\":\"1\",\"Ordered_Date\":\"2019-04-12\",\"Issued_Status\":\"1\",\"Issue_Date\":\"2019-04-06\",\"Issue_Remark\":null,\"Release_Status\":\"0\",\"Release_Reason_ID\":null,\"Release_Date\":null,\"Renew_Status\":null,\"Renew_Date\":null,\"Added_By\":\"2\",\"Added_Date\":\"2019-04-03 20:51:46\",\"Edited_By\":\"2\",\"Edited_Date\":\"2019-04-06 16:28:53\",\"Changed_Log\":\" <br\\/> 2019-04-04 15:36:38: by Admin Administrator <br\\/>  &nbsp;&nbsp; Comments changed  => jbj -> ;lksdf\'pkosfgsadfg[osadff][oisadf[pasoifsa[difsad[foiadfp\'adjkfaD\'SFADFADFAp\'sdjkf <br\\/><br\\/> <br\\/> 2019-04-04 15:36:39: by Admin Administrator <br\\/> <br\\/> <br\\/> 2019-04-04 15:39:51: by Admin Administrator <br\\/>  &nbsp;&nbsp; Sterilize  Date changed  =>  -> 2019-04-04 <br\\/><br\\/> <br\\/> 2019-04-04 15:40:38: by Admin Administrator <br\\/>  &nbsp;&nbsp; Order Date changed  =>  -> 2019-04-12 <br\\/><br\\/> <br\\/> 2019-04-06 16:28:37: by Admin Administrator <br\\/>  &nbsp;&nbsp; Issue Date changed  =>  -> 2019-04-06 <br\\/><br\\/> <br\\/> 2019-04-06 16:28:53: by Admin Administrator <br\\/>  &nbsp;&nbsp; Issue Date changed  => 2019-04-06 -> 2019-04-06 <br\\/><br\\/>\"}','item_details','2','2019-04-06 16:28:53','ItemDetails','','2','Edited Date changed to 2019-04-06 16:28:37 => 2019-04-06 16:28:53 <br/>Changed Log changed to  <br/> 2019-04-04 15:36:38: by Admin Administrator <br/>  &nbsp;&nbsp; Comments changed  => jbj -> ;lksdf\'pkosfgsadfg[osadff][oisadf[pasoifsa[difsad[foiadfp\'adjkfaD\'SFADFADFAp\'sdjkf <br/><br/> <br/> 2019-04-04 15:36:39: by Admin Administrator <br/> <br/> <br/> 2019-04-04 15:39:51: by Admin Administrator <br/>  &nbsp;&nbsp; Sterilize  Date changed  =>  -> 2019-04-04 <br/><br/> <br/> 2019-04-04 15:40:38: by Admin Administrator <br/>  &nbsp;&nbsp; Order Date changed  =>  -> 2019-04-12 <br/><br/> <br/> 2019-04-06 16:28:37: by Admin Administrator <br/>  &nbsp;&nbsp; Issue Date changed  =>  -> 2019-04-06 <br/><br/> =>  <br/> 2019-04-04 15:36:38: by Admin Administrator <br/>  &nbsp;&nbsp; Comments changed  => jbj -> ;lksdf\'pkosfgsadfg[osadff][oisadf[pasoifsa[difsad[foiadfp\'adjkfaD\'SFADFADFAp\'sdjkf <br/><br/> <br/> 2019-04-04 15:36:39: by Admin Administrator <br/> <br/> <br/> 2019-04-04 15:39:51: by Admin Administrator <br/>  &nbsp;&nbsp; Sterilize  Date changed  =>  -> 2019-04-04 <br/><br/> <br/> 2019-04-04 15:40:38: by Admin Administrator <br/>  &nbsp;&nbsp; Order Date changed  =>  -> 2019-04-12 <br/><br/> <br/> 2019-04-06 16:28:37: by Admin Administrator <br/>  &nbsp;&nbsp; Issue Date changed  =>  -> 2019-04-06 <br/><br/> <br/> 2019-04-06 16:28:53: by Admin Administrator <br/>  &nbsp;&nbsp; Issue Date changed  => 2019-04-06 -> 2019-04-06 <br/><br/> <br/>');
INSERT INTO `change_log` (`Change_ID`,`Record_Data`,`Table_Name`,`Done_By`,`Done_Date`,`Class_Name`,`Restore`,`Type`,`Changes`) VALUES
('104','{\"Item_ID\":\"10\",\"Status_ID\":\"4\",\"Date\":\"2019-04-06\",\"Amount\":\"3000.00\",\"Receipt_No\":\"9999\",\"Added_By\":\"2\",\"Added_Date\":\"2019-04-06 16:28:37\"}','item_payments','2','2019-04-06 16:28:53','ItemPayments','','2','Receipt No changed to  => 9999 <br/>');
INSERT INTO `change_log` (`Change_ID`,`Record_Data`,`Table_Name`,`Done_By`,`Done_Date`,`Class_Name`,`Restore`,`Type`,`Changes`) VALUES
('105','{\"Item_ID\":\"10\",\"Reference_No\":\"99999\",\"System_Ref_No\":\"2001\",\"Patient_Name\":\"drfgffhjgjk\",\"Received_Date\":\"2019-04-03\",\"BHT_No\":\"3225\",\"Age\":\"99\",\"First_Surgery_Date\":\"2019-02-28\",\"Sterilized_Status\":\"1\",\"Sterilize_Date\":\"2019-04-04\",\"Hospital_ID\":\"7\",\"Ward\":\"10\",\"Guardian_Name\":\"Mr. Rajawella\",\"Guardian_NIC\":\"562421106X\",\"Address\":\"fgfxgfsgsfvxfvgxgvsfdfgsfsfsdfsfs\",\"Received_By\":\"2\",\"Mobile_No\":\"0718005269\",\"Land_Phone_No\":\"0718005268\",\"Comments\":\";lksdf\'pkosfgsadfg[osadff][oisadf[pasoifsa[difsad[foiadfp\'adjkfaD\'SFADFADFAp\'sdjkf\",\"Item_Status\":\"7\",\"Ordered_Status\":\"1\",\"Ordered_Date\":\"2019-04-12\",\"Issued_Status\":\"1\",\"Issue_Date\":\"2019-04-06\",\"Issue_Remark\":null,\"Release_Status\":\"2\",\"Release_Reason_ID\":\"5\",\"Release_Date\":\"2019-04-06\",\"Renew_Status\":null,\"Renew_Date\":null,\"Added_By\":\"2\",\"Added_Date\":\"2019-04-03 20:51:46\",\"Edited_By\":\"2\",\"Edited_Date\":\"2019-04-06 16:32:45\",\"Changed_Log\":\" <br\\/> 2019-04-04 15:36:38: by Admin Administrator <br\\/>  &nbsp;&nbsp; Comments changed  => jbj -> ;lksdf\'pkosfgsadfg[osadff][oisadf[pasoifsa[difsad[foiadfp\'adjkfaD\'SFADFADFAp\'sdjkf <br\\/><br\\/> <br\\/> 2019-04-04 15:36:39: by Admin Administrator <br\\/> <br\\/> <br\\/> 2019-04-04 15:39:51: by Admin Administrator <br\\/>  &nbsp;&nbsp; Sterilize  Date changed  =>  -> 2019-04-04 <br\\/><br\\/> <br\\/> 2019-04-04 15:40:38: by Admin Administrator <br\\/>  &nbsp;&nbsp; Order Date changed  =>  -> 2019-04-12 <br\\/><br\\/> <br\\/> 2019-04-06 16:28:37: by Admin Administrator <br\\/>  &nbsp;&nbsp; Issue Date changed  =>  -> 2019-04-06 <br\\/><br\\/> <br\\/> 2019-04-06 16:28:53: by Admin Administrator <br\\/>  &nbsp;&nbsp; Issue Date changed  => 2019-04-06 -> 2019-04-06 <br\\/><br\\/> <br\\/> 2019-04-06 16:32:45: by Admin Administrator <br\\/>  &nbsp;&nbsp; Release\\/Discard Status changed  => No -> Yes <br\\/> &nbsp;&nbsp; Release\\/Discard Date changed  =>  -> 2019-04-06 <br\\/> &nbsp;&nbsp; Release\\/Discard Reason changed  => Dead ->  <br\\/><br\\/>\"}','item_details','2','2019-04-06 16:32:45','ItemDetails','','2','Item  Status changed to 4 => 7 <br/>Release/Discard Status changed to 0 => 2 <br/>Release/Discard Reason changed to  => 5 <br/>Release/Discard Date changed to  => 2019-04-06 <br/>Edited Date changed to 2019-04-06 16:28:53 => 2019-04-06 16:32:45 <br/>Changed Log changed to  <br/> 2019-04-04 15:36:38: by Admin Administrator <br/>  &nbsp;&nbsp; Comments changed  => jbj -> ;lksdf\'pkosfgsadfg[osadff][oisadf[pasoifsa[difsad[foiadfp\'adjkfaD\'SFADFADFAp\'sdjkf <br/><br/> <br/> 2019-04-04 15:36:39: by Admin Administrator <br/> <br/> <br/> 2019-04-04 15:39:51: by Admin Administrator <br/>  &nbsp;&nbsp; Sterilize  Date changed  =>  -> 2019-04-04 <br/><br/> <br/> 2019-04-04 15:40:38: by Admin Administrator <br/>  &nbsp;&nbsp; Order Date changed  =>  -> 2019-04-12 <br/><br/> <br/> 2019-04-06 16:28:37: by Admin Administrator <br/>  &nbsp;&nbsp; Issue Date changed  =>  -> 2019-04-06 <br/><br/> <br/> 2019-04-06 16:28:53: by Admin Administrator <br/>  &nbsp;&nbsp; Issue Date changed  => 2019-04-06 -> 2019-04-06 <br/><br/> =>  <br/> 2019-04-04 15:36:38: by Admin Administrator <br/>  &nbsp;&nbsp; Comments changed  => jbj -> ;lksdf\'pkosfgsadfg[osadff][oisadf[pasoifsa[difsad[foiadfp\'adjkfaD\'SFADFADFAp\'sdjkf <br/><br/> <br/> 2019-04-04 15:36:39: by Admin Administrator <br/> <br/> <br/> 2019-04-04 15:39:51: by Admin Administrator <br/>  &nbsp;&nbsp; Sterilize  Date changed  =>  -> 2019-04-04 <br/><br/> <br/> 2019-04-04 15:40:38: by Admin Administrator <br/>  &nbsp;&nbsp; Order Date changed  =>  -> 2019-04-12 <br/><br/> <br/> 2019-04-06 16:28:37: by Admin Administrator <br/>  &nbsp;&nbsp; Issue Date changed  =>  -> 2019-04-06 <br/><br/> <br/> 2019-04-06 16:28:53: by Admin Administrator <br/>  &nbsp;&nbsp; Issue Date changed  => 2019-04-06 -> 2019-04-06 <br/><br/> <br/> 2019-04-06 16:32:45: by Admin Administrator <br/>  &nbsp;&nbsp; Release/Discard Status changed  => No -> Yes <br/> &nbsp;&nbsp; Release/Discard Date changed  =>  -> 2019-04-06 <br/> &nbsp;&nbsp; Release/Discard Reason changed  => Dead ->  <br/><br/> <br/>');
INSERT INTO `change_log` (`Change_ID`,`Record_Data`,`Table_Name`,`Done_By`,`Done_Date`,`Class_Name`,`Restore`,`Type`,`Changes`) VALUES
('106','{\"Item_ID\":\"10\",\"Reference_No\":\"9999\",\"System_Ref_No\":\"2001\",\"Patient_Name\":\"drfgffhjgjk\",\"Received_Date\":\"2019-04-03\",\"BHT_No\":\"3225\",\"Age\":\"29\",\"First_Surgery_Date\":\"2019-02-28\",\"Sterilized_Status\":\"1\",\"Sterilize_Date\":\"2019-04-04\",\"Hospital_ID\":\"7\",\"Ward\":\"10\",\"Guardian_Name\":\"Mr. Rajawella\",\"Guardian_NIC\":\"562421106X\",\"Address\":\"fgfxgfsgsfvxfvgxgvsfdfgsfsfsdfsfs\",\"Received_By\":\"2\",\"Mobile_No\":\"0718005269\",\"Land_Phone_No\":\"0718005268\",\"Comments\":\";lksdf\'pkosfgsadfg[osadff][oisadf[pasoifsa[difsad[foiadfp\'adjkfaD\'SFADFADFAp\'sdjkf\",\"Item_Status\":\"7\",\"Ordered_Status\":\"1\",\"Ordered_Date\":\"2019-04-12\",\"Issued_Status\":\"1\",\"Issue_Date\":\"2019-04-06\",\"Issue_Remark\":null,\"Release_Status\":\"2\",\"Release_Reason_ID\":\"5\",\"Release_Date\":\"2019-04-06\",\"Renew_Status\":null,\"Renew_Date\":null,\"Added_By\":\"2\",\"Added_Date\":\"2019-04-03 20:51:46\",\"Edited_By\":\"2\",\"Edited_Date\":\"2019-04-06 16:34:38\",\"Changed_Log\":\" <br\\/> 2019-04-04 15:36:38: by Admin Administrator <br\\/>  &nbsp;&nbsp; Comments changed  => jbj -> ;lksdf\'pkosfgsadfg[osadff][oisadf[pasoifsa[difsad[foiadfp\'adjkfaD\'SFADFADFAp\'sdjkf <br\\/><br\\/> <br\\/> 2019-04-04 15:36:39: by Admin Administrator <br\\/> <br\\/> <br\\/> 2019-04-04 15:39:51: by Admin Administrator <br\\/>  &nbsp;&nbsp; Sterilize  Date changed  =>  -> 2019-04-04 <br\\/><br\\/> <br\\/> 2019-04-04 15:40:38: by Admin Administrator <br\\/>  &nbsp;&nbsp; Order Date changed  =>  -> 2019-04-12 <br\\/><br\\/> <br\\/> 2019-04-06 16:28:37: by Admin Administrator <br\\/>  &nbsp;&nbsp; Issue Date changed  =>  -> 2019-04-06 <br\\/><br\\/> <br\\/> 2019-04-06 16:28:53: by Admin Administrator <br\\/>  &nbsp;&nbsp; Issue Date changed  => 2019-04-06 -> 2019-04-06 <br\\/><br\\/> <br\\/> 2019-04-06 16:32:45: by Admin Administrator <br\\/>  &nbsp;&nbsp; Release\\/Discard Status changed  => No -> Yes <br\\/> &nbsp;&nbsp; Release\\/Discard Date changed  =>  -> 2019-04-06 <br\\/> &nbsp;&nbsp; Release\\/Discard Reason changed  => Dead ->  <br\\/><br\\/> <br\\/> 2019-04-06 16:34:38: by Admin Administrator <br\\/>  &nbsp;&nbsp; Hospital Reference No changed  => 99999 -> 9999 <br\\/> &nbsp;&nbsp; Age changed  => 99 -> 29 <br\\/><br\\/>\"}','item_details','2','2019-04-06 16:34:38','ItemDetails','','2','Hospital Reference No changed to 99999 => 9999 <br/>Age changed to 99 => 29 <br/>Edited Date changed to 2019-04-06 16:32:45 => 2019-04-06 16:34:38 <br/>Changed Log changed to  <br/> 2019-04-04 15:36:38: by Admin Administrator <br/>  &nbsp;&nbsp; Comments changed  => jbj -> ;lksdf\'pkosfgsadfg[osadff][oisadf[pasoifsa[difsad[foiadfp\'adjkfaD\'SFADFADFAp\'sdjkf <br/><br/> <br/> 2019-04-04 15:36:39: by Admin Administrator <br/> <br/> <br/> 2019-04-04 15:39:51: by Admin Administrator <br/>  &nbsp;&nbsp; Sterilize  Date changed  =>  -> 2019-04-04 <br/><br/> <br/> 2019-04-04 15:40:38: by Admin Administrator <br/>  &nbsp;&nbsp; Order Date changed  =>  -> 2019-04-12 <br/><br/> <br/> 2019-04-06 16:28:37: by Admin Administrator <br/>  &nbsp;&nbsp; Issue Date changed  =>  -> 2019-04-06 <br/><br/> <br/> 2019-04-06 16:28:53: by Admin Administrator <br/>  &nbsp;&nbsp; Issue Date changed  => 2019-04-06 -> 2019-04-06 <br/><br/> <br/> 2019-04-06 16:32:45: by Admin Administrator <br/>  &nbsp;&nbsp; Release/Discard Status changed  => No -> Yes <br/> &nbsp;&nbsp; Release/Discard Date changed  =>  -> 2019-04-06 <br/> &nbsp;&nbsp; Release/Discard Reason changed  => Dead ->  <br/><br/> =>  <br/> 2019-04-04 15:36:38: by Admin Administrator <br/>  &nbsp;&nbsp; Comments changed  => jbj -> ;lksdf\'pkosfgsadfg[osadff][oisadf[pasoifsa[difsad[foiadfp\'adjkfaD\'SFADFADFAp\'sdjkf <br/><br/> <br/> 2019-04-04 15:36:39: by Admin Administrator <br/> <br/> <br/> 2019-04-04 15:39:51: by Admin Administrator <br/>  &nbsp;&nbsp; Sterilize  Date changed  =>  -> 2019-04-04 <br/><br/> <br/> 2019-04-04 15:40:38: by Admin Administrator <br/>  &nbsp;&nbsp; Order Date changed  =>  -> 2019-04-12 <br/><br/> <br/> 2019-04-06 16:28:37: by Admin Administrator <br/>  &nbsp;&nbsp; Issue Date changed  =>  -> 2019-04-06 <br/><br/> <br/> 2019-04-06 16:28:53: by Admin Administrator <br/>  &nbsp;&nbsp; Issue Date changed  => 2019-04-06 -> 2019-04-06 <br/><br/> <br/> 2019-04-06 16:32:45: by Admin Administrator <br/>  &nbsp;&nbsp; Release/Discard Status changed  => No -> Yes <br/> &nbsp;&nbsp; Release/Discard Date changed  =>  -> 2019-04-06 <br/> &nbsp;&nbsp; Release/Discard Reason changed  => Dead ->  <br/><br/> <br/> 2019-04-06 16:34:38: by Admin Administrator <br/>  &nbsp;&nbsp; Hospital Reference No changed  => 99999 -> 9999 <br/> &nbsp;&nbsp; Age changed  => 99 -> 29 <br/><br/> <br/>');
INSERT INTO `change_log` (`Change_ID`,`Record_Data`,`Table_Name`,`Done_By`,`Done_Date`,`Class_Name`,`Restore`,`Type`,`Changes`) VALUES
('107','{\"Item_ID\":\"10\",\"Reference_No\":\"9999\",\"System_Ref_No\":\"2001\",\"Patient_Name\":\"drfgffhjgjk\",\"Received_Date\":\"2019-04-03\",\"BHT_No\":\"3225\",\"Age\":\"29\",\"First_Surgery_Date\":\"2019-02-28\",\"Sterilized_Status\":\"1\",\"Sterilize_Date\":\"2019-04-04\",\"Hospital_ID\":\"4\",\"Ward\":\"10\",\"Guardian_Name\":\"Mr. Rajawella\",\"Guardian_NIC\":\"562421106X\",\"Address\":\"fgfxgfsgsfvxfvgxgvsfdfgsfsfsdfsfs\",\"Received_By\":\"2\",\"Mobile_No\":\"0718005269\",\"Land_Phone_No\":\"0718005268\",\"Comments\":\";lksdf\'pkosfgsadfg[osadff][oisadf[pasoifsa[difsad[foiadfp\'adjkfaD\'SFADFADFAp\'sdjkf\",\"Item_Status\":\"7\",\"Ordered_Status\":\"1\",\"Ordered_Date\":\"2019-04-12\",\"Issued_Status\":\"1\",\"Issue_Date\":\"2019-04-06\",\"Issue_Remark\":null,\"Release_Status\":\"2\",\"Release_Reason_ID\":\"5\",\"Release_Date\":\"2019-04-06\",\"Renew_Status\":null,\"Renew_Date\":null,\"Added_By\":\"2\",\"Added_Date\":\"2019-04-03 20:51:46\",\"Edited_By\":\"2\",\"Edited_Date\":\"2019-04-06 16:36:32\",\"Changed_Log\":\" <br\\/> 2019-04-04 15:36:38: by Admin Administrator <br\\/>  &nbsp;&nbsp; Comments changed  => jbj -> ;lksdf\'pkosfgsadfg[osadff][oisadf[pasoifsa[difsad[foiadfp\'adjkfaD\'SFADFADFAp\'sdjkf <br\\/><br\\/> <br\\/> 2019-04-04 15:36:39: by Admin Administrator <br\\/> <br\\/> <br\\/> 2019-04-04 15:39:51: by Admin Administrator <br\\/>  &nbsp;&nbsp; Sterilize  Date changed  =>  -> 2019-04-04 <br\\/><br\\/> <br\\/> 2019-04-04 15:40:38: by Admin Administrator <br\\/>  &nbsp;&nbsp; Order Date changed  =>  -> 2019-04-12 <br\\/><br\\/> <br\\/> 2019-04-06 16:28:37: by Admin Administrator <br\\/>  &nbsp;&nbsp; Issue Date changed  =>  -> 2019-04-06 <br\\/><br\\/> <br\\/> 2019-04-06 16:28:53: by Admin Administrator <br\\/>  &nbsp;&nbsp; Issue Date changed  => 2019-04-06 -> 2019-04-06 <br\\/><br\\/> <br\\/> 2019-04-06 16:32:45: by Admin Administrator <br\\/>  &nbsp;&nbsp; Release\\/Discard Status changed  => No -> Yes <br\\/> &nbsp;&nbsp; Release\\/Discard Date changed  =>  -> 2019-04-06 <br\\/> &nbsp;&nbsp; Release\\/Discard Reason changed  => Dead ->  <br\\/><br\\/> <br\\/> 2019-04-06 16:34:38: by Admin Administrator <br\\/>  &nbsp;&nbsp; Hospital Reference No changed  => 99999 -> 9999 <br\\/> &nbsp;&nbsp; Age changed  => 99 -> 29 <br\\/><br\\/> <br\\/> 2019-04-06 16:36:32: by Admin Administrator <br\\/>  &nbsp;&nbsp; Hospital changed  => 7 -> 4 <br\\/><br\\/>\"}','item_details','2','2019-04-06 16:36:32','ItemDetails','','2','Hospital changed to 7 => 4 <br/>Edited Date changed to 2019-04-06 16:34:38 => 2019-04-06 16:36:32 <br/>Changed Log changed to  <br/> 2019-04-04 15:36:38: by Admin Administrator <br/>  &nbsp;&nbsp; Comments changed  => jbj -> ;lksdf\'pkosfgsadfg[osadff][oisadf[pasoifsa[difsad[foiadfp\'adjkfaD\'SFADFADFAp\'sdjkf <br/><br/> <br/> 2019-04-04 15:36:39: by Admin Administrator <br/> <br/> <br/> 2019-04-04 15:39:51: by Admin Administrator <br/>  &nbsp;&nbsp; Sterilize  Date changed  =>  -> 2019-04-04 <br/><br/> <br/> 2019-04-04 15:40:38: by Admin Administrator <br/>  &nbsp;&nbsp; Order Date changed  =>  -> 2019-04-12 <br/><br/> <br/> 2019-04-06 16:28:37: by Admin Administrator <br/>  &nbsp;&nbsp; Issue Date changed  =>  -> 2019-04-06 <br/><br/> <br/> 2019-04-06 16:28:53: by Admin Administrator <br/>  &nbsp;&nbsp; Issue Date changed  => 2019-04-06 -> 2019-04-06 <br/><br/> <br/> 2019-04-06 16:32:45: by Admin Administrator <br/>  &nbsp;&nbsp; Release/Discard Status changed  => No -> Yes <br/> &nbsp;&nbsp; Release/Discard Date changed  =>  -> 2019-04-06 <br/> &nbsp;&nbsp; Release/Discard Reason changed  => Dead ->  <br/><br/> <br/> 2019-04-06 16:34:38: by Admin Administrator <br/>  &nbsp;&nbsp; Hospital Reference No changed  => 99999 -> 9999 <br/> &nbsp;&nbsp; Age changed  => 99 -> 29 <br/><br/> =>  <br/> 2019-04-04 15:36:38: by Admin Administrator <br/>  &nbsp;&nbsp; Comments changed  => jbj -> ;lksdf\'pkosfgsadfg[osadff][oisadf[pasoifsa[difsad[foiadfp\'adjkfaD\'SFADFADFAp\'sdjkf <br/><br/> <br/> 2019-04-04 15:36:39: by Admin Administrator <br/> <br/> <br/> 2019-04-04 15:39:51: by Admin Administrator <br/>  &nbsp;&nbsp; Sterilize  Date changed  =>  -> 2019-04-04 <br/><br/> <br/> 2019-04-04 15:40:38: by Admin Administrator <br/>  &nbsp;&nbsp; Order Date changed  =>  -> 2019-04-12 <br/><br/> <br/> 2019-04-06 16:28:37: by Admin Administrator <br/>  &nbsp;&nbsp; Issue Date changed  =>  -> 2019-04-06 <br/><br/> <br/> 2019-04-06 16:28:53: by Admin Administrator <br/>  &nbsp;&nbsp; Issue Date changed  => 2019-04-06 -> 2019-04-06 <br/><br/> <br/> 2019-04-06 16:32:45: by Admin Administrator <br/>  &nbsp;&nbsp; Release/Discard Status changed  => No -> Yes <br/> &nbsp;&nbsp; Release/Discard Date changed  =>  -> 2019-04-06 <br/> &nbsp;&nbsp; Release/Discard Reason changed  => Dead ->  <br/><br/> <br/> 2019-04-06 16:34:38: by Admin Administrator <br/>  &nbsp;&nbsp; Hospital Reference No changed  => 99999 -> 9999 <br/> &nbsp;&nbsp; Age changed  => 99 -> 29 <br/><br/> <br/> 2019-04-06 16:36:32: by Admin Administrator <br/>  &nbsp;&nbsp; Hospital changed  => 7 -> 4 <br/><br/> <br/>');
INSERT INTO `change_log` (`Change_ID`,`Record_Data`,`Table_Name`,`Done_By`,`Done_Date`,`Class_Name`,`Restore`,`Type`,`Changes`) VALUES
('108','{\"id\":\"1\",\"username\":\"superAdmin\",\"email\":\"webmaster@example.co\",\"create_at\":\"2019-02-16 12:25:25\",\"lastvisit_at\":\"2019-04-07 10:45:53\",\"superuser\":\"1\",\"status\":\"1\",\"Role_ID\":\"1\",\"password\":\"0192023a7bbd73250516f069df18b500\",\"activkey\":\"c15b2fca6de77e6032c9fb34d53db2d1\"}','tbl_users','1','2019-04-07 10:45:53','User','','2','Last visit changed to 2019-04-01 02:36:07 => 2019-04-07 10:45:53 <br/>');
INSERT INTO `change_log` (`Change_ID`,`Record_Data`,`Table_Name`,`Done_By`,`Done_Date`,`Class_Name`,`Restore`,`Type`,`Changes`) VALUES
('109','{\"id\":\"2\",\"username\":\"admin\",\"email\":\"demo@example.com\",\"create_at\":\"2019-02-16 12:25:25\",\"lastvisit_at\":\"2019-04-08 08:41:16\",\"superuser\":\"0\",\"status\":\"1\",\"Role_ID\":\"2\",\"password\":\"be137a85775380a9ab05ae0d00cca90e\",\"activkey\":\"67392ce422aadb3847eb6fd00febadc1\"}','tbl_users','2','2019-04-08 08:41:16','User','','2','Last visit changed to 2019-04-06 16:19:34 => 2019-04-08 08:41:16 <br/>');
INSERT INTO `change_log` (`Change_ID`,`Record_Data`,`Table_Name`,`Done_By`,`Done_Date`,`Class_Name`,`Restore`,`Type`,`Changes`) VALUES
('110','{\"id\":\"2\",\"username\":\"admin\",\"email\":\"demo@example.com\",\"create_at\":\"2019-02-16 12:25:25\",\"lastvisit_at\":\"2019-04-08 15:23:52\",\"superuser\":\"0\",\"status\":\"1\",\"Role_ID\":\"2\",\"password\":\"be137a85775380a9ab05ae0d00cca90e\",\"activkey\":\"67392ce422aadb3847eb6fd00febadc1\"}','tbl_users','2','2019-04-08 15:23:53','User','','2','Last visit changed to 2019-04-08 08:41:16 => 2019-04-08 15:23:52 <br/>');
INSERT INTO `change_log` (`Change_ID`,`Record_Data`,`Table_Name`,`Done_By`,`Done_Date`,`Class_Name`,`Restore`,`Type`,`Changes`) VALUES
('111','{\"id\":\"2\",\"username\":\"admin\",\"email\":\"demo@example.com\",\"create_at\":\"2019-02-16 12:25:25\",\"lastvisit_at\":\"2019-04-09 10:14:05\",\"superuser\":\"0\",\"status\":\"1\",\"Role_ID\":\"2\",\"password\":\"be137a85775380a9ab05ae0d00cca90e\",\"activkey\":\"67392ce422aadb3847eb6fd00febadc1\"}','tbl_users','2','2019-04-09 10:14:05','User','','2','Last visit changed to 2019-04-08 15:23:52 => 2019-04-09 10:14:05 <br/>');
INSERT INTO `change_log` (`Change_ID`,`Record_Data`,`Table_Name`,`Done_By`,`Done_Date`,`Class_Name`,`Restore`,`Type`,`Changes`) VALUES
('112','{\"id\":\"2\",\"username\":\"admin\",\"email\":\"demo@example.com\",\"create_at\":\"2019-02-16 12:25:25\",\"lastvisit_at\":\"2019-04-09 10:34:17\",\"superuser\":\"0\",\"status\":\"1\",\"Role_ID\":\"2\",\"password\":\"be137a85775380a9ab05ae0d00cca90e\",\"activkey\":\"67392ce422aadb3847eb6fd00febadc1\"}','tbl_users','2','2019-04-09 10:34:17','User','','2','Last visit changed to 2019-04-09 10:14:05 => 2019-04-09 10:34:17 <br/>');
INSERT INTO `change_log` (`Change_ID`,`Record_Data`,`Table_Name`,`Done_By`,`Done_Date`,`Class_Name`,`Restore`,`Type`,`Changes`) VALUES
('113','{\"id\":\"1\",\"username\":\"superAdmin\",\"email\":\"webmaster@example.co\",\"create_at\":\"2019-02-16 12:25:25\",\"lastvisit_at\":\"2019-04-09 10:34:42\",\"superuser\":\"1\",\"status\":\"1\",\"Role_ID\":\"1\",\"password\":\"0192023a7bbd73250516f069df18b500\",\"activkey\":\"c15b2fca6de77e6032c9fb34d53db2d1\"}','tbl_users','1','2019-04-09 10:34:42','User','','2','Last visit changed to 2019-04-07 10:45:53 => 2019-04-09 10:34:42 <br/>');
INSERT INTO `change_log` (`Change_ID`,`Record_Data`,`Table_Name`,`Done_By`,`Done_Date`,`Class_Name`,`Restore`,`Type`,`Changes`) VALUES
('114','{\"id\":\"2\",\"username\":\"admin\",\"email\":\"demo@example.com\",\"create_at\":\"2019-02-16 12:25:25\",\"lastvisit_at\":\"2019-04-09 12:19:38\",\"superuser\":\"0\",\"status\":\"1\",\"Role_ID\":\"2\",\"password\":\"be137a85775380a9ab05ae0d00cca90e\",\"activkey\":\"67392ce422aadb3847eb6fd00febadc1\"}','tbl_users','2','2019-04-09 12:19:38','User','','2','Last visit changed to 2019-04-09 10:34:17 => 2019-04-09 12:19:38 <br/>');
INSERT INTO `change_log` (`Change_ID`,`Record_Data`,`Table_Name`,`Done_By`,`Done_Date`,`Class_Name`,`Restore`,`Type`,`Changes`) VALUES
('115','{\"id\":\"1\",\"username\":\"superAdmin\",\"email\":\"webmaster@example.co\",\"create_at\":\"2019-02-16 12:25:25\",\"lastvisit_at\":\"2019-04-09 12:21:23\",\"superuser\":\"1\",\"status\":\"1\",\"Role_ID\":\"1\",\"password\":\"0192023a7bbd73250516f069df18b500\",\"activkey\":\"c15b2fca6de77e6032c9fb34d53db2d1\"}','tbl_users','1','2019-04-09 12:21:23','User','','2','Last visit changed to 2019-04-09 10:34:42 => 2019-04-09 12:21:23 <br/>');
INSERT INTO `change_log` (`Change_ID`,`Record_Data`,`Table_Name`,`Done_By`,`Done_Date`,`Class_Name`,`Restore`,`Type`,`Changes`) VALUES
('116','{\"id\":\"2\",\"username\":\"admin\",\"email\":\"demo@example.com\",\"create_at\":\"2019-02-16 12:25:25\",\"lastvisit_at\":\"2019-04-09 14:12:19\",\"superuser\":\"0\",\"status\":\"1\",\"Role_ID\":\"2\",\"password\":\"be137a85775380a9ab05ae0d00cca90e\",\"activkey\":\"67392ce422aadb3847eb6fd00febadc1\"}','tbl_users','2','2019-04-09 14:12:19','User','','2','Last visit changed to 2019-04-09 12:19:38 => 2019-04-09 14:12:19 <br/>');
INSERT INTO `change_log` (`Change_ID`,`Record_Data`,`Table_Name`,`Done_By`,`Done_Date`,`Class_Name`,`Restore`,`Type`,`Changes`) VALUES
('117','{\"id\":\"2\",\"username\":\"admin\",\"email\":\"demo@example.com\",\"create_at\":\"2019-02-16 12:25:25\",\"lastvisit_at\":\"2019-04-09 14:49:00\",\"superuser\":\"0\",\"status\":\"1\",\"Role_ID\":\"2\",\"password\":\"be137a85775380a9ab05ae0d00cca90e\",\"activkey\":\"67392ce422aadb3847eb6fd00febadc1\"}','tbl_users','2','2019-04-09 14:49:00','User','','2','Last visit changed to 2019-04-09 14:12:19 => 2019-04-09 14:49:00 <br/>');
INSERT INTO `change_log` (`Change_ID`,`Record_Data`,`Table_Name`,`Done_By`,`Done_Date`,`Class_Name`,`Restore`,`Type`,`Changes`) VALUES
('118','{\"id\":\"1\",\"username\":\"superAdmin\",\"email\":\"webmaster@example.co\",\"create_at\":\"2019-02-16 12:25:25\",\"lastvisit_at\":\"2019-04-09 16:22:10\",\"superuser\":\"1\",\"status\":\"1\",\"Role_ID\":\"1\",\"password\":\"0192023a7bbd73250516f069df18b500\",\"activkey\":\"c15b2fca6de77e6032c9fb34d53db2d1\"}','tbl_users','1','2019-04-09 16:22:10','User','','2','Last visit changed to 2019-04-09 12:21:23 => 2019-04-09 16:22:10 <br/>');
INSERT INTO `change_log` (`Change_ID`,`Record_Data`,`Table_Name`,`Done_By`,`Done_Date`,`Class_Name`,`Restore`,`Type`,`Changes`) VALUES
('119','{\"id\":\"5\",\"username\":\"prabath\",\"email\":\"prabath@eyedonation.lk\",\"create_at\":\"2019-04-09 12:34:53\",\"lastvisit_at\":\"0000-00-00 00:00:00\",\"superuser\":\"0\",\"status\":\"1\",\"Role_ID\":\"3\",\"password\":\"c32265580fbcc9b17d647fce59033f0c\",\"activkey\":\"719a10ac7270c8b515fa7501aa0bb5b4\"}','tbl_users','1','2019-04-09 16:33:18','User','','2','activation key changed to 9b1d38d5d1e5fccff56e3f227c4d7c48 => 719a10ac7270c8b515fa7501aa0bb5b4 <br/>');
INSERT INTO `change_log` (`Change_ID`,`Record_Data`,`Table_Name`,`Done_By`,`Done_Date`,`Class_Name`,`Restore`,`Type`,`Changes`) VALUES
('120','{\"id\":\"5\",\"username\":\"prabath\",\"email\":\"prabath@eyedonation.lk\",\"create_at\":\"2019-04-09 12:34:53\",\"lastvisit_at\":\"2019-04-09 16:34:01\",\"superuser\":\"0\",\"status\":\"1\",\"Role_ID\":\"3\",\"password\":\"c32265580fbcc9b17d647fce59033f0c\",\"activkey\":\"719a10ac7270c8b515fa7501aa0bb5b4\"}','tbl_users','5','2019-04-09 16:34:01','User','','2','Last visit changed to 0000-00-00 00:00:00 => 2019-04-09 16:34:01 <br/>');
INSERT INTO `change_log` (`Change_ID`,`Record_Data`,`Table_Name`,`Done_By`,`Done_Date`,`Class_Name`,`Restore`,`Type`,`Changes`) VALUES
('121','{\"id\":\"1\",\"username\":\"superAdmin\",\"email\":\"webmaster@example.co\",\"create_at\":\"2019-02-16 12:25:25\",\"lastvisit_at\":\"2019-04-09 16:36:22\",\"superuser\":\"1\",\"status\":\"1\",\"Role_ID\":\"1\",\"password\":\"0192023a7bbd73250516f069df18b500\",\"activkey\":\"c15b2fca6de77e6032c9fb34d53db2d1\"}','tbl_users','1','2019-04-09 16:36:22','User','','2','Last visit changed to 2019-04-09 16:22:10 => 2019-04-09 16:36:22 <br/>');
INSERT INTO `change_log` (`Change_ID`,`Record_Data`,`Table_Name`,`Done_By`,`Done_Date`,`Class_Name`,`Restore`,`Type`,`Changes`) VALUES
('122','{\"id\":\"2\",\"username\":\"admin\",\"email\":\"demo@example.com\",\"create_at\":\"2019-02-16 12:25:25\",\"lastvisit_at\":\"2019-04-09 21:03:48\",\"superuser\":\"0\",\"status\":\"1\",\"Role_ID\":\"2\",\"password\":\"be137a85775380a9ab05ae0d00cca90e\",\"activkey\":\"67392ce422aadb3847eb6fd00febadc1\"}','tbl_users','2','2019-04-09 21:03:48','User','','2','Last visit changed to 2019-04-09 14:49:00 => 2019-04-09 21:03:48 <br/>');
INSERT INTO `change_log` (`Change_ID`,`Record_Data`,`Table_Name`,`Done_By`,`Done_Date`,`Class_Name`,`Restore`,`Type`,`Changes`) VALUES
('123','{\"id\":\"6\",\"username\":\"Hemaka\",\"email\":\"lahiru2020@gmail.com\",\"create_at\":\"2019-04-09 16:25:49\",\"lastvisit_at\":\"2019-04-09 21:22:55\",\"superuser\":\"0\",\"status\":\"1\",\"Role_ID\":\"2\",\"password\":\"9272649e1e7b9a610d577efde4429c53\",\"activkey\":\"81bc2a3b15baafec29cdcda3ca97c183\"}','tbl_users','6','2019-04-09 21:22:55','User','','2','Last visit changed to 0000-00-00 00:00:00 => 2019-04-09 21:22:55 <br/>');
INSERT INTO `change_log` (`Change_ID`,`Record_Data`,`Table_Name`,`Done_By`,`Done_Date`,`Class_Name`,`Restore`,`Type`,`Changes`) VALUES
('124','{\"id\":\"5\",\"username\":\"prabath\",\"email\":\"prabath@eyedonation.lk\",\"create_at\":\"2019-04-09 12:34:53\",\"lastvisit_at\":\"2019-04-09 21:23:58\",\"superuser\":\"0\",\"status\":\"1\",\"Role_ID\":\"3\",\"password\":\"c32265580fbcc9b17d647fce59033f0c\",\"activkey\":\"719a10ac7270c8b515fa7501aa0bb5b4\"}','tbl_users','5','2019-04-09 21:23:58','User','','2','Last visit changed to 2019-04-09 16:34:01 => 2019-04-09 21:23:58 <br/>');
INSERT INTO `change_log` (`Change_ID`,`Record_Data`,`Table_Name`,`Done_By`,`Done_Date`,`Class_Name`,`Restore`,`Type`,`Changes`) VALUES
('125','{\"id\":\"7\",\"username\":\"Jayasooriya\",\"email\":\"prabath2020@gmail.com\",\"create_at\":\"2019-04-09 16:29:26\",\"lastvisit_at\":\"2019-04-09 21:24:32\",\"superuser\":\"0\",\"status\":\"1\",\"Role_ID\":\"3\",\"password\":\"d42a4e729a0568442ba13371052e18a2\",\"activkey\":\"bd12e422a1bf7eed15eb4d6c53a9c62f\"}','tbl_users','7','2019-04-09 21:24:32','User','','2','Last visit changed to 0000-00-00 00:00:00 => 2019-04-09 21:24:32 <br/>');
INSERT INTO `change_log` (`Change_ID`,`Record_Data`,`Table_Name`,`Done_By`,`Done_Date`,`Class_Name`,`Restore`,`Type`,`Changes`) VALUES
('126','{\"id\":\"8\",\"username\":\"Weerasinghe\",\"email\":\"Weerasinghe2020@gmail.com\",\"create_at\":\"2019-04-09 16:31:52\",\"lastvisit_at\":\"2019-04-09 21:25:08\",\"superuser\":\"0\",\"status\":\"1\",\"Role_ID\":\"3\",\"password\":\"1520c1a1eff26f293cd201a67c61c6c2\",\"activkey\":\"85d829153cd6eafa33d7d082ea5cf078\"}','tbl_users','8','2019-04-09 21:25:08','User','','2','Last visit changed to 0000-00-00 00:00:00 => 2019-04-09 21:25:08 <br/>');
INSERT INTO `change_log` (`Change_ID`,`Record_Data`,`Table_Name`,`Done_By`,`Done_Date`,`Class_Name`,`Restore`,`Type`,`Changes`) VALUES
('127','{\"id\":\"6\",\"username\":\"Hemaka\",\"email\":\"lahiru2020@gmail.com\",\"create_at\":\"2019-04-09 16:25:49\",\"lastvisit_at\":\"2019-04-09 21:25:58\",\"superuser\":\"0\",\"status\":\"1\",\"Role_ID\":\"2\",\"password\":\"9272649e1e7b9a610d577efde4429c53\",\"activkey\":\"81bc2a3b15baafec29cdcda3ca97c183\"}','tbl_users','6','2019-04-09 21:25:58','User','','2','Last visit changed to 2019-04-09 21:22:55 => 2019-04-09 21:25:58 <br/>');
INSERT INTO `change_log` (`Change_ID`,`Record_Data`,`Table_Name`,`Done_By`,`Done_Date`,`Class_Name`,`Restore`,`Type`,`Changes`) VALUES
('128','{\"id\":\"5\",\"username\":\"prabath\",\"email\":\"prabath@eyedonation.lk\",\"create_at\":\"2019-04-09 12:34:53\",\"lastvisit_at\":\"2019-04-10 09:41:37\",\"superuser\":\"0\",\"status\":\"1\",\"Role_ID\":\"3\",\"password\":\"c32265580fbcc9b17d647fce59033f0c\",\"activkey\":\"719a10ac7270c8b515fa7501aa0bb5b4\"}','tbl_users','5','2019-04-10 09:41:37','User','','2','Last visit changed to 2019-04-09 21:23:58 => 2019-04-10 09:41:37 <br/>');
INSERT INTO `change_log` (`Change_ID`,`Record_Data`,`Table_Name`,`Done_By`,`Done_Date`,`Class_Name`,`Restore`,`Type`,`Changes`) VALUES
('129','{\"id\":\"5\",\"username\":\"prabath\",\"email\":\"prabath@eyedonation.lk\",\"create_at\":\"2019-04-09 12:34:53\",\"lastvisit_at\":\"2019-04-10 09:46:51\",\"superuser\":\"0\",\"status\":\"1\",\"Role_ID\":\"3\",\"password\":\"c32265580fbcc9b17d647fce59033f0c\",\"activkey\":\"719a10ac7270c8b515fa7501aa0bb5b4\"}','tbl_users','5','2019-04-10 09:46:51','User','','2','Last visit changed to 2019-04-10 09:41:37 => 2019-04-10 09:46:51 <br/>');
INSERT INTO `change_log` (`Change_ID`,`Record_Data`,`Table_Name`,`Done_By`,`Done_Date`,`Class_Name`,`Restore`,`Type`,`Changes`) VALUES
('130','{\"id\":\"2\",\"username\":\"admin\",\"email\":\"demo@example.com\",\"create_at\":\"2019-02-16 12:25:25\",\"lastvisit_at\":\"2019-04-10 11:00:32\",\"superuser\":\"0\",\"status\":\"1\",\"Role_ID\":\"2\",\"password\":\"be137a85775380a9ab05ae0d00cca90e\",\"activkey\":\"67392ce422aadb3847eb6fd00febadc1\"}','tbl_users','2','2019-04-10 11:00:32','User','','2','Last visit changed to 2019-04-09 21:03:48 => 2019-04-10 11:00:32 <br/>');
INSERT INTO `change_log` (`Change_ID`,`Record_Data`,`Table_Name`,`Done_By`,`Done_Date`,`Class_Name`,`Restore`,`Type`,`Changes`) VALUES
('131','{\"id\":\"6\",\"username\":\"Hemaka\",\"email\":\"lahiru2020@gmail.com\",\"create_at\":\"2019-04-09 16:25:49\",\"lastvisit_at\":\"2019-04-10 11:08:56\",\"superuser\":\"0\",\"status\":\"1\",\"Role_ID\":\"2\",\"password\":\"9272649e1e7b9a610d577efde4429c53\",\"activkey\":\"81bc2a3b15baafec29cdcda3ca97c183\"}','tbl_users','6','2019-04-10 11:08:56','User','','2','Last visit changed to 2019-04-09 21:25:58 => 2019-04-10 11:08:56 <br/>');
INSERT INTO `change_log` (`Change_ID`,`Record_Data`,`Table_Name`,`Done_By`,`Done_Date`,`Class_Name`,`Restore`,`Type`,`Changes`) VALUES
('132','{\"id\":\"2\",\"username\":\"admin\",\"email\":\"demo@example.com\",\"create_at\":\"2019-02-16 12:25:25\",\"lastvisit_at\":\"2019-04-10 11:51:35\",\"superuser\":\"0\",\"status\":\"1\",\"Role_ID\":\"2\",\"password\":\"be137a85775380a9ab05ae0d00cca90e\",\"activkey\":\"67392ce422aadb3847eb6fd00febadc1\"}','tbl_users','2','2019-04-10 11:51:35','User','','2','Last visit changed to 2019-04-10 11:00:32 => 2019-04-10 11:51:35 <br/>');
INSERT INTO `change_log` (`Change_ID`,`Record_Data`,`Table_Name`,`Done_By`,`Done_Date`,`Class_Name`,`Restore`,`Type`,`Changes`) VALUES
('133','{\"id\":\"1\",\"username\":\"superAdmin\",\"email\":\"webmaster@example.co\",\"create_at\":\"2019-02-16 12:25:25\",\"lastvisit_at\":\"2019-04-10 12:53:57\",\"superuser\":\"1\",\"status\":\"1\",\"Role_ID\":\"1\",\"password\":\"0192023a7bbd73250516f069df18b500\",\"activkey\":\"c15b2fca6de77e6032c9fb34d53db2d1\"}','tbl_users','1','2019-04-10 12:53:57','User','','2','Last visit changed to 2019-04-09 16:36:22 => 2019-04-10 12:53:57 <br/>');
INSERT INTO `change_log` (`Change_ID`,`Record_Data`,`Table_Name`,`Done_By`,`Done_Date`,`Class_Name`,`Restore`,`Type`,`Changes`) VALUES
('134','{\"id\":\"8\",\"username\":\"Weerasinghe\",\"email\":\"Weerasinghe2020@gmail.com\",\"create_at\":\"2019-04-09 16:31:52\",\"lastvisit_at\":\"2019-04-10 12:55:32\",\"superuser\":\"0\",\"status\":\"1\",\"Role_ID\":\"3\",\"password\":\"1520c1a1eff26f293cd201a67c61c6c2\",\"activkey\":\"85d829153cd6eafa33d7d082ea5cf078\"}','tbl_users','8','2019-04-10 12:55:32','User','','2','Last visit changed to 2019-04-09 21:25:08 => 2019-04-10 12:55:32 <br/>');
INSERT INTO `change_log` (`Change_ID`,`Record_Data`,`Table_Name`,`Done_By`,`Done_Date`,`Class_Name`,`Restore`,`Type`,`Changes`) VALUES
('135','{\"id\":\"8\",\"username\":\"Weerasinghe\",\"email\":\"Weerasinghe2020@gmail.com\",\"create_at\":\"2019-04-09 16:31:52\",\"lastvisit_at\":\"2019-04-10 15:25:14\",\"superuser\":\"0\",\"status\":\"1\",\"Role_ID\":\"3\",\"password\":\"1520c1a1eff26f293cd201a67c61c6c2\",\"activkey\":\"85d829153cd6eafa33d7d082ea5cf078\"}','tbl_users','8','2019-04-10 15:25:14','User','','2','Last visit changed to 2019-04-10 12:55:32 => 2019-04-10 15:25:14 <br/>');
INSERT INTO `change_log` (`Change_ID`,`Record_Data`,`Table_Name`,`Done_By`,`Done_Date`,`Class_Name`,`Restore`,`Type`,`Changes`) VALUES
('136','{\"id\":\"7\",\"username\":\"Jayasooriya\",\"email\":\"prabath2020@gmail.com\",\"create_at\":\"2019-04-09 16:29:26\",\"lastvisit_at\":\"2019-04-10 15:28:49\",\"superuser\":\"0\",\"status\":\"1\",\"Role_ID\":\"3\",\"password\":\"d42a4e729a0568442ba13371052e18a2\",\"activkey\":\"bd12e422a1bf7eed15eb4d6c53a9c62f\"}','tbl_users','7','2019-04-10 15:28:49','User','','2','Last visit changed to 2019-04-09 21:24:32 => 2019-04-10 15:28:49 <br/>');
INSERT INTO `change_log` (`Change_ID`,`Record_Data`,`Table_Name`,`Done_By`,`Done_Date`,`Class_Name`,`Restore`,`Type`,`Changes`) VALUES
('137','{\"id\":\"6\",\"username\":\"Hemaka\",\"email\":\"lahiru2020@gmail.com\",\"create_at\":\"2019-04-09 16:25:49\",\"lastvisit_at\":\"2019-04-10 16:22:46\",\"superuser\":\"0\",\"status\":\"1\",\"Role_ID\":\"2\",\"password\":\"9272649e1e7b9a610d577efde4429c53\",\"activkey\":\"81bc2a3b15baafec29cdcda3ca97c183\"}','tbl_users','6','2019-04-10 16:22:46','User','','2','Last visit changed to 2019-04-10 11:08:56 => 2019-04-10 16:22:46 <br/>');
INSERT INTO `change_log` (`Change_ID`,`Record_Data`,`Table_Name`,`Done_By`,`Done_Date`,`Class_Name`,`Restore`,`Type`,`Changes`) VALUES
('138','{\"Hospital_ID\":\"1\",\"Hospital_Name\":\"A National Hospital of Sri Lanka\",\"Short_Name\":\"NHSL\",\"Added_By\":\"1\",\"Added_Date\":\"2019-02-27 13:33:00\",\"Edited_By\":\"6\",\"Edited_Date\":\"2019-04-10 16:57:06\"}','ma_hospital','6','2019-04-10 16:57:06','MaHospital','','2','Hospital Name changed to National Hospital of Sri Lanka => A National Hospital of Sri Lanka <br/>Edited By changed to 2 => 6 <br/>Edited Date changed to 2019-03-26 02:45:36 => 2019-04-10 16:57:06 <br/>');
INSERT INTO `change_log` (`Change_ID`,`Record_Data`,`Table_Name`,`Done_By`,`Done_Date`,`Class_Name`,`Restore`,`Type`,`Changes`) VALUES
('139','{\"id\":\"2\",\"username\":\"admin\",\"email\":\"demo@example.com\",\"create_at\":\"2019-02-16 12:25:25\",\"lastvisit_at\":\"2019-04-11 12:36:51\",\"superuser\":\"0\",\"status\":\"1\",\"Role_ID\":\"2\",\"password\":\"be137a85775380a9ab05ae0d00cca90e\",\"activkey\":\"67392ce422aadb3847eb6fd00febadc1\"}','tbl_users','2','2019-04-11 12:36:51','User','','2','Last visit changed to 2019-04-10 11:51:35 => 2019-04-11 12:36:51 <br/>');
INSERT INTO `change_log` (`Change_ID`,`Record_Data`,`Table_Name`,`Done_By`,`Done_Date`,`Class_Name`,`Restore`,`Type`,`Changes`) VALUES
('140','{\"id\":\"1\",\"username\":\"superAdmin\",\"email\":\"webmaster@example.co\",\"create_at\":\"2019-02-16 12:25:25\",\"lastvisit_at\":\"2019-04-11 12:37:45\",\"superuser\":\"1\",\"status\":\"1\",\"Role_ID\":\"1\",\"password\":\"0192023a7bbd73250516f069df18b500\",\"activkey\":\"c15b2fca6de77e6032c9fb34d53db2d1\"}','tbl_users','1','2019-04-11 12:37:45','User','','2','Last visit changed to 2019-04-10 12:53:57 => 2019-04-11 12:37:45 <br/>');
INSERT INTO `change_log` (`Change_ID`,`Record_Data`,`Table_Name`,`Done_By`,`Done_Date`,`Class_Name`,`Restore`,`Type`,`Changes`) VALUES
('141','{\"id\":\"7\",\"username\":\"Jayasooriya\",\"email\":\"prabath2020@gmail.com\",\"create_at\":\"2019-04-09 16:29:26\",\"lastvisit_at\":\"2019-04-11 15:37:45\",\"superuser\":\"0\",\"status\":\"1\",\"Role_ID\":\"3\",\"password\":\"d42a4e729a0568442ba13371052e18a2\",\"activkey\":\"bd12e422a1bf7eed15eb4d6c53a9c62f\"}','tbl_users','7','2019-04-11 15:37:45','User','','2','Last visit changed to 2019-04-10 15:28:49 => 2019-04-11 15:37:45 <br/>');
INSERT INTO `change_log` (`Change_ID`,`Record_Data`,`Table_Name`,`Done_By`,`Done_Date`,`Class_Name`,`Restore`,`Type`,`Changes`) VALUES
('142','{\"id\":\"6\",\"username\":\"Hemaka\",\"email\":\"lahiru2020@gmail.com\",\"create_at\":\"2019-04-09 16:25:49\",\"lastvisit_at\":\"2019-04-12 08:58:30\",\"superuser\":\"0\",\"status\":\"1\",\"Role_ID\":\"2\",\"password\":\"9272649e1e7b9a610d577efde4429c53\",\"activkey\":\"81bc2a3b15baafec29cdcda3ca97c183\"}','tbl_users','6','2019-04-12 08:58:30','User','','2','Last visit changed to 2019-04-10 16:22:46 => 2019-04-12 08:58:30 <br/>');
INSERT INTO `change_log` (`Change_ID`,`Record_Data`,`Table_Name`,`Done_By`,`Done_Date`,`Class_Name`,`Restore`,`Type`,`Changes`) VALUES
('143','{\"id\":\"6\",\"username\":\"Hemaka\",\"email\":\"lahiru2020@gmail.com\",\"create_at\":\"2019-04-09 16:25:49\",\"lastvisit_at\":\"2019-04-13 08:38:52\",\"superuser\":\"0\",\"status\":\"1\",\"Role_ID\":\"2\",\"password\":\"9272649e1e7b9a610d577efde4429c53\",\"activkey\":\"81bc2a3b15baafec29cdcda3ca97c183\"}','tbl_users','6','2019-04-13 08:38:52','User','','2','Last visit changed to 2019-04-12 08:58:30 => 2019-04-13 08:38:52 <br/>');
INSERT INTO `change_log` (`Change_ID`,`Record_Data`,`Table_Name`,`Done_By`,`Done_Date`,`Class_Name`,`Restore`,`Type`,`Changes`) VALUES
('144','{\"id\":\"6\",\"username\":\"Hemaka\",\"email\":\"lahiru2020@gmail.com\",\"create_at\":\"2019-04-09 16:25:49\",\"lastvisit_at\":\"2019-04-13 08:52:46\",\"superuser\":\"0\",\"status\":\"1\",\"Role_ID\":\"2\",\"password\":\"9272649e1e7b9a610d577efde4429c53\",\"activkey\":\"81bc2a3b15baafec29cdcda3ca97c183\"}','tbl_users','6','2019-04-13 08:52:46','User','','2','Last visit changed to 2019-04-13 08:38:52 => 2019-04-13 08:52:46 <br/>');
INSERT INTO `change_log` (`Change_ID`,`Record_Data`,`Table_Name`,`Done_By`,`Done_Date`,`Class_Name`,`Restore`,`Type`,`Changes`) VALUES
('145','{\"id\":\"2\",\"username\":\"admin\",\"email\":\"demo@example.com\",\"create_at\":\"2019-02-16 12:25:25\",\"lastvisit_at\":\"2019-04-14 23:04:10\",\"superuser\":\"0\",\"status\":\"1\",\"Role_ID\":\"2\",\"password\":\"be137a85775380a9ab05ae0d00cca90e\",\"activkey\":\"67392ce422aadb3847eb6fd00febadc1\"}','tbl_users','2','2019-04-14 23:04:10','User','','2','Last visit changed to 2019-04-11 12:36:51 => 2019-04-14 23:04:10 <br/>');
INSERT INTO `change_log` (`Change_ID`,`Record_Data`,`Table_Name`,`Done_By`,`Done_Date`,`Class_Name`,`Restore`,`Type`,`Changes`) VALUES
('146','{\"id\":\"6\",\"username\":\"Hemaka\",\"email\":\"lahiru2020@gmail.com\",\"create_at\":\"2019-04-09 16:25:49\",\"lastvisit_at\":\"2019-04-15 12:10:10\",\"superuser\":\"0\",\"status\":\"1\",\"Role_ID\":\"2\",\"password\":\"9272649e1e7b9a610d577efde4429c53\",\"activkey\":\"81bc2a3b15baafec29cdcda3ca97c183\"}','tbl_users','6','2019-04-15 12:10:10','User','','2','Last visit changed to 2019-04-13 08:52:46 => 2019-04-15 12:10:10 <br/>');
INSERT INTO `change_log` (`Change_ID`,`Record_Data`,`Table_Name`,`Done_By`,`Done_Date`,`Class_Name`,`Restore`,`Type`,`Changes`) VALUES
('147','{\"id\":\"6\",\"username\":\"Hemaka\",\"email\":\"lahiru2020@gmail.com\",\"create_at\":\"2019-04-09 16:25:49\",\"lastvisit_at\":\"2019-04-17 10:58:55\",\"superuser\":\"0\",\"status\":\"1\",\"Role_ID\":\"2\",\"password\":\"9272649e1e7b9a610d577efde4429c53\",\"activkey\":\"81bc2a3b15baafec29cdcda3ca97c183\"}','tbl_users','6','2019-04-17 10:58:55','User','','2','Last visit changed to 2019-04-15 12:10:10 => 2019-04-17 10:58:55 <br/>');
INSERT INTO `change_log` (`Change_ID`,`Record_Data`,`Table_Name`,`Done_By`,`Done_Date`,`Class_Name`,`Restore`,`Type`,`Changes`) VALUES
('148','{\"id\":\"8\",\"username\":\"Weerasinghe\",\"email\":\"Weerasinghe2020@gmail.com\",\"create_at\":\"2019-04-09 16:31:52\",\"lastvisit_at\":\"2019-04-17 11:13:50\",\"superuser\":\"0\",\"status\":\"1\",\"Role_ID\":\"3\",\"password\":\"1520c1a1eff26f293cd201a67c61c6c2\",\"activkey\":\"85d829153cd6eafa33d7d082ea5cf078\"}','tbl_users','8','2019-04-17 11:13:50','User','','2','Last visit changed to 2019-04-10 15:25:14 => 2019-04-17 11:13:50 <br/>');
INSERT INTO `change_log` (`Change_ID`,`Record_Data`,`Table_Name`,`Done_By`,`Done_Date`,`Class_Name`,`Restore`,`Type`,`Changes`) VALUES
('149','{\"id\":\"2\",\"username\":\"admin\",\"email\":\"demo@example.com\",\"create_at\":\"2019-02-16 12:25:25\",\"lastvisit_at\":\"2019-04-17 12:06:32\",\"superuser\":\"0\",\"status\":\"1\",\"Role_ID\":\"2\",\"password\":\"be137a85775380a9ab05ae0d00cca90e\",\"activkey\":\"67392ce422aadb3847eb6fd00febadc1\"}','tbl_users','2','2019-04-17 12:06:32','User','','2','Last visit changed to 2019-04-14 23:04:10 => 2019-04-17 12:06:32 <br/>');
INSERT INTO `change_log` (`Change_ID`,`Record_Data`,`Table_Name`,`Done_By`,`Done_Date`,`Class_Name`,`Restore`,`Type`,`Changes`) VALUES
('150','{\"id\":\"6\",\"username\":\"Hemaka\",\"email\":\"lahiru2020@gmail.com\",\"create_at\":\"2019-04-09 16:25:49\",\"lastvisit_at\":\"2019-04-17 12:35:11\",\"superuser\":\"0\",\"status\":\"1\",\"Role_ID\":\"2\",\"password\":\"9272649e1e7b9a610d577efde4429c53\",\"activkey\":\"81bc2a3b15baafec29cdcda3ca97c183\"}','tbl_users','6','2019-04-17 12:35:11','User','','2','Last visit changed to 2019-04-17 10:58:55 => 2019-04-17 12:35:11 <br/>');
INSERT INTO `change_log` (`Change_ID`,`Record_Data`,`Table_Name`,`Done_By`,`Done_Date`,`Class_Name`,`Restore`,`Type`,`Changes`) VALUES
('151','{\"id\":\"6\",\"username\":\"Hemaka\",\"email\":\"lahiru2020@gmail.com\",\"create_at\":\"2019-04-09 16:25:49\",\"lastvisit_at\":\"2019-04-17 12:47:24\",\"superuser\":\"0\",\"status\":\"1\",\"Role_ID\":\"2\",\"password\":\"9272649e1e7b9a610d577efde4429c53\",\"activkey\":\"81bc2a3b15baafec29cdcda3ca97c183\"}','tbl_users','6','2019-04-17 12:47:24','User','','2','Last visit changed to 2019-04-17 12:35:11 => 2019-04-17 12:47:24 <br/>');
INSERT INTO `change_log` (`Change_ID`,`Record_Data`,`Table_Name`,`Done_By`,`Done_Date`,`Class_Name`,`Restore`,`Type`,`Changes`) VALUES
('152','{\"id\":\"6\",\"username\":\"Hemaka\",\"email\":\"lahiru2020@gmail.com\",\"create_at\":\"2019-04-09 16:25:49\",\"lastvisit_at\":\"2019-04-17 13:03:44\",\"superuser\":\"0\",\"status\":\"1\",\"Role_ID\":\"2\",\"password\":\"9272649e1e7b9a610d577efde4429c53\",\"activkey\":\"81bc2a3b15baafec29cdcda3ca97c183\"}','tbl_users','6','2019-04-17 13:03:44','User','','2','Last visit changed to 2019-04-17 12:47:24 => 2019-04-17 13:03:44 <br/>');
INSERT INTO `change_log` (`Change_ID`,`Record_Data`,`Table_Name`,`Done_By`,`Done_Date`,`Class_Name`,`Restore`,`Type`,`Changes`) VALUES
('153','{\"id\":\"6\",\"username\":\"Hemaka\",\"email\":\"lahiru2020@gmail.com\",\"create_at\":\"2019-04-09 16:25:49\",\"lastvisit_at\":\"2019-04-17 14:24:33\",\"superuser\":\"0\",\"status\":\"1\",\"Role_ID\":\"2\",\"password\":\"9272649e1e7b9a610d577efde4429c53\",\"activkey\":\"81bc2a3b15baafec29cdcda3ca97c183\"}','tbl_users','6','2019-04-17 14:24:33','User','','2','Last visit changed to 2019-04-17 13:03:44 => 2019-04-17 14:24:33 <br/>');
INSERT INTO `change_log` (`Change_ID`,`Record_Data`,`Table_Name`,`Done_By`,`Done_Date`,`Class_Name`,`Restore`,`Type`,`Changes`) VALUES
('154','{\"id\":\"6\",\"username\":\"Hemaka\",\"email\":\"lahiru2020@gmail.com\",\"create_at\":\"2019-04-09 16:25:49\",\"lastvisit_at\":\"2019-04-17 14:47:39\",\"superuser\":\"0\",\"status\":\"1\",\"Role_ID\":\"2\",\"password\":\"9272649e1e7b9a610d577efde4429c53\",\"activkey\":\"81bc2a3b15baafec29cdcda3ca97c183\"}','tbl_users','6','2019-04-17 14:47:39','User','','2','Last visit changed to 2019-04-17 14:24:33 => 2019-04-17 14:47:39 <br/>');
INSERT INTO `change_log` (`Change_ID`,`Record_Data`,`Table_Name`,`Done_By`,`Done_Date`,`Class_Name`,`Restore`,`Type`,`Changes`) VALUES
('155','{\"id\":\"6\",\"username\":\"Hemaka\",\"email\":\"lahiru2020@gmail.com\",\"create_at\":\"2019-04-09 16:25:49\",\"lastvisit_at\":\"2019-04-17 14:54:55\",\"superuser\":\"0\",\"status\":\"1\",\"Role_ID\":\"2\",\"password\":\"9272649e1e7b9a610d577efde4429c53\",\"activkey\":\"81bc2a3b15baafec29cdcda3ca97c183\"}','tbl_users','6','2019-04-17 14:54:55','User','','2','Last visit changed to 2019-04-17 14:47:39 => 2019-04-17 14:54:55 <br/>');
INSERT INTO `change_log` (`Change_ID`,`Record_Data`,`Table_Name`,`Done_By`,`Done_Date`,`Class_Name`,`Restore`,`Type`,`Changes`) VALUES
('156','{\"id\":\"2\",\"username\":\"admin\",\"email\":\"demo@example.com\",\"create_at\":\"2019-02-16 12:25:25\",\"lastvisit_at\":\"2019-04-18 10:05:49\",\"superuser\":\"0\",\"status\":\"1\",\"Role_ID\":\"2\",\"password\":\"be137a85775380a9ab05ae0d00cca90e\",\"activkey\":\"67392ce422aadb3847eb6fd00febadc1\"}','tbl_users','2','2019-04-18 10:05:49','User','','2','Last visit changed to 2019-04-17 12:06:32 => 2019-04-18 10:05:49 <br/>');
INSERT INTO `change_log` (`Change_ID`,`Record_Data`,`Table_Name`,`Done_By`,`Done_Date`,`Class_Name`,`Restore`,`Type`,`Changes`) VALUES
('157','{\"id\":\"6\",\"username\":\"Hemaka\",\"email\":\"lahiru2020@gmail.com\",\"create_at\":\"2019-04-09 16:25:49\",\"lastvisit_at\":\"2019-04-18 11:38:55\",\"superuser\":\"0\",\"status\":\"1\",\"Role_ID\":\"2\",\"password\":\"9272649e1e7b9a610d577efde4429c53\",\"activkey\":\"81bc2a3b15baafec29cdcda3ca97c183\"}','tbl_users','6','2019-04-18 11:38:55','User','','2','Last visit changed to 2019-04-17 14:54:55 => 2019-04-18 11:38:55 <br/>');
INSERT INTO `change_log` (`Change_ID`,`Record_Data`,`Table_Name`,`Done_By`,`Done_Date`,`Class_Name`,`Restore`,`Type`,`Changes`) VALUES
('158','{\"id\":\"2\",\"username\":\"admin\",\"email\":\"demo@example.com\",\"create_at\":\"2019-02-16 12:25:25\",\"lastvisit_at\":\"2019-04-18 12:00:32\",\"superuser\":\"0\",\"status\":\"1\",\"Role_ID\":\"2\",\"password\":\"be137a85775380a9ab05ae0d00cca90e\",\"activkey\":\"67392ce422aadb3847eb6fd00febadc1\"}','tbl_users','2','2019-04-18 12:00:32','User','','2','Last visit changed to 2019-04-18 10:05:49 => 2019-04-18 12:00:32 <br/>');
INSERT INTO `change_log` (`Change_ID`,`Record_Data`,`Table_Name`,`Done_By`,`Done_Date`,`Class_Name`,`Restore`,`Type`,`Changes`) VALUES
('159','{\"id\":\"6\",\"username\":\"Hemaka\",\"email\":\"lahiru2020@gmail.com\",\"create_at\":\"2019-04-09 16:25:49\",\"lastvisit_at\":\"2019-04-18 13:13:37\",\"superuser\":\"0\",\"status\":\"1\",\"Role_ID\":\"2\",\"password\":\"9272649e1e7b9a610d577efde4429c53\",\"activkey\":\"81bc2a3b15baafec29cdcda3ca97c183\"}','tbl_users','6','2019-04-18 13:13:37','User','','2','Last visit changed to 2019-04-18 11:38:55 => 2019-04-18 13:13:37 <br/>');
INSERT INTO `change_log` (`Change_ID`,`Record_Data`,`Table_Name`,`Done_By`,`Done_Date`,`Class_Name`,`Restore`,`Type`,`Changes`) VALUES
('160','{\"Item_ID\":\"4\",\"Reference_No\":\"2004\",\"System_Ref_No\":\"2004\",\"Patient_Name\":\"Mr. Sanjeewa Kumara\",\"Received_Date\":\"2019-04-18\",\"BHT_No\":\"S\\/010006\",\"Age\":\"44\",\"First_Surgery_Date\":\"2019-04-15\",\"Sterilized_Status\":\"0\",\"Sterilize_Date\":null,\"Hospital_ID\":\"1\",\"Ward\":\"ICU 2\",\"Guardian_Name\":\"Mr. H.M. Jagath Dinuka\",\"Guardian_NIC\":\"198035304080\",\"Address\":\"No. 9 Boyar Road, Diyathalawa\",\"Received_By\":\"6\",\"Mobile_No\":\"0772564319\",\"Land_Phone_No\":\"0754853494\",\"Comments\":\"Fell down from the roof\",\"Item_Status\":\"1\",\"Ordered_Status\":\"0\",\"Ordered_Date\":null,\"Issued_Status\":\"0\",\"Issue_Date\":null,\"Issue_Remark\":null,\"Release_Status\":\"0\",\"Release_Reason_ID\":null,\"Release_Date\":null,\"Renew_Status\":null,\"Renew_Date\":null,\"Added_By\":\"6\",\"Added_Date\":\"2019-04-18 13:18:14\",\"Edited_By\":\"6\",\"Edited_Date\":\"2019-04-18 13:19:25\",\"Changed_Log\":\" <br\\/> 2019-04-18 13:19:25: by Hemaka De Mel <br\\/> <br\\/>\"}','item_details','6','2019-04-18 13:19:25','ItemDetails','','2','Edited By changed to  => 6 <br/>Edited Date changed to  => 2019-04-18 13:19:25 <br/>Changed Log changed to  =>  <br/> 2019-04-18 13:19:25: by Hemaka De Mel <br/> <br/> <br/>');
INSERT INTO `change_log` (`Change_ID`,`Record_Data`,`Table_Name`,`Done_By`,`Done_Date`,`Class_Name`,`Restore`,`Type`,`Changes`) VALUES
('161','{\"id\":\"6\",\"username\":\"Hemaka\",\"email\":\"lahiru2020@gmail.com\",\"create_at\":\"2019-04-09 16:25:49\",\"lastvisit_at\":\"2019-04-18 13:57:10\",\"superuser\":\"0\",\"status\":\"1\",\"Role_ID\":\"2\",\"password\":\"9272649e1e7b9a610d577efde4429c53\",\"activkey\":\"81bc2a3b15baafec29cdcda3ca97c183\"}','tbl_users','6','2019-04-18 13:57:10','User','','2','Last visit changed to 2019-04-18 13:13:37 => 2019-04-18 13:57:10 <br/>');
INSERT INTO `change_log` (`Change_ID`,`Record_Data`,`Table_Name`,`Done_By`,`Done_Date`,`Class_Name`,`Restore`,`Type`,`Changes`) VALUES
('162','{\"id\":\"2\",\"username\":\"admin\",\"email\":\"demo@example.com\",\"create_at\":\"2019-02-16 12:25:25\",\"lastvisit_at\":\"2019-04-18 14:46:54\",\"superuser\":\"0\",\"status\":\"1\",\"Role_ID\":\"2\",\"password\":\"be137a85775380a9ab05ae0d00cca90e\",\"activkey\":\"67392ce422aadb3847eb6fd00febadc1\"}','tbl_users','2','2019-04-18 14:46:54','User','','2','Last visit changed to 2019-04-18 12:00:32 => 2019-04-18 14:46:54 <br/>');
INSERT INTO `change_log` (`Change_ID`,`Record_Data`,`Table_Name`,`Done_By`,`Done_Date`,`Class_Name`,`Restore`,`Type`,`Changes`) VALUES
('163','{\"id\":\"2\",\"username\":\"admin\",\"email\":\"demo@example.com\",\"create_at\":\"2019-02-16 12:25:25\",\"lastvisit_at\":\"2019-04-21 20:12:42\",\"superuser\":\"0\",\"status\":\"1\",\"Role_ID\":\"2\",\"password\":\"be137a85775380a9ab05ae0d00cca90e\",\"activkey\":\"67392ce422aadb3847eb6fd00febadc1\"}','tbl_users','2','2019-04-21 20:12:42','User','','2','Last visit changed to 2019-04-18 14:46:54 => 2019-04-21 20:12:42 <br/>');
INSERT INTO `change_log` (`Change_ID`,`Record_Data`,`Table_Name`,`Done_By`,`Done_Date`,`Class_Name`,`Restore`,`Type`,`Changes`) VALUES
('164','{\"id\":\"1\",\"username\":\"superAdmin\",\"email\":\"webmaster@example.co\",\"create_at\":\"2019-02-16 12:25:25\",\"lastvisit_at\":\"2019-04-21 20:14:33\",\"superuser\":\"1\",\"status\":\"1\",\"Role_ID\":\"1\",\"password\":\"0192023a7bbd73250516f069df18b500\",\"activkey\":\"c15b2fca6de77e6032c9fb34d53db2d1\"}','tbl_users','1','2019-04-21 20:14:33','User','','2','Last visit changed to 2019-04-11 12:37:45 => 2019-04-21 20:14:33 <br/>');



-- -------------------------------------------
-- TABLE DATA item_details
-- -------------------------------------------
INSERT INTO `item_details` (`Item_ID`,`Reference_No`,`System_Ref_No`,`Patient_Name`,`Received_Date`,`BHT_No`,`Age`,`First_Surgery_Date`,`Sterilized_Status`,`Sterilize_Date`,`Hospital_ID`,`Ward`,`Guardian_Name`,`Guardian_NIC`,`Address`,`Received_By`,`Mobile_No`,`Land_Phone_No`,`Comments`,`Item_Status`,`Ordered_Status`,`Ordered_Date`,`Issued_Status`,`Issue_Date`,`Issue_Remark`,`Release_Status`,`Release_Reason_ID`,`Release_Date`,`Renew_Status`,`Renew_Date`,`Added_By`,`Added_Date`,`Edited_By`,`Edited_Date`,`Changed_Log`) VALUES
('1','2003','2001','Mr. W.P. A. Ninanda','2019-04-17','S/009942/19','35','2019-04-15','0','','1','ASICU 1','Mrs. R. P. Shashika Madushani Rajapaksha','877290794V','158/1 Debahera Nittambuwa','6','0762317030','0773736764','Criminal incident ','1','0','','0','','','0','','','','','6','2019-04-17 11:05:12','','','');
INSERT INTO `item_details` (`Item_ID`,`Reference_No`,`System_Ref_No`,`Patient_Name`,`Received_Date`,`BHT_No`,`Age`,`First_Surgery_Date`,`Sterilized_Status`,`Sterilize_Date`,`Hospital_ID`,`Ward`,`Guardian_Name`,`Guardian_NIC`,`Address`,`Received_By`,`Mobile_No`,`Land_Phone_No`,`Comments`,`Item_Status`,`Ordered_Status`,`Ordered_Date`,`Issued_Status`,`Issue_Date`,`Issue_Remark`,`Release_Status`,`Release_Reason_ID`,`Release_Date`,`Renew_Status`,`Renew_Date`,`Added_By`,`Added_Date`,`Edited_By`,`Edited_Date`,`Changed_Log`) VALUES
('2','2005','2002','Mr. N. Weliwitigoda','2019-04-17','068926/19','66','2019-04-16','0','','1','79','Mr. Udana Weliwitigoda','951520276V','No. 271 /5, Polhena Road, Walpola Ragama','6','0711491573','0112249658','','1','0','','0','','','0','','','','','6','2019-04-17 14:29:06','','','');
INSERT INTO `item_details` (`Item_ID`,`Reference_No`,`System_Ref_No`,`Patient_Name`,`Received_Date`,`BHT_No`,`Age`,`First_Surgery_Date`,`Sterilized_Status`,`Sterilize_Date`,`Hospital_ID`,`Ward`,`Guardian_Name`,`Guardian_NIC`,`Address`,`Received_By`,`Mobile_No`,`Land_Phone_No`,`Comments`,`Item_Status`,`Ordered_Status`,`Ordered_Date`,`Issued_Status`,`Issue_Date`,`Issue_Remark`,`Release_Status`,`Release_Reason_ID`,`Release_Date`,`Renew_Status`,`Renew_Date`,`Added_By`,`Added_Date`,`Edited_By`,`Edited_Date`,`Changed_Log`) VALUES
('3','2006','2003','Mr. A. Y. Premaratne','2019-04-18','S/010089/19','38','2019-04-17','0','','1','ETU','Mrs. Chamila Dilrukshi','858311390V','Dewala Para, Yakdehiwaththa, Niwithigala','6','0719572559','0705543424','Criminal Incident  ','1','0','','0','','','0','','','','','6','2019-04-18 11:49:12','','','');
INSERT INTO `item_details` (`Item_ID`,`Reference_No`,`System_Ref_No`,`Patient_Name`,`Received_Date`,`BHT_No`,`Age`,`First_Surgery_Date`,`Sterilized_Status`,`Sterilize_Date`,`Hospital_ID`,`Ward`,`Guardian_Name`,`Guardian_NIC`,`Address`,`Received_By`,`Mobile_No`,`Land_Phone_No`,`Comments`,`Item_Status`,`Ordered_Status`,`Ordered_Date`,`Issued_Status`,`Issue_Date`,`Issue_Remark`,`Release_Status`,`Release_Reason_ID`,`Release_Date`,`Renew_Status`,`Renew_Date`,`Added_By`,`Added_Date`,`Edited_By`,`Edited_Date`,`Changed_Log`) VALUES
('4','2004','2004','Mr. Sanjeewa Kumara','2019-04-18','S/010006','44','2019-04-15','0','','1','ICU 2','Mr. H.M. Jagath Dinuka','198035304080','No. 9 Boyar Road, Diyathalawa','6','0772564319','0754853494','Fell down from the roof','1','0','','0','','','0','','','','','6','2019-04-18 13:18:14','6','2019-04-18 13:19:25',' <br/> 2019-04-18 13:19:25: by Hemaka De Mel <br/> <br/>');



-- -------------------------------------------
-- TABLE DATA item_payments
-- -------------------------------------------
INSERT INTO `item_payments` (`Item_ID`,`Status_ID`,`Date`,`Amount`,`Receipt_No`,`Added_By`,`Added_Date`) VALUES
('1','1','2019-04-17','1000.00','','6','2019-04-17 11:05:12');
INSERT INTO `item_payments` (`Item_ID`,`Status_ID`,`Date`,`Amount`,`Receipt_No`,`Added_By`,`Added_Date`) VALUES
('2','1','2019-04-17','1000.00','','6','2019-04-17 14:29:06');
INSERT INTO `item_payments` (`Item_ID`,`Status_ID`,`Date`,`Amount`,`Receipt_No`,`Added_By`,`Added_Date`) VALUES
('4','1','2019-04-18','1000.00','','6','2019-04-18 13:19:25');



-- -------------------------------------------
-- TABLE DATA ma_hospital
-- -------------------------------------------
INSERT INTO `ma_hospital` (`Hospital_ID`,`Hospital_Name`,`Short_Name`,`Added_By`,`Added_Date`,`Edited_By`,`Edited_Date`) VALUES
('1','A National Hospital of Sri Lanka','NHSL','1','2019-02-27 13:33:00','6','2019-04-10 16:57:06');
INSERT INTO `ma_hospital` (`Hospital_ID`,`Hospital_Name`,`Short_Name`,`Added_By`,`Added_Date`,`Edited_By`,`Edited_Date`) VALUES
('2','Anuradhapura Hospital','Anuradhapura ','1','2019-02-27 13:34:00','','');
INSERT INTO `ma_hospital` (`Hospital_ID`,`Hospital_Name`,`Short_Name`,`Added_By`,`Added_Date`,`Edited_By`,`Edited_Date`) VALUES
('3','Badulla Hospital','Badulla','1','2019-02-27 13:37:00','1','2019-03-25 10:14:10');
INSERT INTO `ma_hospital` (`Hospital_ID`,`Hospital_Name`,`Short_Name`,`Added_By`,`Added_Date`,`Edited_By`,`Edited_Date`) VALUES
('4','Sri Jayawardanapura General Hospital','Jayawardanapura ','2','2019-03-25 06:08:58','2','2019-03-25 06:09:21');
INSERT INTO `ma_hospital` (`Hospital_ID`,`Hospital_Name`,`Short_Name`,`Added_By`,`Added_Date`,`Edited_By`,`Edited_Date`) VALUES
('5','Jaffna Teaching Hospital','Jaffna','2','2019-03-25 23:48:06','','');
INSERT INTO `ma_hospital` (`Hospital_ID`,`Hospital_Name`,`Short_Name`,`Added_By`,`Added_Date`,`Edited_By`,`Edited_Date`) VALUES
('6','Lanka Hospital Colombo 5','Lanka Hospital','2','2019-03-25 23:49:29','','');
INSERT INTO `ma_hospital` (`Hospital_ID`,`Hospital_Name`,`Short_Name`,`Added_By`,`Added_Date`,`Edited_By`,`Edited_Date`) VALUES
('7','Kurunegala Teaching Hospital','Kurunegala T.H','2','2019-03-29 02:33:07','','');
INSERT INTO `ma_hospital` (`Hospital_ID`,`Hospital_Name`,`Short_Name`,`Added_By`,`Added_Date`,`Edited_By`,`Edited_Date`) VALUES
('8','Kalubowila Teaching Hospital','Kalubowila','6','2019-04-10 16:54:39','','');
INSERT INTO `ma_hospital` (`Hospital_ID`,`Hospital_Name`,`Short_Name`,`Added_By`,`Added_Date`,`Edited_By`,`Edited_Date`) VALUES
('9','Kalutara Nagoda Hospital','Kalutara','6','2019-04-10 16:55:42','','');



-- -------------------------------------------
-- TABLE DATA ma_params
-- -------------------------------------------
INSERT INTO `ma_params` (`Parameter_ID`,`Parameter`,`Editable`,`Has_Multi`) VALUES
('1','Company Name','0','0');
INSERT INTO `ma_params` (`Parameter_ID`,`Parameter`,`Editable`,`Has_Multi`) VALUES
('2','Company Address','0','0');
INSERT INTO `ma_params` (`Parameter_ID`,`Parameter`,`Editable`,`Has_Multi`) VALUES
('3','Phone and Fax','1','0');
INSERT INTO `ma_params` (`Parameter_ID`,`Parameter`,`Editable`,`Has_Multi`) VALUES
('4','Emergency Phone','1','0');
INSERT INTO `ma_params` (`Parameter_ID`,`Parameter`,`Editable`,`Has_Multi`) VALUES
('5','Working Hours','1','0');
INSERT INTO `ma_params` (`Parameter_ID`,`Parameter`,`Editable`,`Has_Multi`) VALUES
('6','Senior Manager','1','0');
INSERT INTO `ma_params` (`Parameter_ID`,`Parameter`,`Editable`,`Has_Multi`) VALUES
('7','Receiving Fee','1','0');
INSERT INTO `ma_params` (`Parameter_ID`,`Parameter`,`Editable`,`Has_Multi`) VALUES
('8','Extension Fee','1','0');
INSERT INTO `ma_params` (`Parameter_ID`,`Parameter`,`Editable`,`Has_Multi`) VALUES
('9','Issuing Fee','1','0');
INSERT INTO `ma_params` (`Parameter_ID`,`Parameter`,`Editable`,`Has_Multi`) VALUES
('10','Mobitel No','1','0');
INSERT INTO `ma_params` (`Parameter_ID`,`Parameter`,`Editable`,`Has_Multi`) VALUES
('11','Accounts Department Email','0','0');
INSERT INTO `ma_params` (`Parameter_ID`,`Parameter`,`Editable`,`Has_Multi`) VALUES
('12','Ref No Starts From','0','0');



-- -------------------------------------------
-- TABLE DATA ma_params_details
-- -------------------------------------------
INSERT INTO `ma_params_details` (`Param_Details_ID`,`Param_ID`,`Value`) VALUES
('1','1','Sri Lanka Human Tissue Bank');
INSERT INTO `ma_params_details` (`Param_Details_ID`,`Param_ID`,`Value`) VALUES
('2','2','Sri Lanka Eye Donation Society, Vidya Mawatha, Colombo 7');
INSERT INTO `ma_params_details` (`Param_Details_ID`,`Param_ID`,`Value`) VALUES
('3','3','011-2696109');
INSERT INTO `ma_params_details` (`Param_Details_ID`,`Param_ID`,`Value`) VALUES
('4','4','011-2692051');
INSERT INTO `ma_params_details` (`Param_Details_ID`,`Param_ID`,`Value`) VALUES
('5','4','011-2698040');
INSERT INTO `ma_params_details` (`Param_Details_ID`,`Param_ID`,`Value`) VALUES
('6','5','9.00 - 16.00');
INSERT INTO `ma_params_details` (`Param_Details_ID`,`Param_ID`,`Value`) VALUES
('7','6','හේමක ද මෙල්');
INSERT INTO `ma_params_details` (`Param_Details_ID`,`Param_ID`,`Value`) VALUES
('8','6','ටී. බී. ප්‍රභාත්');
INSERT INTO `ma_params_details` (`Param_Details_ID`,`Param_ID`,`Value`) VALUES
('9','7','1000');
INSERT INTO `ma_params_details` (`Param_Details_ID`,`Param_ID`,`Value`) VALUES
('10','8','1000');
INSERT INTO `ma_params_details` (`Param_Details_ID`,`Param_ID`,`Value`) VALUES
('11','9','3000');
INSERT INTO `ma_params_details` (`Param_Details_ID`,`Param_ID`,`Value`) VALUES
('12','12','2001');
INSERT INTO `ma_params_details` (`Param_Details_ID`,`Param_ID`,`Value`) VALUES
('13','4','011-2698041');
INSERT INTO `ma_params_details` (`Param_Details_ID`,`Param_ID`,`Value`) VALUES
('14','4','011-2698043');



-- -------------------------------------------
-- TABLE DATA ma_release_reason
-- -------------------------------------------
INSERT INTO `ma_release_reason` (`Reason_ID`,`Release_Reason`,`Type`) VALUES
('1','Legal Case','Release');
INSERT INTO `ma_release_reason` (`Reason_ID`,`Release_Reason`,`Type`) VALUES
('2','Urgent Matter','Release');
INSERT INTO `ma_release_reason` (`Reason_ID`,`Release_Reason`,`Type`) VALUES
('3','Not Available','Discard');
INSERT INTO `ma_release_reason` (`Reason_ID`,`Release_Reason`,`Type`) VALUES
('4','Not Available','Discard');
INSERT INTO `ma_release_reason` (`Reason_ID`,`Release_Reason`,`Type`) VALUES
('5','Dead','Discard');



-- -------------------------------------------
-- TABLE DATA ma_role
-- -------------------------------------------
INSERT INTO `ma_role` (`Role_ID`,`Role`,`Added_By`,`Added_Date`,`Edited_By`,`Edited_Date`,`Change_Log`) VALUES
('1','SuperAdmin','1','2019-02-17 07:38:00','','','');
INSERT INTO `ma_role` (`Role_ID`,`Role`,`Added_By`,`Added_Date`,`Edited_By`,`Edited_Date`,`Change_Log`) VALUES
('2','Admin','1','2019-03-25 08:23:00','','','');
INSERT INTO `ma_role` (`Role_ID`,`Role`,`Added_By`,`Added_Date`,`Edited_By`,`Edited_Date`,`Change_Log`) VALUES
('3','User','1','2019-03-25 11:28:00','','','');



-- -------------------------------------------
-- TABLE DATA ma_status
-- -------------------------------------------
INSERT INTO `ma_status` (`Status_ID`,`Status`,`Has_Payment`,`Display_Order`) VALUES
('1','Received','7','1');
INSERT INTO `ma_status` (`Status_ID`,`Status`,`Has_Payment`,`Display_Order`) VALUES
('2','Renew - First','8','4');
INSERT INTO `ma_status` (`Status_ID`,`Status`,`Has_Payment`,`Display_Order`) VALUES
('3','Renew - Second','8','5');
INSERT INTO `ma_status` (`Status_ID`,`Status`,`Has_Payment`,`Display_Order`) VALUES
('4','Issue','9','9');
INSERT INTO `ma_status` (`Status_ID`,`Status`,`Has_Payment`,`Display_Order`) VALUES
('5','Ordered','0','2');
INSERT INTO `ma_status` (`Status_ID`,`Status`,`Has_Payment`,`Display_Order`) VALUES
('6','Sterilized','0','3');
INSERT INTO `ma_status` (`Status_ID`,`Status`,`Has_Payment`,`Display_Order`) VALUES
('7','Release/Discard','0','10');
INSERT INTO `ma_status` (`Status_ID`,`Status`,`Has_Payment`,`Display_Order`) VALUES
('8','Renew - Third','8','6');
INSERT INTO `ma_status` (`Status_ID`,`Status`,`Has_Payment`,`Display_Order`) VALUES
('9','Renew - Fourth','8','7');
INSERT INTO `ma_status` (`Status_ID`,`Status`,`Has_Payment`,`Display_Order`) VALUES
('10','Renew - Fifth','8','8');



-- -------------------------------------------
-- TABLE DATA tbl_profiles
-- -------------------------------------------
INSERT INTO `tbl_profiles` (`user_id`,`last_name`,`first_name`) VALUES
('1','Administrator','Super Admin');
INSERT INTO `tbl_profiles` (`user_id`,`last_name`,`first_name`) VALUES
('2','Administrator','Admin');
INSERT INTO `tbl_profiles` (`user_id`,`last_name`,`first_name`) VALUES
('3','Sampath','Lahiru');
INSERT INTO `tbl_profiles` (`user_id`,`last_name`,`first_name`) VALUES
('4','Sampath','Lahiru');
INSERT INTO `tbl_profiles` (`user_id`,`last_name`,`first_name`) VALUES
('5','Prabath','T.B.');
INSERT INTO `tbl_profiles` (`user_id`,`last_name`,`first_name`) VALUES
('6','De Mel','Hemaka');
INSERT INTO `tbl_profiles` (`user_id`,`last_name`,`first_name`) VALUES
('7','Jayasooriya','Jayasooriya');
INSERT INTO `tbl_profiles` (`user_id`,`last_name`,`first_name`) VALUES
('8','Weerasooriya','Weerasooriya');



-- -------------------------------------------
-- TABLE DATA tbl_profiles_fields
-- -------------------------------------------
INSERT INTO `tbl_profiles_fields` (`id`,`varname`,`title`,`field_type`,`field_size`,`field_size_min`,`required`,`match`,`range`,`error_message`,`other_validator`,`default`,`widget`,`widgetparams`,`position`,`visible`) VALUES
('1','last_name','Last Name','VARCHAR','50','3','1','','','Incorrect Last Name (length between 3 and 50 characters).','','','','','1','3');
INSERT INTO `tbl_profiles_fields` (`id`,`varname`,`title`,`field_type`,`field_size`,`field_size_min`,`required`,`match`,`range`,`error_message`,`other_validator`,`default`,`widget`,`widgetparams`,`position`,`visible`) VALUES
('2','first_name','First Name','VARCHAR','50','3','1','','','Incorrect First Name (length between 3 and 50 characters).','','','','','0','3');



-- -------------------------------------------
-- TABLE DATA tbl_users
-- -------------------------------------------
INSERT INTO `tbl_users` (`id`,`username`,`password`,`email`,`activkey`,`create_at`,`lastvisit_at`,`superuser`,`status`,`Role_ID`) VALUES
('1','superAdmin','0192023a7bbd73250516f069df18b500','webmaster@example.co','c15b2fca6de77e6032c9fb34d53db2d1','2019-02-16 12:25:25','2019-04-21 20:14:33','1','1','1');
INSERT INTO `tbl_users` (`id`,`username`,`password`,`email`,`activkey`,`create_at`,`lastvisit_at`,`superuser`,`status`,`Role_ID`) VALUES
('2','admin','be137a85775380a9ab05ae0d00cca90e','demo@example.com','67392ce422aadb3847eb6fd00febadc1','2019-02-16 12:25:25','2019-04-21 20:12:42','0','1','2');
INSERT INTO `tbl_users` (`id`,`username`,`password`,`email`,`activkey`,`create_at`,`lastvisit_at`,`superuser`,`status`,`Role_ID`) VALUES
('3','lahiru','2619ebb53f52d3a7b93bab08a93d1228','elilfer@yahoo.com','c0ebf25a5a6e200f94111ea694a4478b','2019-03-07 07:44:46','0000-00-00 00:00:00','0','0','3');
INSERT INTO `tbl_users` (`id`,`username`,`password`,`email`,`activkey`,`create_at`,`lastvisit_at`,`superuser`,`status`,`Role_ID`) VALUES
('4','sampath','c19a9475b9074c31d6e071a9f4222fe6','sampath@gmail.com','fc58a31c8c32271741825a36577d74d7','2019-03-10 17:30:48','2019-03-10 23:58:51','0','1','3');
INSERT INTO `tbl_users` (`id`,`username`,`password`,`email`,`activkey`,`create_at`,`lastvisit_at`,`superuser`,`status`,`Role_ID`) VALUES
('5','prabath','c32265580fbcc9b17d647fce59033f0c','prabath@eyedonation.lk','719a10ac7270c8b515fa7501aa0bb5b4','2019-04-09 12:34:53','2019-04-10 09:46:51','0','1','3');
INSERT INTO `tbl_users` (`id`,`username`,`password`,`email`,`activkey`,`create_at`,`lastvisit_at`,`superuser`,`status`,`Role_ID`) VALUES
('6','Hemaka','9272649e1e7b9a610d577efde4429c53','lahiru2020@gmail.com','81bc2a3b15baafec29cdcda3ca97c183','2019-04-09 16:25:49','2019-04-18 13:57:10','0','1','2');
INSERT INTO `tbl_users` (`id`,`username`,`password`,`email`,`activkey`,`create_at`,`lastvisit_at`,`superuser`,`status`,`Role_ID`) VALUES
('7','Jayasooriya','d42a4e729a0568442ba13371052e18a2','prabath2020@gmail.com','bd12e422a1bf7eed15eb4d6c53a9c62f','2019-04-09 16:29:26','2019-04-11 15:37:45','0','1','3');
INSERT INTO `tbl_users` (`id`,`username`,`password`,`email`,`activkey`,`create_at`,`lastvisit_at`,`superuser`,`status`,`Role_ID`) VALUES
('8','Weerasinghe','1520c1a1eff26f293cd201a67c61c6c2','Weerasinghe2020@gmail.com','85d829153cd6eafa33d7d082ea5cf078','2019-04-09 16:31:52','2019-04-17 11:13:50','0','1','3');



-- -------------------------------------------
COMMIT;
-- -------------------------------------------
-- -------------------------------------------
-- END BACKUP
-- -------------------------------------------
